{"id":2194,"date":"2021-03-30T16:19:47","date_gmt":"2021-03-30T14:19:47","guid":{"rendered":"http:\/\/dhr.se\/ale\/?page_id=2194"},"modified":"2021-03-30T16:19:53","modified_gmt":"2021-03-30T14:19:53","slug":"andra-nyttiga-lankar","status":"publish","type":"page","link":"https:\/\/dhr.se\/ale\/lankar\/andra-nyttiga-lankar\/","title":{"rendered":"Andra nyttiga l\u00e4nkar"},"content":{"rendered":"<section class=\"block-simple-text\">\n    <div class=\"main\">\n        <div class=\"main-inner\">\n            <div class=\"ingress text-darker\"><p><a href=\"http:\/\/www.mobilitetscenter.se\/\" target=\"_blank\" rel=\"noopener noreferrer\"><br \/>\nMobilitetscenter i G\u00f6teborg<br \/>\n<\/a>(En mycket bra sida g\u00e4llande fr\u00e5gor om bilk\u00f6rning och funktionshinder &#8211; bilanpassning, k\u00f6rkortsmedicinska utredningar, trafiks\u00e4kerhet och mobilitet)<\/p>\n<p><a href=\"http:\/\/www.lassekoop.se\/\" target=\"_blank\" rel=\"noopener noreferrer\">LaSSe Brukarst\u00f6dcenter<\/a><br \/>\n(arbetar med r\u00e5dgivning till personer med fysiska funktionsneds\u00e4ttningar och flerfunktionsneds\u00e4ttningar bist\u00e5 med \u00e4r st\u00f6d vid ans\u00f6kningar, kontakter med myndigheter eller assistansutf\u00f6rare)<\/p>\n<p><a href=\"http:\/\/www.lexsign.se\/\" target=\"_blank\" rel=\"noopener noreferrer\">Lex Sign<\/a><br \/>\n(erbjuder produkter och tj\u00e4nster f\u00f6r skyltning, orientering och v\u00e4gvisning som \u00e4r tillg\u00e4nglig f\u00f6r personer med olika funktionsneds\u00e4ttningar)<\/p>\n<p><a href=\"http:\/\/mauritzbergkultur.wordpress.com\/\" target=\"_blank\" rel=\"noopener noreferrer\">Kultur p\u00e5 Mauritzberg<\/a><br \/>\n(Familjen Dahlb\u00e4ck arrangerar olika musik och kulturarrangemang i Mauritzberg i H\u00e5landa)<\/p>\n<p><a href=\"http:\/\/www.ale.se\/\" target=\"_blank\" rel=\"noopener noreferrer\">Ale Kommun<\/a><\/p>\n<p><a href=\"http:\/\/www.alekuriren.se\/\" target=\"_blank\" rel=\"noopener noreferrer\">Alekuriren<\/a><\/p>\n<p><a href=\"http:\/\/www.vintersol.com\/\" target=\"_blank\" rel=\"noopener noreferrer\">Vintersol<\/a><br \/>\n(Rehabilitering p\u00e5 Teneriffa)<\/p>\n<p><a href=\"http:\/\/www.primed.se\/\" target=\"_blank\" rel=\"noopener noreferrer\">MOTOmed r\u00f6relseterapi\u00a0<\/a><br \/>\n(Arm och\/eller bencykel)<\/p>\n<p><a href=\"http:\/\/www.decon.se\/\" target=\"_blank\" rel=\"noopener noreferrer\">Decon<\/a><\/p>\n<p><a href=\"http:\/\/www.panthera.se\/\" target=\"_blank\" rel=\"noopener noreferrer\">Panthera rullstolar<\/a><\/p>\n<p><a href=\"http:\/\/www.sunrisemedical.se\/\" target=\"_blank\" rel=\"noopener noreferrer\">Quickie rullstolar<\/a><\/p>\n<p><a href=\"http:\/\/www.swedavia.se\/\" target=\"_blank\" rel=\"noopener noreferrer\">Swedavia<\/a><br \/>\n(Information hur man kan resa med flyg om du har s\u00e4rskilda behov)<\/p>\n<p><a href=\"http:\/\/www.lofric.se\/\" target=\"_blank\" rel=\"noopener noreferrer\">Lofric<\/a><br \/>\n(tappningskatetrar)<\/p>\n<p><a href=\"http:\/\/www.furuboda.org\/\" target=\"_blank\" rel=\"noopener noreferrer\">Furuboda<\/a><\/p>\n<p><a href=\"http:\/\/www.ottobock.se\/\" target=\"_blank\" rel=\"noopener noreferrer\">Otto Bock<\/a><br \/>\n(Olika hj\u00e4lpmedel: rullstolar, rollatorer etc.)<\/p>\n<p><a href=\"http:\/\/www.etacbutiken.se\/\" target=\"_blank\" rel=\"noopener noreferrer\">Etacbutiken<\/a><br \/>\n(smarta produkter f\u00f6r dig som beh\u00f6ver lite extra st\u00f6d och hj\u00e4lp i vardagen: allt fr\u00e5n hj\u00e4lpmedel i k\u00f6ket till tr\u00e4ningsredskap tills\u00e4kerhetsl\u00f6sningar vid brand och mycket, mycket annat)<\/p>\n<p><a href=\"http:\/\/www.movewalk.se\/\" target=\"_blank\" rel=\"noopener noreferrer\">Move &amp; Walk<\/a><br \/>\n(Intensivtr\u00e4ning f\u00f6r barn och vuxna med neurologiska funktionshinder, samt assistans)<\/p>\n<p><a href=\"http:\/\/www.salubrious.se\/\" target=\"_blank\" rel=\"noopener noreferrer\">Salubrious<\/a><br \/>\n(Rullstolsdynor)<\/p>\n<p><a href=\"http:\/\/www.hacorollen.se\/\" target=\"_blank\" rel=\"noopener noreferrer\">Hacorollen<\/a><br \/>\n(Hjul och rehabprodukter)<\/p>\n<p><a href=\"http:\/\/www.workforyou.se\/\" target=\"_blank\" rel=\"noopener noreferrer\">Work for you<\/a><br \/>\n(Arbetsf\u00f6rmedling)<\/p>\n<p><a href=\"http:\/\/www.kaorehab.com\/\" target=\"_blank\" rel=\"noopener noreferrer\">KAO Rehab<\/a><br \/>\n(V\u00e4rmehj\u00e4lpmedel, s\u00e5 som handskar, sockor m.m.)<\/p>\n<p><a href=\"http:\/\/www.invacare.se\/\" target=\"_blank\" rel=\"noopener noreferrer\">Invacare<\/a><br \/>\nOlika hj\u00e4lpmedel, Top End Sportrullstolar)<\/p>\n<p><a href=\"http:\/\/www.swereco.se\/\" target=\"_blank\" rel=\"noopener noreferrer\">Swereco<\/a><br \/>\n(olika hj\u00e4lpmedelsl\u00f6sningar)<\/p>\n<p><a href=\"http:\/\/www.fotalvan.se\" target=\"_blank\" rel=\"noopener noreferrer\">Fot\u00e4lvan<\/a><br \/>\n(Fotv\u00e5rd i \u00c4lv\u00e4ngen)<\/p>\n<p><a href=\"http:\/\/www.mfd.se\/\" target=\"_blank\" rel=\"noopener noreferrer\">Myndigheten f\u00f6r delaktighet<\/a><\/p>\n<p>&nbsp;<\/p>\n<\/div>\n            <div class=\"content\"><\/div>\n        <\/div>\n    <\/div>\n<\/section>\n\n\n<p><\/p>\n","protected":false},"excerpt":{"rendered":"","protected":false},"author":43,"featured_media":0,"parent":2156,"menu_order":0,"comment_status":"closed","ping_status":"closed","template":"template-side-menu.php","meta":{"_acf_changed":false,"_monsterinsights_skip_tracking":false,"_monsterinsights_sitenote_active":false,"_monsterinsights_sitenote_note":"","_monsterinsights_sitenote_category":0,"footnotes":""},"class_list":["post-2194","page","type-page","status-publish","hentry"],"acf":[],"yoast_head":"<!-- This site is optimized with the Yoast SEO plugin v27.2 - https:\/\/yoast.com\/product\/yoast-seo-wordpress\/ -->\n<title>Andra nyttiga l\u00e4nkar - DHR - Ale<\/title>\n<meta name=\"robots\" content=\"index, follow, max-snippet:-1, max-image-preview:large, max-video-preview:-1\" \/>\n<link rel=\"canonical\" href=\"https:\/\/dhr.se\/ale\/lankar\/andra-nyttiga-lankar\/\" \/>\n<meta property=\"og:locale\" content=\"sv_SE\" \/>\n<meta property=\"og:type\" content=\"article\" \/>\n<meta property=\"og:title\" content=\"Andra nyttiga l\u00e4nkar - DHR - Ale\" \/>\n<meta property=\"og:url\" content=\"https:\/\/dhr.se\/ale\/lankar\/andra-nyttiga-lankar\/\" \/>\n<meta property=\"og:site_name\" content=\"DHR - Ale\" \/>\n<meta property=\"article:modified_time\" content=\"2021-03-30T14:19:53+00:00\" \/>\n<meta name=\"twitter:card\" content=\"summary_large_image\" \/>\n<script type=\"application\/ld+json\" class=\"yoast-schema-graph\">{\"@context\":\"https:\/\/schema.org\",\"@graph\":[{\"@type\":\"WebPage\",\"@id\":\"https:\/\/dhr.se\/ale\/lankar\/andra-nyttiga-lankar\/\",\"url\":\"https:\/\/dhr.se\/ale\/lankar\/andra-nyttiga-lankar\/\",\"name\":\"Andra nyttiga l\u00e4nkar - DHR - Ale\",\"isPartOf\":{\"@id\":\"https:\/\/dhr.se\/ale\/#website\"},\"datePublished\":\"2021-03-30T14:19:47+00:00\",\"dateModified\":\"2021-03-30T14:19:53+00:00\",\"breadcrumb\":{\"@id\":\"https:\/\/dhr.se\/ale\/lankar\/andra-nyttiga-lankar\/#breadcrumb\"},\"inLanguage\":\"sv-SE\",\"potentialAction\":[{\"@type\":\"ReadAction\",\"target\":[\"https:\/\/dhr.se\/ale\/lankar\/andra-nyttiga-lankar\/\"]}]},{\"@type\":\"BreadcrumbList\",\"@id\":\"https:\/\/dhr.se\/ale\/lankar\/andra-nyttiga-lankar\/#breadcrumb\",\"itemListElement\":[{\"@type\":\"ListItem\",\"position\":1,\"name\":\"Hem\",\"item\":\"https:\/\/dhr.se\/ale\/\"},{\"@type\":\"ListItem\",\"position\":2,\"name\":\"L\u00e4nkar\",\"item\":\"https:\/\/dhr.se\/ale\/lankar\/\"},{\"@type\":\"ListItem\",\"position\":3,\"name\":\"Andra nyttiga l\u00e4nkar\"}]},{\"@type\":\"WebSite\",\"@id\":\"https:\/\/dhr.se\/ale\/#website\",\"url\":\"https:\/\/dhr.se\/ale\/\",\"name\":\"DHR - Ale\",\"description\":\"Delaktighet, r\u00f6relsefrihet och handlingskraft\",\"potentialAction\":[{\"@type\":\"SearchAction\",\"target\":{\"@type\":\"EntryPoint\",\"urlTemplate\":\"https:\/\/dhr.se\/ale\/?s={search_term_string}\"},\"query-input\":{\"@type\":\"PropertyValueSpecification\",\"valueRequired\":true,\"valueName\":\"search_term_string\"}}],\"inLanguage\":\"sv-SE\"}]}<\/script>\n<!-- \/ Yoast SEO plugin. -->","yoast_head_json":{"title":"Andra nyttiga l\u00e4nkar - DHR - Ale","robots":{"index":"index","follow":"follow","max-snippet":"max-snippet:-1","max-image-preview":"max-image-preview:large","max-video-preview":"max-video-preview:-1"},"canonical":"https:\/\/dhr.se\/ale\/lankar\/andra-nyttiga-lankar\/","og_locale":"sv_SE","og_type":"article","og_title":"Andra nyttiga l\u00e4nkar - DHR - Ale","og_url":"https:\/\/dhr.se\/ale\/lankar\/andra-nyttiga-lankar\/","og_site_name":"DHR - Ale","article_modified_time":"2021-03-30T14:19:53+00:00","twitter_card":"summary_large_image","schema":{"@context":"https:\/\/schema.org","@graph":[{"@type":"WebPage","@id":"https:\/\/dhr.se\/ale\/lankar\/andra-nyttiga-lankar\/","url":"https:\/\/dhr.se\/ale\/lankar\/andra-nyttiga-lankar\/","name":"Andra nyttiga l\u00e4nkar - DHR - Ale","isPartOf":{"@id":"https:\/\/dhr.se\/ale\/#website"},"datePublished":"2021-03-30T14:19:47+00:00","dateModified":"2021-03-30T14:19:53+00:00","breadcrumb":{"@id":"https:\/\/dhr.se\/ale\/lankar\/andra-nyttiga-lankar\/#breadcrumb"},"inLanguage":"sv-SE","potentialAction":[{"@type":"ReadAction","target":["https:\/\/dhr.se\/ale\/lankar\/andra-nyttiga-lankar\/"]}]},{"@type":"BreadcrumbList","@id":"https:\/\/dhr.se\/ale\/lankar\/andra-nyttiga-lankar\/#breadcrumb","itemListElement":[{"@type":"ListItem","position":1,"name":"Hem","item":"https:\/\/dhr.se\/ale\/"},{"@type":"ListItem","position":2,"name":"L\u00e4nkar","item":"https:\/\/dhr.se\/ale\/lankar\/"},{"@type":"ListItem","position":3,"name":"Andra nyttiga l\u00e4nkar"}]},{"@type":"WebSite","@id":"https:\/\/dhr.se\/ale\/#website","url":"https:\/\/dhr.se\/ale\/","name":"DHR - Ale","description":"Delaktighet, r\u00f6relsefrihet och handlingskraft","potentialAction":[{"@type":"SearchAction","target":{"@type":"EntryPoint","urlTemplate":"https:\/\/dhr.se\/ale\/?s={search_term_string}"},"query-input":{"@type":"PropertyValueSpecification","valueRequired":true,"valueName":"search_term_string"}}],"inLanguage":"sv-SE"}]}},"publishpress_future_action":{"enabled":false,"date":"2026-04-27 18:08:17","action":"change-status","newStatus":"draft","terms":[],"taxonomy":"translation_priority","extraData":[]},"publishpress_future_workflow_manual_trigger":{"enabledWorkflows":[]},"_links":{"self":[{"href":"https:\/\/dhr.se\/ale\/wp-json\/wp\/v2\/pages\/2194","targetHints":{"allow":["GET"]}}],"collection":[{"href":"https:\/\/dhr.se\/ale\/wp-json\/wp\/v2\/pages"}],"about":[{"href":"https:\/\/dhr.se\/ale\/wp-json\/wp\/v2\/types\/page"}],"author":[{"embeddable":true,"href":"https:\/\/dhr.se\/ale\/wp-json\/wp\/v2\/users\/43"}],"replies":[{"embeddable":true,"href":"https:\/\/dhr.se\/ale\/wp-json\/wp\/v2\/comments?post=2194"}],"version-history":[{"count":0,"href":"https:\/\/dhr.se\/ale\/wp-json\/wp\/v2\/pages\/2194\/revisions"}],"up":[{"embeddable":true,"href":"https:\/\/dhr.se\/ale\/wp-json\/wp\/v2\/pages\/2156"}],"wp:attachment":[{"href":"https:\/\/dhr.se\/ale\/wp-json\/wp\/v2\/media?parent=2194"}],"curies":[{"name":"wp","href":"https:\/\/api.w.org\/{rel}","templated":true}]}}