{"id":2208,"date":"2021-03-30T16:49:07","date_gmt":"2021-03-30T14:49:07","guid":{"rendered":"http:\/\/dhr.se\/ale\/?page_id=2208"},"modified":"2021-04-09T14:19:29","modified_gmt":"2021-04-09T12:19:29","slug":"ansvarsomraden","status":"publish","type":"page","link":"https:\/\/dhr.se\/ale\/om-dhr-ale\/ansvarsomraden\/","title":{"rendered":"Ansvarsomr\u00e5den"},"content":{"rendered":"\n<div class=\"wp-block-group\"><div class=\"wp-block-group__inner-container is-layout-flow wp-block-group-is-layout-flow\"><section class=\"block-simple-text\">\n    <div class=\"main\">\n        <div class=\"main-inner\">\n            <div class=\"ingress text-darker\"><p>&nbsp;<\/p>\n<p><a class=\"thumbnail\" href=\"http:\/\/dhr.se\/ale\/wp-content\/uploads\/sites\/18\/2020\/09\/Gunilla-Wallengren-ordf\u00f6rande.jpg\"><img loading=\"lazy\" decoding=\"async\" class=\"wp-image-120 alignleft\" src=\"http:\/\/dhr.se\/ale\/wp-content\/uploads\/sites\/18\/2020\/09\/Gunilla-Wallengren-ordf\u00f6rande.jpg\" alt=\"Gunilla\" width=\"154\" height=\"210\" \/><\/a><\/p>\n<p>&nbsp;<\/p>\n<h3><\/h3>\n<h3><\/h3>\n<h3><\/h3>\n<h4>F\u00e4rdtj\u00e4nst\/Riksf\u00e4rdtj\u00e4nst,<br \/>\nTillg\u00e4nglighet<\/h4>\n<p>Gunilla Wallengren<\/p>\n<p>&nbsp;<\/p>\n<p>&nbsp;<\/p>\n<p><a class=\"thumbnail\" href=\"http:\/\/dhr.se\/ale\/wp-content\/uploads\/sites\/18\/2020\/09\/Marianne-Kristoffersen-kass\u00f6r.jpg\"><img loading=\"lazy\" decoding=\"async\" class=\"size-full wp-image-547 alignleft\" src=\"http:\/\/dhr.se\/ale\/wp-content\/uploads\/sites\/18\/2020\/09\/Marianne-Kristoffersen-kass\u00f6r.jpg\" alt=\"\" width=\"174\" height=\"196\" \/><\/a><\/p>\n<h3><\/h3>\n<h3><\/h3>\n<h3><\/h3>\n<h3><\/h3>\n<h4><\/h4>\n<h4>R\u00e5det f\u00f6r funktionshinderfr\u00e5gor,<br \/>\nTillg\u00e4nglighet<\/h4>\n<p>Marianne Kristoffersen<\/p>\n<p>&nbsp;<\/p>\n<p>&nbsp;<\/p>\n<p><a class=\"thumbnail\" href=\"\/\/dhr.se\/ale\/wp-content\/uploads\/sites\/18\/2020\/09\/Pia-Lotta-Lagerl\u00f6f-v-ordf.jpg\"><img loading=\"lazy\" decoding=\"async\" class=\"wp-image-121 alignleft\" src=\"http:\/\/dhr.se\/ale\/wp-content\/uploads\/sites\/18\/2020\/09\/Pia-Lotta-Lagerl\u00f6f-v-ordf.jpg\" alt=\"Pia-Lotta\" width=\"151\" height=\"210\" \/><\/a><\/p>\n<h3><\/h3>\n<h3><\/h3>\n<h3><\/h3>\n<h3><\/h3>\n<h3><\/h3>\n<h3><\/h3>\n<h3><\/h3>\n<h4>Studieansvarig,<br \/>\nBrukarr\u00e5d f\u00f6r H\u00e4lso- och Sjukv\u00e5rdsn\u00e4mnd V\u00e4st,<br \/>\nR\u00e5det f\u00f6r funktionshinderfr\u00e5gor<\/h4>\n<p>Pia-Lotta Lagerl\u00f6f<\/p>\n<p>&nbsp;<\/p>\n<p>&nbsp;<\/p>\n<p><a class=\"thumbnail\" href=\"http:\/\/dhr.se\/ale\/wp-content\/uploads\/sites\/18\/2020\/09\/Monica-S\u00f6gaard-ledamot.jpg\"><img loading=\"lazy\" decoding=\"async\" class=\"wp-image-122 alignleft\" src=\"http:\/\/dhr.se\/ale\/wp-content\/uploads\/sites\/18\/2020\/09\/Monica-S\u00f6gaard-ledamot.jpg\" alt=\"Monica1\" width=\"169\" height=\"210\" \/><\/a><\/p>\n<h3><\/h3>\n<h3><\/h3>\n<h3><\/h3>\n<h3><\/h3>\n<h3><\/h3>\n<h3><\/h3>\n<h3><\/h3>\n<h4>Medlemsansvarig<\/h4>\n<p>Monica S\u00f6gaard<\/p>\n<p>&nbsp;<\/p>\n<\/div>\n            <div class=\"content\"><\/div>\n        <\/div>\n    <\/div>\n<\/section>\n\n\n<p><\/p>\n\n\n\n<p><\/p>\n\n\n\n<p><\/p>\n<\/div><\/div>\n","protected":false},"excerpt":{"rendered":"","protected":false},"author":43,"featured_media":0,"parent":936,"menu_order":0,"comment_status":"closed","ping_status":"closed","template":"template-side-menu.php","meta":{"_acf_changed":false,"_monsterinsights_skip_tracking":false,"_monsterinsights_sitenote_active":false,"_monsterinsights_sitenote_note":"","_monsterinsights_sitenote_category":0,"footnotes":""},"class_list":["post-2208","page","type-page","status-publish","hentry"],"acf":[],"yoast_head":"<!-- This site is optimized with the Yoast SEO plugin v27.2 - https:\/\/yoast.com\/product\/yoast-seo-wordpress\/ -->\n<title>Ansvarsomr\u00e5den - DHR - Ale<\/title>\n<meta name=\"robots\" content=\"index, follow, max-snippet:-1, max-image-preview:large, max-video-preview:-1\" \/>\n<link rel=\"canonical\" href=\"https:\/\/dhr.se\/ale\/om-dhr-ale\/ansvarsomraden\/\" \/>\n<meta property=\"og:locale\" content=\"sv_SE\" \/>\n<meta property=\"og:type\" content=\"article\" \/>\n<meta property=\"og:title\" content=\"Ansvarsomr\u00e5den - DHR - Ale\" \/>\n<meta property=\"og:url\" content=\"https:\/\/dhr.se\/ale\/om-dhr-ale\/ansvarsomraden\/\" \/>\n<meta property=\"og:site_name\" content=\"DHR - Ale\" \/>\n<meta property=\"article:modified_time\" content=\"2021-04-09T12:19:29+00:00\" \/>\n<meta name=\"twitter:card\" content=\"summary_large_image\" \/>\n<script type=\"application\/ld+json\" class=\"yoast-schema-graph\">{\"@context\":\"https:\/\/schema.org\",\"@graph\":[{\"@type\":\"WebPage\",\"@id\":\"https:\/\/dhr.se\/ale\/om-dhr-ale\/ansvarsomraden\/\",\"url\":\"https:\/\/dhr.se\/ale\/om-dhr-ale\/ansvarsomraden\/\",\"name\":\"Ansvarsomr\u00e5den - DHR - Ale\",\"isPartOf\":{\"@id\":\"https:\/\/dhr.se\/ale\/#website\"},\"datePublished\":\"2021-03-30T14:49:07+00:00\",\"dateModified\":\"2021-04-09T12:19:29+00:00\",\"breadcrumb\":{\"@id\":\"https:\/\/dhr.se\/ale\/om-dhr-ale\/ansvarsomraden\/#breadcrumb\"},\"inLanguage\":\"sv-SE\",\"potentialAction\":[{\"@type\":\"ReadAction\",\"target\":[\"https:\/\/dhr.se\/ale\/om-dhr-ale\/ansvarsomraden\/\"]}]},{\"@type\":\"BreadcrumbList\",\"@id\":\"https:\/\/dhr.se\/ale\/om-dhr-ale\/ansvarsomraden\/#breadcrumb\",\"itemListElement\":[{\"@type\":\"ListItem\",\"position\":1,\"name\":\"Hem\",\"item\":\"https:\/\/dhr.se\/ale\/\"},{\"@type\":\"ListItem\",\"position\":2,\"name\":\"Om DHR Ale\",\"item\":\"https:\/\/dhr.se\/ale\/om-dhr-ale\/\"},{\"@type\":\"ListItem\",\"position\":3,\"name\":\"Ansvarsomr\u00e5den\"}]},{\"@type\":\"WebSite\",\"@id\":\"https:\/\/dhr.se\/ale\/#website\",\"url\":\"https:\/\/dhr.se\/ale\/\",\"name\":\"DHR - Ale\",\"description\":\"Delaktighet, r\u00f6relsefrihet och handlingskraft\",\"potentialAction\":[{\"@type\":\"SearchAction\",\"target\":{\"@type\":\"EntryPoint\",\"urlTemplate\":\"https:\/\/dhr.se\/ale\/?s={search_term_string}\"},\"query-input\":{\"@type\":\"PropertyValueSpecification\",\"valueRequired\":true,\"valueName\":\"search_term_string\"}}],\"inLanguage\":\"sv-SE\"}]}<\/script>\n<!-- \/ Yoast SEO plugin. -->","yoast_head_json":{"title":"Ansvarsomr\u00e5den - DHR - Ale","robots":{"index":"index","follow":"follow","max-snippet":"max-snippet:-1","max-image-preview":"max-image-preview:large","max-video-preview":"max-video-preview:-1"},"canonical":"https:\/\/dhr.se\/ale\/om-dhr-ale\/ansvarsomraden\/","og_locale":"sv_SE","og_type":"article","og_title":"Ansvarsomr\u00e5den - DHR - Ale","og_url":"https:\/\/dhr.se\/ale\/om-dhr-ale\/ansvarsomraden\/","og_site_name":"DHR - Ale","article_modified_time":"2021-04-09T12:19:29+00:00","twitter_card":"summary_large_image","schema":{"@context":"https:\/\/schema.org","@graph":[{"@type":"WebPage","@id":"https:\/\/dhr.se\/ale\/om-dhr-ale\/ansvarsomraden\/","url":"https:\/\/dhr.se\/ale\/om-dhr-ale\/ansvarsomraden\/","name":"Ansvarsomr\u00e5den - DHR - Ale","isPartOf":{"@id":"https:\/\/dhr.se\/ale\/#website"},"datePublished":"2021-03-30T14:49:07+00:00","dateModified":"2021-04-09T12:19:29+00:00","breadcrumb":{"@id":"https:\/\/dhr.se\/ale\/om-dhr-ale\/ansvarsomraden\/#breadcrumb"},"inLanguage":"sv-SE","potentialAction":[{"@type":"ReadAction","target":["https:\/\/dhr.se\/ale\/om-dhr-ale\/ansvarsomraden\/"]}]},{"@type":"BreadcrumbList","@id":"https:\/\/dhr.se\/ale\/om-dhr-ale\/ansvarsomraden\/#breadcrumb","itemListElement":[{"@type":"ListItem","position":1,"name":"Hem","item":"https:\/\/dhr.se\/ale\/"},{"@type":"ListItem","position":2,"name":"Om DHR Ale","item":"https:\/\/dhr.se\/ale\/om-dhr-ale\/"},{"@type":"ListItem","position":3,"name":"Ansvarsomr\u00e5den"}]},{"@type":"WebSite","@id":"https:\/\/dhr.se\/ale\/#website","url":"https:\/\/dhr.se\/ale\/","name":"DHR - Ale","description":"Delaktighet, r\u00f6relsefrihet och handlingskraft","potentialAction":[{"@type":"SearchAction","target":{"@type":"EntryPoint","urlTemplate":"https:\/\/dhr.se\/ale\/?s={search_term_string}"},"query-input":{"@type":"PropertyValueSpecification","valueRequired":true,"valueName":"search_term_string"}}],"inLanguage":"sv-SE"}]}},"publishpress_future_action":{"enabled":false,"date":"2026-04-27 18:08:17","action":"change-status","newStatus":"draft","terms":[],"taxonomy":"translation_priority","extraData":[]},"publishpress_future_workflow_manual_trigger":{"enabledWorkflows":[]},"_links":{"self":[{"href":"https:\/\/dhr.se\/ale\/wp-json\/wp\/v2\/pages\/2208","targetHints":{"allow":["GET"]}}],"collection":[{"href":"https:\/\/dhr.se\/ale\/wp-json\/wp\/v2\/pages"}],"about":[{"href":"https:\/\/dhr.se\/ale\/wp-json\/wp\/v2\/types\/page"}],"author":[{"embeddable":true,"href":"https:\/\/dhr.se\/ale\/wp-json\/wp\/v2\/users\/43"}],"replies":[{"embeddable":true,"href":"https:\/\/dhr.se\/ale\/wp-json\/wp\/v2\/comments?post=2208"}],"version-history":[{"count":0,"href":"https:\/\/dhr.se\/ale\/wp-json\/wp\/v2\/pages\/2208\/revisions"}],"up":[{"embeddable":true,"href":"https:\/\/dhr.se\/ale\/wp-json\/wp\/v2\/pages\/936"}],"wp:attachment":[{"href":"https:\/\/dhr.se\/ale\/wp-json\/wp\/v2\/media?parent=2208"}],"curies":[{"name":"wp","href":"https:\/\/api.w.org\/{rel}","templated":true}]}}