{"id":2305,"date":"2025-10-01T11:42:54","date_gmt":"2025-10-01T09:42:54","guid":{"rendered":"https:\/\/dhr.se\/blekinge\/?post_type=event&#038;p=2305"},"modified":"2026-09-01T11:46:09","modified_gmt":"2026-09-01T09:46:09","slug":"vi-ses-val-pa-seniormassan-i-karlskrona","status":"publish","type":"event","link":"https:\/\/dhr.se\/blekinge\/event\/vi-ses-val-pa-seniormassan-i-karlskrona\/","title":{"rendered":"Vi ses v\u00e4l p\u00e5 Seniorfestivalen i Karlskrona?"},"content":{"rendered":"\n<p class=\"wp-block-paragraph\">Onsdagen den 4 november \u00e4r det dags f\u00f6r \u00e5rets seniorfestival i Brinova Arena. Bland huvudtalarna finns Henrik Widegren fr\u00e5n \"Fr\u00e5ga Lund\", John Taylor fr\u00e5n \"Tr\u00e4dg\u00e5rdstider\" och Karl Fredrik Gustafsson fr\u00e5n \"Karl Fredrik p\u00e5 Eklaholm\".<\/p>\n\n\n\n<p class=\"wp-block-paragraph\">\u00c5rets tema lyfter hur Karlskrona har formats genom historien, hur staden utvecklas idag och hur vi tillsammans bygger framtiden. Temat \u00e4r bland annat inspirerat av SVT:s serie S\u00e5 byggdes din stad, d\u00e4r avsnittet om Karlskrona visar hur \u00f6rlogsstaden v\u00e4xte fram och hur arvet fortfarande pr\u00e4glar stadsmilj\u00f6n.<\/p>\n\n\n\n<p class=\"wp-block-paragraph\">Genom temat vill vi skapa stolthet, igenk\u00e4nning och nyfikenhet hos bes\u00f6karna \u2013 och erbjuda ber\u00e4ttelser som knyter ihop d\u00e5tid, nutid och framtid.<\/p>\n\n\n\n<p class=\"wp-block-paragraph\">L\u00e4s mer h\u00e4r: <a href=\"https:\/\/www.karlskrona.se\/omsorg-och-stod\/aldreomsorg-och-senior\/aktiviteter-for-seniorer\/seniorfestival-2026\/\">https:\/\/www.karlskrona.se\/omsorg-och-stod\/aldreomsorg-och-senior\/aktiviteter-for-seniorer\/seniorfestival-2026\/<\/a><\/p>\n\n\n\n<p class=\"wp-block-paragraph\"><\/p>\n\n\n\n<p class=\"wp-block-paragraph\"><\/p>\n\n\n\n<p class=\"wp-block-paragraph\"><\/p>\n","protected":false},"template":"","class_list":["post-2305","event","type-event","status-publish","hentry"],"acf":[],"yoast_head":"<!-- This site is optimized with the Yoast SEO plugin v28.3 - https:\/\/yoast.com\/product\/yoast-seo-wordpress\/ -->\n<title>Vi ses v\u00e4l p\u00e5 Seniorfestivalen i Karlskrona? - DHR - Blekinge<\/title>\n<meta name=\"robots\" content=\"index, follow, max-snippet:-1, max-image-preview:large, max-video-preview:-1\" \/>\n<link rel=\"canonical\" href=\"https:\/\/dhr.se\/blekinge\/event\/vi-ses-val-pa-seniormassan-i-karlskrona\/\" \/>\n<meta property=\"og:locale\" content=\"sv_SE\" \/>\n<meta property=\"og:type\" content=\"article\" \/>\n<meta property=\"og:title\" content=\"Vi ses v\u00e4l p\u00e5 Seniorfestivalen i Karlskrona? - DHR - Blekinge\" \/>\n<meta property=\"og:description\" content=\"Onsdagen den 4 november \u00e4r det dags f\u00f6r \u00e5rets seniorfestival i Brinova Arena. Bland huvudtalarna finns Henrik Widegren fr\u00e5n &quot;Fr\u00e5ga Lund&quot;, John Taylor fr\u00e5n &quot;Tr\u00e4dg\u00e5rdstider&quot; och Karl Fredrik Gustafsson fr\u00e5n &quot;Karl Fredrik p\u00e5 Eklaholm&quot;. \u00c5rets tema lyfter hur Karlskrona har[&hellip;]\" \/>\n<meta property=\"og:url\" content=\"https:\/\/dhr.se\/blekinge\/event\/vi-ses-val-pa-seniormassan-i-karlskrona\/\" \/>\n<meta property=\"og:site_name\" content=\"DHR - Blekinge\" \/>\n<meta property=\"article:modified_time\" content=\"2026-09-01T09:46:09+00:00\" \/>\n<meta name=\"twitter:card\" content=\"summary_large_image\" \/>\n<meta name=\"twitter:label1\" content=\"Ber\u00e4knad l\u00e4stid\" \/>\n\t<meta name=\"twitter:data1\" content=\"1 minut\" \/>\n<script type=\"application\/ld+json\" class=\"yoast-schema-graph\">{\"@context\":\"https:\\\/\\\/schema.org\",\"@graph\":[{\"@type\":\"WebPage\",\"@id\":\"https:\\\/\\\/dhr.se\\\/blekinge\\\/event\\\/vi-ses-val-pa-seniormassan-i-karlskrona\\\/\",\"url\":\"https:\\\/\\\/dhr.se\\\/blekinge\\\/event\\\/vi-ses-val-pa-seniormassan-i-karlskrona\\\/\",\"name\":\"Vi ses v\u00e4l p\u00e5 Seniorfestivalen i Karlskrona? - DHR - Blekinge\",\"isPartOf\":{\"@id\":\"https:\\\/\\\/dhr.se\\\/blekinge\\\/#website\"},\"datePublished\":\"2025-10-01T09:42:54+00:00\",\"dateModified\":\"2026-09-01T09:46:09+00:00\",\"breadcrumb\":{\"@id\":\"https:\\\/\\\/dhr.se\\\/blekinge\\\/event\\\/vi-ses-val-pa-seniormassan-i-karlskrona\\\/#breadcrumb\"},\"inLanguage\":\"sv-SE\",\"potentialAction\":[{\"@type\":\"ReadAction\",\"target\":[\"https:\\\/\\\/dhr.se\\\/blekinge\\\/event\\\/vi-ses-val-pa-seniormassan-i-karlskrona\\\/\"]}]},{\"@type\":\"BreadcrumbList\",\"@id\":\"https:\\\/\\\/dhr.se\\\/blekinge\\\/event\\\/vi-ses-val-pa-seniormassan-i-karlskrona\\\/#breadcrumb\",\"itemListElement\":[{\"@type\":\"ListItem\",\"position\":1,\"name\":\"Hem\",\"item\":\"https:\\\/\\\/dhr.se\\\/blekinge\\\/\"},{\"@type\":\"ListItem\",\"position\":2,\"name\":\"Events\",\"item\":\"https:\\\/\\\/dhr.se\\\/blekinge\\\/event\\\/\"},{\"@type\":\"ListItem\",\"position\":3,\"name\":\"Vi ses v\u00e4l p\u00e5 Seniorfestivalen i Karlskrona?\"}]},{\"@type\":\"WebSite\",\"@id\":\"https:\\\/\\\/dhr.se\\\/blekinge\\\/#website\",\"url\":\"https:\\\/\\\/dhr.se\\\/blekinge\\\/\",\"name\":\"DHR - Blekinge\",\"description\":\"Delaktighet, r\u00f6relsefrihet och handlingskraft\",\"potentialAction\":[{\"@type\":\"SearchAction\",\"target\":{\"@type\":\"EntryPoint\",\"urlTemplate\":\"https:\\\/\\\/dhr.se\\\/blekinge\\\/?s={search_term_string}\"},\"query-input\":{\"@type\":\"PropertyValueSpecification\",\"valueRequired\":true,\"valueName\":\"search_term_string\"}}],\"inLanguage\":\"sv-SE\"}]}<\/script>\n<!-- \/ Yoast SEO plugin. -->","yoast_head_json":{"title":"Vi ses v\u00e4l p\u00e5 Seniorfestivalen i Karlskrona? - DHR - Blekinge","robots":{"index":"index","follow":"follow","max-snippet":"max-snippet:-1","max-image-preview":"max-image-preview:large","max-video-preview":"max-video-preview:-1"},"canonical":"https:\/\/dhr.se\/blekinge\/event\/vi-ses-val-pa-seniormassan-i-karlskrona\/","og_locale":"sv_SE","og_type":"article","og_title":"Vi ses v\u00e4l p\u00e5 Seniorfestivalen i Karlskrona? - DHR - Blekinge","og_description":"Onsdagen den 4 november \u00e4r det dags f\u00f6r \u00e5rets seniorfestival i Brinova Arena. Bland huvudtalarna finns Henrik Widegren fr\u00e5n \"Fr\u00e5ga Lund\", John Taylor fr\u00e5n \"Tr\u00e4dg\u00e5rdstider\" och Karl Fredrik Gustafsson fr\u00e5n \"Karl Fredrik p\u00e5 Eklaholm\". \u00c5rets tema lyfter hur Karlskrona har[&hellip;]","og_url":"https:\/\/dhr.se\/blekinge\/event\/vi-ses-val-pa-seniormassan-i-karlskrona\/","og_site_name":"DHR - Blekinge","article_modified_time":"2026-09-01T09:46:09+00:00","twitter_card":"summary_large_image","twitter_misc":{"Ber\u00e4knad l\u00e4stid":"1 minut"},"schema":{"@context":"https:\/\/schema.org","@graph":[{"@type":"WebPage","@id":"https:\/\/dhr.se\/blekinge\/event\/vi-ses-val-pa-seniormassan-i-karlskrona\/","url":"https:\/\/dhr.se\/blekinge\/event\/vi-ses-val-pa-seniormassan-i-karlskrona\/","name":"Vi ses v\u00e4l p\u00e5 Seniorfestivalen i Karlskrona? - DHR - Blekinge","isPartOf":{"@id":"https:\/\/dhr.se\/blekinge\/#website"},"datePublished":"2025-10-01T09:42:54+00:00","dateModified":"2026-09-01T09:46:09+00:00","breadcrumb":{"@id":"https:\/\/dhr.se\/blekinge\/event\/vi-ses-val-pa-seniormassan-i-karlskrona\/#breadcrumb"},"inLanguage":"sv-SE","potentialAction":[{"@type":"ReadAction","target":["https:\/\/dhr.se\/blekinge\/event\/vi-ses-val-pa-seniormassan-i-karlskrona\/"]}]},{"@type":"BreadcrumbList","@id":"https:\/\/dhr.se\/blekinge\/event\/vi-ses-val-pa-seniormassan-i-karlskrona\/#breadcrumb","itemListElement":[{"@type":"ListItem","position":1,"name":"Hem","item":"https:\/\/dhr.se\/blekinge\/"},{"@type":"ListItem","position":2,"name":"Events","item":"https:\/\/dhr.se\/blekinge\/event\/"},{"@type":"ListItem","position":3,"name":"Vi ses v\u00e4l p\u00e5 Seniorfestivalen i Karlskrona?"}]},{"@type":"WebSite","@id":"https:\/\/dhr.se\/blekinge\/#website","url":"https:\/\/dhr.se\/blekinge\/","name":"DHR - Blekinge","description":"Delaktighet, r\u00f6relsefrihet och handlingskraft","potentialAction":[{"@type":"SearchAction","target":{"@type":"EntryPoint","urlTemplate":"https:\/\/dhr.se\/blekinge\/?s={search_term_string}"},"query-input":{"@type":"PropertyValueSpecification","valueRequired":true,"valueName":"search_term_string"}}],"inLanguage":"sv-SE"}]}},"publishpress_future_workflow_manual_trigger":{"enabledWorkflows":[]},"_links":{"self":[{"href":"https:\/\/dhr.se\/blekinge\/wp-json\/wp\/v2\/event\/2305","targetHints":{"allow":["GET"]}}],"collection":[{"href":"https:\/\/dhr.se\/blekinge\/wp-json\/wp\/v2\/event"}],"about":[{"href":"https:\/\/dhr.se\/blekinge\/wp-json\/wp\/v2\/types\/event"}],"wp:attachment":[{"href":"https:\/\/dhr.se\/blekinge\/wp-json\/wp\/v2\/media?parent=2305"}],"curies":[{"name":"wp","href":"https:\/\/api.w.org\/{rel}","templated":true}]}}

Vi ses väl på Seniorfestivalen i Karlskrona?

<p class="wp-block-paragraph">Onsdagen den 4 november är det dags för årets seniorfestival i Brinova Arena. Bland huvudtalarna finns Henrik Widegren från "Fråga Lund", John Taylor från "Trädgårdstider" och Karl Fredrik Gustafsson från "Karl Fredrik på Eklaholm".</p>



<p class="wp-block-paragraph">Årets tema lyfter hur Karlskrona har formats genom historien, hur staden utvecklas idag och hur vi tillsammans bygger framtiden. Temat är bland annat inspirerat av SVT:s serie Så byggdes din stad, där avsnittet om Karlskrona visar hur örlogsstaden växte fram och hur arvet fortfarande präglar stadsmiljön.</p>



<p class="wp-block-paragraph">Genom temat vill vi skapa stolthet, igenkänning och nyfikenhet hos besökarna – och erbjuda berättelser som knyter ihop dåtid, nutid och framtid.</p>



<p class="wp-block-paragraph">Läs mer här: <a href="https://www.karlskrona.se/omsorg-och-stod/aldreomsorg-och-senior/aktiviteter-for-seniorer/seniorfestival-2026/">https://www.karlskrona.se/omsorg-och-stod/aldreomsorg-och-senior/aktiviteter-for-seniorer/seniorfestival-2026/</a></p>



<p class="wp-block-paragraph"></p>



<p class="wp-block-paragraph"></p>



<p class="wp-block-paragraph"></p>

<!-- This site is optimized with the Yoast SEO plugin v28.3 - https://yoast.com/product/yoast-seo-wordpress/ -->
<title>Vi ses väl på Seniorfestivalen i Karlskrona? - DHR - Blekinge</title>
<meta name="robots" content="index, follow, max-snippet:-1, max-image-preview:large, max-video-preview:-1" />
<link rel="canonical" href="https://dhr.se/blekinge/event/vi-ses-val-pa-seniormassan-i-karlskrona/" />
<meta property="og:locale" content="sv_SE" />
<meta property="og:type" content="article" />
<meta property="og:title" content="Vi ses väl på Seniorfestivalen i Karlskrona? - DHR - Blekinge" />
<meta property="og:description" content="Onsdagen den 4 november är det dags för årets seniorfestival i Brinova Arena. Bland huvudtalarna finns Henrik Widegren från &quot;Fråga Lund&quot;, John Taylor från &quot;Trädgårdstider&quot; och Karl Fredrik Gustafsson från &quot;Karl Fredrik på Eklaholm&quot;. Årets tema lyfter hur Karlskrona har[&hellip;]" />
<meta property="og:url" content="https://dhr.se/blekinge/event/vi-ses-val-pa-seniormassan-i-karlskrona/" />
<meta property="og:site_name" content="DHR - Blekinge" />
<meta property="article:modified_time" content="2026-09-01T09:46:09+00:00" />
<meta name="twitter:card" content="summary_large_image" />
<meta name="twitter:label1" content="Beräknad lästid" />
	<meta name="twitter:data1" content="1 minut" />
<script type="application/ld+json" class="yoast-schema-graph">{"@context":"https:\/\/schema.org","@graph":[{"@type":"WebPage","@id":"https:\/\/dhr.se\/blekinge\/event\/vi-ses-val-pa-seniormassan-i-karlskrona\/","url":"https:\/\/dhr.se\/blekinge\/event\/vi-ses-val-pa-seniormassan-i-karlskrona\/","name":"Vi ses väl på Seniorfestivalen i Karlskrona? - DHR - Blekinge","isPartOf":{"@id":"https:\/\/dhr.se\/blekinge\/#website"},"datePublished":"2025-10-01T09:42:54+00:00","dateModified":"2026-09-01T09:46:09+00:00","breadcrumb":{"@id":"https:\/\/dhr.se\/blekinge\/event\/vi-ses-val-pa-seniormassan-i-karlskrona\/#breadcrumb"},"inLanguage":"sv-SE","potentialAction":[{"@type":"ReadAction","target":["https:\/\/dhr.se\/blekinge\/event\/vi-ses-val-pa-seniormassan-i-karlskrona\/"]}]},{"@type":"BreadcrumbList","@id":"https:\/\/dhr.se\/blekinge\/event\/vi-ses-val-pa-seniormassan-i-karlskrona\/#breadcrumb","itemListElement":[{"@type":"ListItem","position":1,"name":"Hem","item":"https:\/\/dhr.se\/blekinge\/"},{"@type":"ListItem","position":2,"name":"Events","item":"https:\/\/dhr.se\/blekinge\/event\/"},{"@type":"ListItem","position":3,"name":"Vi ses väl på Seniorfestivalen i Karlskrona?"}]},{"@type":"WebSite","@id":"https:\/\/dhr.se\/blekinge\/#website","url":"https:\/\/dhr.se\/blekinge\/","name":"DHR - Blekinge","description":"Delaktighet, rörelsefrihet och handlingskraft","potentialAction":[{"@type":"SearchAction","target":{"@type":"EntryPoint","urlTemplate":"https:\/\/dhr.se\/blekinge\/?s={search_term_string}"},"query-input":{"@type":"PropertyValueSpecification","valueRequired":true,"valueName":"search_term_string"}}],"inLanguage":"sv-SE"}]}</script>
<!-- / Yoast SEO plugin. -->

Vi ses väl på Seniorfestivalen i Karlskrona? - DHR - Blekinge

Onsdagen den 4 november är det dags för årets seniorfestival i Brinova Arena. Bland huvudtalarna finns Henrik Widegren från "Fråga Lund", John Taylor från "Trädgårdstider" och Karl Fredrik Gustafsson från "Karl Fredrik på Eklaholm". Årets tema lyfter hur Karlskrona har[&hellip;]

Delaktighet, rörelsefrihet och handlingskraft
