{"id":2075,"date":"2024-09-28T00:02:17","date_gmt":"2024-09-27T22:02:17","guid":{"rendered":"https:\/\/dhr.se\/boras\/?page_id=2075"},"modified":"2024-09-28T00:02:48","modified_gmt":"2024-09-27T22:02:48","slug":"bli-medlem-i-dhr","status":"publish","type":"page","link":"https:\/\/dhr.se\/boras\/bli-medlem-i-dhr\/","title":{"rendered":"Bli medlem i DHR"},"content":{"rendered":"<section class=\"block-textbox\" style=\"background-image:url(https:\/\/dhr.se\/boras\/wp-content\/uploads\/sites\/6\/2020\/03\/Kvinna-med-ljust-l\u00e5ngt-h\u00e5r-tittar-in-i-kameran-Botaniska.jpg);\">\n    <div class=\"main\">\n        <div class=\"main-inner\">\n\n                <div class=\"text-container\">\n                    <h2>Bli medlem i DHR<\/h2>\n                    <p>Under DHR:s 100 \u00e5r (vi fyllde \u00e5r 2023) har villkoren f\u00f6r personer med nedsatt r\u00f6relsef\u00f6rm\u00e5ga sj\u00e4lvklart f\u00f6rb\u00e4ttrats. Men nu b\u00f6rjar det bl\u00e5sa kallt igen, och behovet av en stark funktionshinderr\u00f6relse \u00e4r st\u00f6rre \u00e4n p\u00e5 m\u00e5nga \u00e5r. Den personliga assistansen \u00e4r ifr\u00e5gasatt, parkeringstillst\u00e5nd dras in och det sn\u00e5las p\u00e5 bilst\u00f6d. Vi h\u00f6r till och med \u00e5sikter om att det borde inf\u00f6ras institutioner igen. D\u00e4rf\u00f6r beh\u00f6vs ocks\u00e5 du som medlem!<br \/>\r\n<br \/>\r\nSom medlem i DHR kan du tillsammans med andra medlemmar p\u00e5verka att samh\u00e4llet blir mer j\u00e4mlikt och j\u00e4mst\u00e4llt. Tillsammans med andra medlemmar kan du ocks\u00e5 delta i fritidsaktiviteter, kamratst\u00f6d och social gemenskap.<\/p>\n\n                                            <a class=\"button big accent\" href=\"https:\/\/sbtdhr.mysoft.no\/modules\/blimedlem\/blimedlem.aspx\" target=\"_self\">Medlemsans\u00f6kan<\/a>\n                    \n                <\/div>\n\n        <\/div>\n    <\/div>\n<\/section>","protected":false},"excerpt":{"rendered":"","protected":false},"author":81,"featured_media":0,"parent":0,"menu_order":0,"comment_status":"closed","ping_status":"closed","template":"","meta":{"_acf_changed":false,"_monsterinsights_skip_tracking":false,"_monsterinsights_sitenote_active":false,"_monsterinsights_sitenote_note":"","_monsterinsights_sitenote_category":0,"footnotes":""},"class_list":["post-2075","page","type-page","status-publish","hentry"],"acf":[],"yoast_head":"<!-- This site is optimized with the Yoast SEO plugin v27.2 - https:\/\/yoast.com\/product\/yoast-seo-wordpress\/ -->\n<title>Bli medlem i DHR - DHR - Bor\u00e5s<\/title>\n<meta name=\"robots\" content=\"index, follow, max-snippet:-1, max-image-preview:large, max-video-preview:-1\" \/>\n<link rel=\"canonical\" href=\"https:\/\/dhr.se\/boras\/bli-medlem-i-dhr\/\" \/>\n<meta property=\"og:locale\" content=\"sv_SE\" \/>\n<meta property=\"og:type\" content=\"article\" \/>\n<meta property=\"og:title\" content=\"Bli medlem i DHR - DHR - Bor\u00e5s\" \/>\n<meta property=\"og:url\" content=\"https:\/\/dhr.se\/boras\/bli-medlem-i-dhr\/\" \/>\n<meta property=\"og:site_name\" content=\"DHR - Bor\u00e5s\" \/>\n<meta property=\"article:modified_time\" content=\"2024-09-27T22:02:48+00:00\" \/>\n<meta name=\"twitter:card\" content=\"summary_large_image\" \/>\n<script type=\"application\/ld+json\" class=\"yoast-schema-graph\">{\"@context\":\"https:\/\/schema.org\",\"@graph\":[{\"@type\":\"WebPage\",\"@id\":\"https:\/\/dhr.se\/boras\/bli-medlem-i-dhr\/\",\"url\":\"https:\/\/dhr.se\/boras\/bli-medlem-i-dhr\/\",\"name\":\"Bli medlem i DHR - DHR - Bor\u00e5s\",\"isPartOf\":{\"@id\":\"https:\/\/dhr.se\/boras\/#website\"},\"datePublished\":\"2024-09-27T22:02:17+00:00\",\"dateModified\":\"2024-09-27T22:02:48+00:00\",\"breadcrumb\":{\"@id\":\"https:\/\/dhr.se\/boras\/bli-medlem-i-dhr\/#breadcrumb\"},\"inLanguage\":\"sv-SE\",\"potentialAction\":[{\"@type\":\"ReadAction\",\"target\":[\"https:\/\/dhr.se\/boras\/bli-medlem-i-dhr\/\"]}]},{\"@type\":\"BreadcrumbList\",\"@id\":\"https:\/\/dhr.se\/boras\/bli-medlem-i-dhr\/#breadcrumb\",\"itemListElement\":[{\"@type\":\"ListItem\",\"position\":1,\"name\":\"Hem\",\"item\":\"https:\/\/dhr.se\/boras\/\"},{\"@type\":\"ListItem\",\"position\":2,\"name\":\"Bli medlem i DHR\"}]},{\"@type\":\"WebSite\",\"@id\":\"https:\/\/dhr.se\/boras\/#website\",\"url\":\"https:\/\/dhr.se\/boras\/\",\"name\":\"DHR - Bor\u00e5s\",\"description\":\"Delaktighet, r\u00f6relsefrihet och handlingskraft\",\"potentialAction\":[{\"@type\":\"SearchAction\",\"target\":{\"@type\":\"EntryPoint\",\"urlTemplate\":\"https:\/\/dhr.se\/boras\/?s={search_term_string}\"},\"query-input\":{\"@type\":\"PropertyValueSpecification\",\"valueRequired\":true,\"valueName\":\"search_term_string\"}}],\"inLanguage\":\"sv-SE\"}]}<\/script>\n<!-- \/ Yoast SEO plugin. -->","yoast_head_json":{"title":"Bli medlem i DHR - DHR - Bor\u00e5s","robots":{"index":"index","follow":"follow","max-snippet":"max-snippet:-1","max-image-preview":"max-image-preview:large","max-video-preview":"max-video-preview:-1"},"canonical":"https:\/\/dhr.se\/boras\/bli-medlem-i-dhr\/","og_locale":"sv_SE","og_type":"article","og_title":"Bli medlem i DHR - DHR - Bor\u00e5s","og_url":"https:\/\/dhr.se\/boras\/bli-medlem-i-dhr\/","og_site_name":"DHR - Bor\u00e5s","article_modified_time":"2024-09-27T22:02:48+00:00","twitter_card":"summary_large_image","schema":{"@context":"https:\/\/schema.org","@graph":[{"@type":"WebPage","@id":"https:\/\/dhr.se\/boras\/bli-medlem-i-dhr\/","url":"https:\/\/dhr.se\/boras\/bli-medlem-i-dhr\/","name":"Bli medlem i DHR - DHR - Bor\u00e5s","isPartOf":{"@id":"https:\/\/dhr.se\/boras\/#website"},"datePublished":"2024-09-27T22:02:17+00:00","dateModified":"2024-09-27T22:02:48+00:00","breadcrumb":{"@id":"https:\/\/dhr.se\/boras\/bli-medlem-i-dhr\/#breadcrumb"},"inLanguage":"sv-SE","potentialAction":[{"@type":"ReadAction","target":["https:\/\/dhr.se\/boras\/bli-medlem-i-dhr\/"]}]},{"@type":"BreadcrumbList","@id":"https:\/\/dhr.se\/boras\/bli-medlem-i-dhr\/#breadcrumb","itemListElement":[{"@type":"ListItem","position":1,"name":"Hem","item":"https:\/\/dhr.se\/boras\/"},{"@type":"ListItem","position":2,"name":"Bli medlem i DHR"}]},{"@type":"WebSite","@id":"https:\/\/dhr.se\/boras\/#website","url":"https:\/\/dhr.se\/boras\/","name":"DHR - Bor\u00e5s","description":"Delaktighet, r\u00f6relsefrihet och handlingskraft","potentialAction":[{"@type":"SearchAction","target":{"@type":"EntryPoint","urlTemplate":"https:\/\/dhr.se\/boras\/?s={search_term_string}"},"query-input":{"@type":"PropertyValueSpecification","valueRequired":true,"valueName":"search_term_string"}}],"inLanguage":"sv-SE"}]}},"publishpress_future_action":{"enabled":false,"date":"2026-04-18 22:17:55","action":"change-status","newStatus":"draft","terms":[],"taxonomy":"translation_priority","extraData":[]},"publishpress_future_workflow_manual_trigger":{"enabledWorkflows":[]},"_links":{"self":[{"href":"https:\/\/dhr.se\/boras\/wp-json\/wp\/v2\/pages\/2075","targetHints":{"allow":["GET"]}}],"collection":[{"href":"https:\/\/dhr.se\/boras\/wp-json\/wp\/v2\/pages"}],"about":[{"href":"https:\/\/dhr.se\/boras\/wp-json\/wp\/v2\/types\/page"}],"author":[{"embeddable":true,"href":"https:\/\/dhr.se\/boras\/wp-json\/wp\/v2\/users\/81"}],"replies":[{"embeddable":true,"href":"https:\/\/dhr.se\/boras\/wp-json\/wp\/v2\/comments?post=2075"}],"version-history":[{"count":0,"href":"https:\/\/dhr.se\/boras\/wp-json\/wp\/v2\/pages\/2075\/revisions"}],"wp:attachment":[{"href":"https:\/\/dhr.se\/boras\/wp-json\/wp\/v2\/media?parent=2075"}],"curies":[{"name":"wp","href":"https:\/\/api.w.org\/{rel}","templated":true}]}}