{"id":2070,"date":"2021-04-13T12:08:28","date_gmt":"2021-04-13T10:08:28","guid":{"rendered":"http:\/\/dhr.se\/falun\/?page_id=2070"},"modified":"2026-04-14T09:23:20","modified_gmt":"2026-04-14T07:23:20","slug":"aktiviteter","status":"publish","type":"page","link":"https:\/\/dhr.se\/falun\/aktiviteter\/","title":{"rendered":"V\u00e5r verksamhet"},"content":{"rendered":"<section class=\"block-image-and-text left white\">\n    <div class=\"main\">\n        <div class=\"main-inner\">\n            <div class=\"left-col\" style=\"background-image: url(https:\/\/dhr.se\/falun\/wp-content\/uploads\/sites\/61\/2025\/10\/DSC_1803b.jpg);\"><\/div>\n\n            <div class=\"right-col\">\n                <h2>Gemenskap och aktiviteter p\u00e5 DHR Faluavdelningen<\/h2>\n                <p class=\"text\">Nu har vi flyttat till Promenaden 29D i samma lokal som Funktionsr\u00e4tt Faluns 12 f\u00f6reningar. <br \/>\r\n<br \/>\r\nVi h\u00e5ller oss uppdaterade och sprider information genom v\u00e5rt cirkul\u00e4r \u201dNytt fr\u00e5n DHR Faluavdelningen\u201d, som ges ut 4\u20136 g\u00e5nger per \u00e5r. Det skickas till v\u00e5ra medlemmar, andra f\u00f6reningar samt viktiga kontakter vid lasarettet och i Falu kommun. Du hittar den senaste utg\u00e5van via l\u00e4nken nedan.<br \/>\r\n<br \/>\r\n\u00c5terkommande aktiviteter och evenemang &#8211;<br \/>\r\n<br \/>\r\nTisdagstr\u00e4ffar \u2013  En g\u00e5ng i m\u00e5naden serverar vi en mycket uppskattad husmanskost och en g\u00e5ng i m\u00e5naden &#8221;Kaffe och Prat&#8221; tr\u00e4ffas vi med kaffe och sm\u00f6rg\u00e5s. Ofta har vi ett tema eller en inbjuden g\u00e4st som delar med sig av kunskap i aktuella \u00e4mnen.<br \/>\r\n<br \/>\r\nFriluftsdag p\u00e5 Liljan \u2013 P\u00e5 Kristi Himmelsf\u00e4rds dag beger vi oss till Liljans Herrg\u00e5rd f\u00f6r en h\u00e4rlig dag tillsammans med mat och aktiviteter.<br \/>\r\n<br \/>\r\nNationaldagsfirande \u2013 Den 6 juni firar vi Sveriges nationaldag med en gemensam v\u00e5rlunch. <br \/>\r\n<br \/>\r\nHemlig resa i augusti \u2013 En av v\u00e5ra mest sp\u00e4nnande traditioner \u00e4r v\u00e5r hemliga resa! Vart vi ska? Det avsl\u00f6jas f\u00f6rst n\u00e4r vi \u00e4r p\u00e5 v\u00e4g!<br \/>\r\n<br \/>\r\nH\u00f6stfest \u2013 V\u00e5r uppskattade h\u00f6stfest h\u00e5lls i oktober eller november \u2013 en kv\u00e4ll fylld av trevligt s\u00e4llskap, god mat och h\u00e4rlig st\u00e4mning.<br \/>\r\n<br \/>\r\nJulst\u00e4mning och adventspyssel \u2013 Inf\u00f6r julen samlas vi f\u00f6r att pyssel till advent och jul.<br \/>\r\n<br \/>\r\nJulfest i mellandagarna \u2013 \u00c5ret avslutas med v\u00e5r traditionella julfest med julgr\u00f6t och skinksm\u00f6rg\u00e5s samt bes\u00f6k av tomten.<br \/>\r\n<br \/>\r\nOavsett om du vill delta i en specifik aktivitet eller bara umg\u00e5s i gott s\u00e4llskap, \u00e4r du alltid varmt v\u00e4lkommen till oss!<\/p>\n\n                            <\/div>\n\n        <\/div>\n    <\/div>\n<\/section>\n\n<section class=\"block-simple-text\">\n    <div class=\"main\">\n        <div class=\"main-inner\">\n            <div class=\"ingress text-darker\"><\/div>\n            <div class=\"content\"><p><a href=\"https:\/\/dhr.se\/falun\/wp-content\/uploads\/sites\/61\/2026\/04\/Cirkular-2-2026.pdf\">Cirkul\u00e4r 2-2026<\/a><\/p>\n<p><a href=\"https:\/\/dhr.se\/falun\/wp-content\/uploads\/sites\/61\/2026\/01\/Cirkular-1-2026.pdf\">Cirkul\u00e4r 1-2026<\/a><\/p>\n<p><a href=\"https:\/\/dhr.se\/falun\/wp-content\/uploads\/sites\/61\/2025\/11\/Cirkular-5-2025.pdf\">Cirkul\u00e4r 5-2025<\/a><\/p>\n<p><a href=\"https:\/\/dhr.se\/falun\/wp-content\/uploads\/sites\/61\/2025\/10\/Cirkular-4-2025.pdf\">Cirkul\u00e4r 4-2025<\/a><\/p>\n<p><a href=\"https:\/\/dhr.se\/falun\/wp-content\/uploads\/sites\/61\/2025\/06\/Cirkular-3-2025.pdf\">Cirkul\u00e4r 3-2025<\/a><\/p>\n<p><a href=\"https:\/\/dhr.se\/falun\/wp-content\/uploads\/sites\/61\/2025\/05\/Cirkular-2-2025a.pdf\">Cirkul\u00e4r 2-2025<\/a><\/p>\n<p><a href=\"https:\/\/dhr.se\/falun\/wp-content\/uploads\/sites\/61\/2025\/02\/Cirkular-1-2025-rev.pdf\">Cirkul\u00e4r 1-2025<\/a><\/p>\n<p><a href=\"https:\/\/dhr.se\/falun\/wp-content\/uploads\/sites\/61\/2025\/01\/Cirkular-4-2024.pdf\">Cirkul\u00e4r 4-2024<\/a><\/p>\n<p><a href=\"https:\/\/dhr.se\/falun\/wp-content\/uploads\/sites\/61\/2024\/09\/Cirkular-3-2024.pdf\">Cirkul\u00e4r 3-2024<\/a><\/p>\n<p><a href=\"https:\/\/dhr.se\/falun\/wp-content\/uploads\/sites\/61\/2024\/06\/Cirkular-2-2024-2.pdf\">Cirkul\u00e4r 2-2024<\/a><\/p>\n<p><a href=\"https:\/\/dhr.se\/falun\/wp-content\/uploads\/sites\/61\/2024\/04\/Cirkular-1-2024.pdf\">Cirkul\u00e4r 1-2024<\/a><\/p>\n<p><a href=\"https:\/\/dhr.se\/falun\/wp-content\/uploads\/sites\/61\/2023\/12\/Cirkular-5-2023.pdf\">Cirkul\u00e4r 5-2023<\/a><\/p>\n<p><a href=\"https:\/\/dhr.se\/falun\/wp-content\/uploads\/sites\/61\/2023\/11\/Cirkular-4-2023.pdf\">Cirkul\u00e4r 4- 2023<\/a><\/p>\n<p><a href=\"https:\/\/dhr.se\/falun\/wp-content\/uploads\/sites\/61\/2023\/09\/Cirkular-3-2023c-1.pdf\">Cirkul\u00e4r 3- 2023<\/a><\/p>\n<p><a href=\"https:\/\/dhr.se\/falun\/wp-content\/uploads\/sites\/61\/2023\/06\/Cirkular-2-2023c.pdf\">Cirkul\u00e4r 2-2023<\/a><\/p>\n<p><a href=\"https:\/\/dhr.se\/falun\/wp-content\/uploads\/sites\/61\/2023\/03\/Cirkular-1-2023c.pdf\">Cirkul\u00e4r 1-2023<\/a><\/p>\n<p>&nbsp;<\/p>\n<p>&nbsp;<\/p>\n<p>&nbsp;<\/p>\n<p>&nbsp;<\/p>\n<p>&nbsp;<\/p>\n<\/div>\n        <\/div>\n    <\/div>\n<\/section>\n\n\n<p><\/p>\n","protected":false},"excerpt":{"rendered":"","protected":false},"author":49,"featured_media":0,"parent":0,"menu_order":1,"comment_status":"closed","ping_status":"closed","template":"","meta":{"_acf_changed":false,"_monsterinsights_skip_tracking":false,"_monsterinsights_sitenote_active":false,"_monsterinsights_sitenote_note":"","_monsterinsights_sitenote_category":0,"footnotes":""},"class_list":["post-2070","page","type-page","status-publish","hentry"],"acf":[],"yoast_head":"<!-- This site is optimized with the Yoast SEO plugin v27.2 - https:\/\/yoast.com\/product\/yoast-seo-wordpress\/ -->\n<title>V\u00e5r verksamhet - DHR - Falun<\/title>\n<meta name=\"robots\" content=\"index, follow, max-snippet:-1, max-image-preview:large, max-video-preview:-1\" \/>\n<link rel=\"canonical\" href=\"https:\/\/dhr.se\/falun\/aktiviteter\/\" \/>\n<meta property=\"og:locale\" content=\"sv_SE\" \/>\n<meta property=\"og:type\" content=\"article\" \/>\n<meta property=\"og:title\" content=\"V\u00e5r verksamhet - DHR - Falun\" \/>\n<meta property=\"og:url\" content=\"https:\/\/dhr.se\/falun\/aktiviteter\/\" \/>\n<meta property=\"og:site_name\" content=\"DHR - Falun\" \/>\n<meta property=\"article:modified_time\" content=\"2026-04-14T07:23:20+00:00\" \/>\n<meta name=\"twitter:card\" content=\"summary_large_image\" \/>\n<script type=\"application\/ld+json\" class=\"yoast-schema-graph\">{\"@context\":\"https:\/\/schema.org\",\"@graph\":[{\"@type\":\"WebPage\",\"@id\":\"https:\/\/dhr.se\/falun\/aktiviteter\/\",\"url\":\"https:\/\/dhr.se\/falun\/aktiviteter\/\",\"name\":\"V\u00e5r verksamhet - DHR - Falun\",\"isPartOf\":{\"@id\":\"https:\/\/dhr.se\/falun\/#website\"},\"datePublished\":\"2021-04-13T10:08:28+00:00\",\"dateModified\":\"2026-04-14T07:23:20+00:00\",\"breadcrumb\":{\"@id\":\"https:\/\/dhr.se\/falun\/aktiviteter\/#breadcrumb\"},\"inLanguage\":\"sv-SE\",\"potentialAction\":[{\"@type\":\"ReadAction\",\"target\":[\"https:\/\/dhr.se\/falun\/aktiviteter\/\"]}]},{\"@type\":\"BreadcrumbList\",\"@id\":\"https:\/\/dhr.se\/falun\/aktiviteter\/#breadcrumb\",\"itemListElement\":[{\"@type\":\"ListItem\",\"position\":1,\"name\":\"Hem\",\"item\":\"https:\/\/dhr.se\/falun\/\"},{\"@type\":\"ListItem\",\"position\":2,\"name\":\"V\u00e5r verksamhet\"}]},{\"@type\":\"WebSite\",\"@id\":\"https:\/\/dhr.se\/falun\/#website\",\"url\":\"https:\/\/dhr.se\/falun\/\",\"name\":\"DHR - Falun\",\"description\":\"Delaktighet, r\u00f6relsefrihet och handlingskraft\",\"potentialAction\":[{\"@type\":\"SearchAction\",\"target\":{\"@type\":\"EntryPoint\",\"urlTemplate\":\"https:\/\/dhr.se\/falun\/?s={search_term_string}\"},\"query-input\":{\"@type\":\"PropertyValueSpecification\",\"valueRequired\":true,\"valueName\":\"search_term_string\"}}],\"inLanguage\":\"sv-SE\"}]}<\/script>\n<!-- \/ Yoast SEO plugin. -->","yoast_head_json":{"title":"V\u00e5r verksamhet - DHR - Falun","robots":{"index":"index","follow":"follow","max-snippet":"max-snippet:-1","max-image-preview":"max-image-preview:large","max-video-preview":"max-video-preview:-1"},"canonical":"https:\/\/dhr.se\/falun\/aktiviteter\/","og_locale":"sv_SE","og_type":"article","og_title":"V\u00e5r verksamhet - DHR - Falun","og_url":"https:\/\/dhr.se\/falun\/aktiviteter\/","og_site_name":"DHR - Falun","article_modified_time":"2026-04-14T07:23:20+00:00","twitter_card":"summary_large_image","schema":{"@context":"https:\/\/schema.org","@graph":[{"@type":"WebPage","@id":"https:\/\/dhr.se\/falun\/aktiviteter\/","url":"https:\/\/dhr.se\/falun\/aktiviteter\/","name":"V\u00e5r verksamhet - DHR - Falun","isPartOf":{"@id":"https:\/\/dhr.se\/falun\/#website"},"datePublished":"2021-04-13T10:08:28+00:00","dateModified":"2026-04-14T07:23:20+00:00","breadcrumb":{"@id":"https:\/\/dhr.se\/falun\/aktiviteter\/#breadcrumb"},"inLanguage":"sv-SE","potentialAction":[{"@type":"ReadAction","target":["https:\/\/dhr.se\/falun\/aktiviteter\/"]}]},{"@type":"BreadcrumbList","@id":"https:\/\/dhr.se\/falun\/aktiviteter\/#breadcrumb","itemListElement":[{"@type":"ListItem","position":1,"name":"Hem","item":"https:\/\/dhr.se\/falun\/"},{"@type":"ListItem","position":2,"name":"V\u00e5r verksamhet"}]},{"@type":"WebSite","@id":"https:\/\/dhr.se\/falun\/#website","url":"https:\/\/dhr.se\/falun\/","name":"DHR - Falun","description":"Delaktighet, r\u00f6relsefrihet och handlingskraft","potentialAction":[{"@type":"SearchAction","target":{"@type":"EntryPoint","urlTemplate":"https:\/\/dhr.se\/falun\/?s={search_term_string}"},"query-input":{"@type":"PropertyValueSpecification","valueRequired":true,"valueName":"search_term_string"}}],"inLanguage":"sv-SE"}]}},"publishpress_future_workflow_manual_trigger":{"enabledWorkflows":[]},"_links":{"self":[{"href":"https:\/\/dhr.se\/falun\/wp-json\/wp\/v2\/pages\/2070","targetHints":{"allow":["GET"]}}],"collection":[{"href":"https:\/\/dhr.se\/falun\/wp-json\/wp\/v2\/pages"}],"about":[{"href":"https:\/\/dhr.se\/falun\/wp-json\/wp\/v2\/types\/page"}],"author":[{"embeddable":true,"href":"https:\/\/dhr.se\/falun\/wp-json\/wp\/v2\/users\/49"}],"replies":[{"embeddable":true,"href":"https:\/\/dhr.se\/falun\/wp-json\/wp\/v2\/comments?post=2070"}],"version-history":[{"count":2,"href":"https:\/\/dhr.se\/falun\/wp-json\/wp\/v2\/pages\/2070\/revisions"}],"predecessor-version":[{"id":3479,"href":"https:\/\/dhr.se\/falun\/wp-json\/wp\/v2\/pages\/2070\/revisions\/3479"}],"wp:attachment":[{"href":"https:\/\/dhr.se\/falun\/wp-json\/wp\/v2\/media?parent=2070"}],"curies":[{"name":"wp","href":"https:\/\/api.w.org\/{rel}","templated":true}]}}