{"id":5312,"date":"2026-04-29T13:35:00","date_gmt":"2026-04-29T11:35:00","guid":{"rendered":"https:\/\/dhr.se\/goteborg\/?post_type=event&#038;p=5312"},"modified":"2026-04-07T16:51:02","modified_gmt":"2026-04-07T14:51:02","slug":"var-hang-med-medlemssociala-kommitten-i-botaniska-tradgarden","status":"publish","type":"event","link":"https:\/\/dhr.se\/goteborg\/event\/var-hang-med-medlemssociala-kommitten-i-botaniska-tradgarden\/","title":{"rendered":"V\u00e5r-h\u00e4ng med medlemssociala kommitt\u00e9n i Botaniska tr\u00e4dg\u00e5rden"},"content":{"rendered":"<section class=\"block-simple-text\">\n    <div class=\"main\">\n        <div class=\"main-inner\">\n            <div class=\"ingress text-darker\"><p>Nu b\u00f6rjar sakta blommor och gr\u00f6nska sl\u00e5 ut igen. S\u00e5 underbart! Det b\u00e4sta st\u00e4llet att uppleva detta p\u00e5 \u00e4r i Botaniska tr\u00e4dg\u00e5rden. D\u00e4rf\u00f6r tr\u00e4ffas vi <strong>onsdag den 6 maj kl 13<\/strong> utanf\u00f6r Botaniska tr\u00e4dg\u00e5rden. MSK bjuder p\u00e5 fika i form av kaffe och kaka. Vi hoppas s\u00e5klart p\u00e5 fint v\u00e4der\u2026 Du stannar s\u00e5 l\u00e4nge du vill. <strong>Medhj\u00e4lpare kommer finnas med under dagen<\/strong>.<\/p>\n<p>Vid d\u00e5ligt v\u00e4der st\u00e4ller vi in. Anm\u00e4l dig till: <a href=\"mailto:goteborg@dhr.se\">goteborg@dhr.se<\/a> <strong>senast m\u00e5ndag 4 maj<\/strong>.<\/p>\n<p>Har du fr\u00e5gor om aktiviteten h\u00f6r av dig till Helen Palmen\u00e4s p\u00e5<strong>: 0761-84 25 07<\/strong> eller Elin \u00c5kesson p\u00e5: <strong>0702-80 84 41<\/strong>. Obs! Vi tar <strong><u>inte <\/u><\/strong>emot n\u00e5gra anm\u00e4lningar.<\/p>\n<\/div>\n            <div class=\"content\"><\/div>\n        <\/div>\n    <\/div>\n<\/section>","protected":false},"template":"","class_list":["post-5312","event","type-event","status-publish","hentry"],"acf":[],"yoast_head":"<!-- This site is optimized with the Yoast SEO plugin v27.5 - https:\/\/yoast.com\/product\/yoast-seo-wordpress\/ -->\n<title>V\u00e5r-h\u00e4ng med medlemssociala kommitt\u00e9n i Botaniska tr\u00e4dg\u00e5rden - DHR - G\u00f6teborg<\/title>\n<meta name=\"robots\" content=\"index, follow, max-snippet:-1, max-image-preview:large, max-video-preview:-1\" \/>\n<link rel=\"canonical\" href=\"https:\/\/dhr.se\/goteborg\/event\/var-hang-med-medlemssociala-kommitten-i-botaniska-tradgarden\/\" \/>\n<meta property=\"og:locale\" content=\"sv_SE\" \/>\n<meta property=\"og:type\" content=\"article\" \/>\n<meta property=\"og:title\" content=\"V\u00e5r-h\u00e4ng med medlemssociala kommitt\u00e9n i Botaniska tr\u00e4dg\u00e5rden - DHR - G\u00f6teborg\" \/>\n<meta property=\"og:url\" content=\"https:\/\/dhr.se\/goteborg\/event\/var-hang-med-medlemssociala-kommitten-i-botaniska-tradgarden\/\" \/>\n<meta property=\"og:site_name\" content=\"DHR - G\u00f6teborg\" \/>\n<meta name=\"twitter:card\" content=\"summary_large_image\" \/>\n<script type=\"application\/ld+json\" class=\"yoast-schema-graph\">{\"@context\":\"https:\\\/\\\/schema.org\",\"@graph\":[{\"@type\":\"WebPage\",\"@id\":\"https:\\\/\\\/dhr.se\\\/goteborg\\\/event\\\/var-hang-med-medlemssociala-kommitten-i-botaniska-tradgarden\\\/\",\"url\":\"https:\\\/\\\/dhr.se\\\/goteborg\\\/event\\\/var-hang-med-medlemssociala-kommitten-i-botaniska-tradgarden\\\/\",\"name\":\"V\u00e5r-h\u00e4ng med medlemssociala kommitt\u00e9n i Botaniska tr\u00e4dg\u00e5rden - DHR - G\u00f6teborg\",\"isPartOf\":{\"@id\":\"https:\\\/\\\/dhr.se\\\/goteborg\\\/#website\"},\"datePublished\":\"2026-04-29T11:35:00+00:00\",\"breadcrumb\":{\"@id\":\"https:\\\/\\\/dhr.se\\\/goteborg\\\/event\\\/var-hang-med-medlemssociala-kommitten-i-botaniska-tradgarden\\\/#breadcrumb\"},\"inLanguage\":\"sv-SE\",\"potentialAction\":[{\"@type\":\"ReadAction\",\"target\":[\"https:\\\/\\\/dhr.se\\\/goteborg\\\/event\\\/var-hang-med-medlemssociala-kommitten-i-botaniska-tradgarden\\\/\"]}]},{\"@type\":\"BreadcrumbList\",\"@id\":\"https:\\\/\\\/dhr.se\\\/goteborg\\\/event\\\/var-hang-med-medlemssociala-kommitten-i-botaniska-tradgarden\\\/#breadcrumb\",\"itemListElement\":[{\"@type\":\"ListItem\",\"position\":1,\"name\":\"Hem\",\"item\":\"https:\\\/\\\/dhr.se\\\/goteborg\\\/\"},{\"@type\":\"ListItem\",\"position\":2,\"name\":\"Events\",\"item\":\"https:\\\/\\\/dhr.se\\\/goteborg\\\/event\\\/\"},{\"@type\":\"ListItem\",\"position\":3,\"name\":\"V\u00e5r-h\u00e4ng med medlemssociala kommitt\u00e9n i Botaniska tr\u00e4dg\u00e5rden\"}]},{\"@type\":\"WebSite\",\"@id\":\"https:\\\/\\\/dhr.se\\\/goteborg\\\/#website\",\"url\":\"https:\\\/\\\/dhr.se\\\/goteborg\\\/\",\"name\":\"DHR - G\u00f6teborg\",\"description\":\"Delaktighet, r\u00f6relsefrihet och handlingskraft\",\"potentialAction\":[{\"@type\":\"SearchAction\",\"target\":{\"@type\":\"EntryPoint\",\"urlTemplate\":\"https:\\\/\\\/dhr.se\\\/goteborg\\\/?s={search_term_string}\"},\"query-input\":{\"@type\":\"PropertyValueSpecification\",\"valueRequired\":true,\"valueName\":\"search_term_string\"}}],\"inLanguage\":\"sv-SE\"}]}<\/script>\n<!-- \/ Yoast SEO plugin. -->","yoast_head_json":{"title":"V\u00e5r-h\u00e4ng med medlemssociala kommitt\u00e9n i Botaniska tr\u00e4dg\u00e5rden - DHR - G\u00f6teborg","robots":{"index":"index","follow":"follow","max-snippet":"max-snippet:-1","max-image-preview":"max-image-preview:large","max-video-preview":"max-video-preview:-1"},"canonical":"https:\/\/dhr.se\/goteborg\/event\/var-hang-med-medlemssociala-kommitten-i-botaniska-tradgarden\/","og_locale":"sv_SE","og_type":"article","og_title":"V\u00e5r-h\u00e4ng med medlemssociala kommitt\u00e9n i Botaniska tr\u00e4dg\u00e5rden - DHR - G\u00f6teborg","og_url":"https:\/\/dhr.se\/goteborg\/event\/var-hang-med-medlemssociala-kommitten-i-botaniska-tradgarden\/","og_site_name":"DHR - G\u00f6teborg","twitter_card":"summary_large_image","schema":{"@context":"https:\/\/schema.org","@graph":[{"@type":"WebPage","@id":"https:\/\/dhr.se\/goteborg\/event\/var-hang-med-medlemssociala-kommitten-i-botaniska-tradgarden\/","url":"https:\/\/dhr.se\/goteborg\/event\/var-hang-med-medlemssociala-kommitten-i-botaniska-tradgarden\/","name":"V\u00e5r-h\u00e4ng med medlemssociala kommitt\u00e9n i Botaniska tr\u00e4dg\u00e5rden - DHR - G\u00f6teborg","isPartOf":{"@id":"https:\/\/dhr.se\/goteborg\/#website"},"datePublished":"2026-04-29T11:35:00+00:00","breadcrumb":{"@id":"https:\/\/dhr.se\/goteborg\/event\/var-hang-med-medlemssociala-kommitten-i-botaniska-tradgarden\/#breadcrumb"},"inLanguage":"sv-SE","potentialAction":[{"@type":"ReadAction","target":["https:\/\/dhr.se\/goteborg\/event\/var-hang-med-medlemssociala-kommitten-i-botaniska-tradgarden\/"]}]},{"@type":"BreadcrumbList","@id":"https:\/\/dhr.se\/goteborg\/event\/var-hang-med-medlemssociala-kommitten-i-botaniska-tradgarden\/#breadcrumb","itemListElement":[{"@type":"ListItem","position":1,"name":"Hem","item":"https:\/\/dhr.se\/goteborg\/"},{"@type":"ListItem","position":2,"name":"Events","item":"https:\/\/dhr.se\/goteborg\/event\/"},{"@type":"ListItem","position":3,"name":"V\u00e5r-h\u00e4ng med medlemssociala kommitt\u00e9n i Botaniska tr\u00e4dg\u00e5rden"}]},{"@type":"WebSite","@id":"https:\/\/dhr.se\/goteborg\/#website","url":"https:\/\/dhr.se\/goteborg\/","name":"DHR - G\u00f6teborg","description":"Delaktighet, r\u00f6relsefrihet och handlingskraft","potentialAction":[{"@type":"SearchAction","target":{"@type":"EntryPoint","urlTemplate":"https:\/\/dhr.se\/goteborg\/?s={search_term_string}"},"query-input":{"@type":"PropertyValueSpecification","valueRequired":true,"valueName":"search_term_string"}}],"inLanguage":"sv-SE"}]}},"publishpress_future_workflow_manual_trigger":{"enabledWorkflows":[]},"_links":{"self":[{"href":"https:\/\/dhr.se\/goteborg\/wp-json\/wp\/v2\/event\/5312","targetHints":{"allow":["GET"]}}],"collection":[{"href":"https:\/\/dhr.se\/goteborg\/wp-json\/wp\/v2\/event"}],"about":[{"href":"https:\/\/dhr.se\/goteborg\/wp-json\/wp\/v2\/types\/event"}],"wp:attachment":[{"href":"https:\/\/dhr.se\/goteborg\/wp-json\/wp\/v2\/media?parent=5312"}],"curies":[{"name":"wp","href":"https:\/\/api.w.org\/{rel}","templated":true}]}}

Vår-häng med medlemssociala kommittén i Botaniska trädgården

<section class="block-simple-text">
    <div class="main">
        <div class="main-inner">
            <div class="ingress text-darker"><p>Nu börjar sakta blommor och grönska slå ut igen. Så underbart! Det bästa stället att uppleva detta på är i Botaniska trädgården. Därför träffas vi <strong>onsdag den 6 maj kl 13</strong> utanför Botaniska trädgården. MSK bjuder på fika i form av kaffe och kaka. Vi hoppas såklart på fint väder… Du stannar så länge du vill. <strong>Medhjälpare kommer finnas med under dagen</strong>.</p>
<p>Vid dåligt väder ställer vi in. Anmäl dig till: <a href="mailto:goteborg@dhr.se">goteborg@dhr.se</a> <strong>senast måndag 4 maj</strong>.</p>
<p>Har du frågor om aktiviteten hör av dig till Helen Palmenäs på<strong>: 0761-84 25 07</strong> eller Elin Åkesson på: <strong>0702-80 84 41</strong>. Obs! Vi tar <strong><u>inte </u></strong>emot några anmälningar.</p>
</div>
            <div class="content"></div>
        </div>
    </div>
</section>

<!-- This site is optimized with the Yoast SEO plugin v27.5 - https://yoast.com/product/yoast-seo-wordpress/ -->
<title>Vår-häng med medlemssociala kommittén i Botaniska trädgården - DHR - Göteborg</title>
<meta name="robots" content="index, follow, max-snippet:-1, max-image-preview:large, max-video-preview:-1" />
<link rel="canonical" href="https://dhr.se/goteborg/event/var-hang-med-medlemssociala-kommitten-i-botaniska-tradgarden/" />
<meta property="og:locale" content="sv_SE" />
<meta property="og:type" content="article" />
<meta property="og:title" content="Vår-häng med medlemssociala kommittén i Botaniska trädgården - DHR - Göteborg" />
<meta property="og:url" content="https://dhr.se/goteborg/event/var-hang-med-medlemssociala-kommitten-i-botaniska-tradgarden/" />
<meta property="og:site_name" content="DHR - Göteborg" />
<meta name="twitter:card" content="summary_large_image" />
<script type="application/ld+json" class="yoast-schema-graph">{"@context":"https:\/\/schema.org","@graph":[{"@type":"WebPage","@id":"https:\/\/dhr.se\/goteborg\/event\/var-hang-med-medlemssociala-kommitten-i-botaniska-tradgarden\/","url":"https:\/\/dhr.se\/goteborg\/event\/var-hang-med-medlemssociala-kommitten-i-botaniska-tradgarden\/","name":"Vår-häng med medlemssociala kommittén i Botaniska trädgården - DHR - Göteborg","isPartOf":{"@id":"https:\/\/dhr.se\/goteborg\/#website"},"datePublished":"2026-04-29T11:35:00+00:00","breadcrumb":{"@id":"https:\/\/dhr.se\/goteborg\/event\/var-hang-med-medlemssociala-kommitten-i-botaniska-tradgarden\/#breadcrumb"},"inLanguage":"sv-SE","potentialAction":[{"@type":"ReadAction","target":["https:\/\/dhr.se\/goteborg\/event\/var-hang-med-medlemssociala-kommitten-i-botaniska-tradgarden\/"]}]},{"@type":"BreadcrumbList","@id":"https:\/\/dhr.se\/goteborg\/event\/var-hang-med-medlemssociala-kommitten-i-botaniska-tradgarden\/#breadcrumb","itemListElement":[{"@type":"ListItem","position":1,"name":"Hem","item":"https:\/\/dhr.se\/goteborg\/"},{"@type":"ListItem","position":2,"name":"Events","item":"https:\/\/dhr.se\/goteborg\/event\/"},{"@type":"ListItem","position":3,"name":"Vår-häng med medlemssociala kommittén i Botaniska trädgården"}]},{"@type":"WebSite","@id":"https:\/\/dhr.se\/goteborg\/#website","url":"https:\/\/dhr.se\/goteborg\/","name":"DHR - Göteborg","description":"Delaktighet, rörelsefrihet och handlingskraft","potentialAction":[{"@type":"SearchAction","target":{"@type":"EntryPoint","urlTemplate":"https:\/\/dhr.se\/goteborg\/?s={search_term_string}"},"query-input":{"@type":"PropertyValueSpecification","valueRequired":true,"valueName":"search_term_string"}}],"inLanguage":"sv-SE"}]}</script>
<!-- / Yoast SEO plugin. -->

Vår-häng med medlemssociala kommittén i Botaniska trädgården - DHR - Göteborg

DHR - Göteborg

Delaktighet, rörelsefrihet och handlingskraft
