{"id":2044,"date":"2020-04-23T11:00:40","date_gmt":"2020-04-23T09:00:40","guid":{"rendered":"http:\/\/dhr.se\/goteborg\/?page_id=2044"},"modified":"2026-03-31T14:59:33","modified_gmt":"2026-03-31T12:59:33","slug":"blanketter","status":"publish","type":"page","link":"https:\/\/dhr.se\/goteborg\/om-dhr-goteborg\/blanketter\/","title":{"rendered":"Blanketter"},"content":{"rendered":"\n<pre class=\"wp-block-preformatted\"><\/pre>\n\n\n\n<p>H\u00e4r hittar du en del av\u00a0de blanketter som vi brukar anv\u00e4nda.<br><br><a href=\"https:\/\/dhr.se\/goteborg\/wp-content\/uploads\/sites\/3\/2026\/03\/ansokningsblankettStifelsen.pdf\" target=\"_blank\" rel=\"noreferrer noopener\">Blankett f\u00f6r Underst\u00f6dsstiftelsen<\/a><a href=\"https:\/\/dhr.se\/goteborg\/?p=188\"><br><\/a><a href=\"https:\/\/dhr.se\/goteborg\/wp-content\/uploads\/sites\/3\/2023\/10\/Arvodesblankett2023.pdf\" target=\"_blank\" rel=\"noreferrer noopener\">Arvodesblankett<\/a><\/p>\n\n\n\n<p>Blanketter fr\u00e5n F\u00f6rs\u00e4kringskassan h\u00e4mtar ni direkt fr\u00e5n <a href=\"https:\/\/www.forsakringskassan.se\/\">deras hemsida<\/a>.<\/p>\n\n\n\n<p>Missn\u00f6jd med din f\u00e4rdtj\u00e4nstresa, men vet inte hur du ska formulera dig?<br>Vi har sammanst\u00e4llt&nbsp;fyra stycken mallar som handlar om de vanligaste anm\u00e4lningarna till f\u00e4rdtj\u00e4nstens kundservice.<br><a href=\"https:\/\/dhr.se\/goteborg\/wp-content\/uploads\/sites\/3\/2021\/05\/Mall-for-kundservice-fardtjanst-gallande-brister-i-bemotandet.pdf\" target=\"_blank\" rel=\"noreferrer noopener\">Bem\u00f6tande under resan<\/a><br><a href=\"https:\/\/dhr.se\/goteborg\/files\/2015\/10\/Mall-f\u00f6r-kundservice-f\u00e4rdtj\u00e4nst-s\u00e4kerhet-g\u00e4llande-f\u00e4stpunkter.pdf\" target=\"_blank\" rel=\"noreferrer noopener\">F\u00f6rankring av rullstol i fordonet<\/a><br><a href=\"https:\/\/dhr.se\/goteborg\/files\/2019\/12\/Mall-f\u00f6r-kundservice-f\u00e4rdtj\u00e4nst-s\u00e4kerhet-g\u00e4llande-Nackst\u00f6d.pdf\" target=\"_blank\" rel=\"noreferrer noopener\">Nackst\u00f6d<\/a><br><a href=\"https:\/\/dhr.se\/goteborg\/wp-content\/uploads\/sites\/3\/2021\/05\/Mall-for-fardtjanstfordon-forsenat-mer-an-20-minuter.pdf\">F\u00f6rsenat Fordon<\/a><br>Beh\u00f6ver du hj\u00e4lp med att fylla i? <a href=\"https:\/\/dhr.se\/goteborg\/files\/2016\/01\/Mall-f\u00f6r-kundservice-f\u00e4rdtj\u00e4nst-s\u00e4kerhet-g\u00e4llande-f\u00e4stpunkter-ifylld.pdf\" target=\"_blank\" rel=\"noreferrer noopener\">Se exempel<\/a><br>Du kan l\u00e4mna in dina synpunkter p\u00e5 tre olika s\u00e4tt antingen via e-post,<br><a href=\"mailto:kundservice@fardtjansten.goteborg.se\">kundservice@fardtjansten.goteborg.se<\/a><br>eller ringa 031-41 95 52&nbsp; eller skicka ett brev till,<br>F\u00c4RDTJ\u00c4NSTEN OCH FLEXLINJENS KUNDSERVICE<br>BOX 30054<br>400 43 G\u00d6TEBORG<\/p>\n\n\n\n<p>Om du har f\u00f6rslag p\u00e5 fler mallar ring till Robert eller Linda p\u00e5 DHR G\u00f6teborgsavdelningen.<br>Robert 0768-75 25 11<br>Linda 0723-28 81 83<\/p>\n","protected":false},"excerpt":{"rendered":"<p>H\u00e4r hittar du en del av\u00a0de blanketter som vi brukar anv\u00e4nda. Blankett f\u00f6r Underst\u00f6dsstiftelsenArvodesblankett Blanketter fr\u00e5n F\u00f6rs\u00e4kringskassan h\u00e4mtar ni direkt fr\u00e5n deras hemsida. Missn\u00f6jd med din f\u00e4rdtj\u00e4nstresa, men vet inte hur du ska formulera dig?Vi har sammanst\u00e4llt&nbsp;fyra stycken mallar som[&hellip;]<\/p>\n","protected":false},"author":7,"featured_media":0,"parent":936,"menu_order":0,"comment_status":"closed","ping_status":"closed","template":"template-side-menu.php","meta":{"_acf_changed":false,"_monsterinsights_skip_tracking":false,"_monsterinsights_sitenote_active":false,"_monsterinsights_sitenote_note":"","_monsterinsights_sitenote_category":0,"footnotes":""},"class_list":["post-2044","page","type-page","status-publish","hentry"],"acf":[],"yoast_head":"<!-- This site is optimized with the Yoast SEO plugin v27.2 - https:\/\/yoast.com\/product\/yoast-seo-wordpress\/ -->\n<title>Blanketter - DHR - G\u00f6teborg<\/title>\n<meta name=\"robots\" content=\"index, follow, max-snippet:-1, max-image-preview:large, max-video-preview:-1\" \/>\n<link rel=\"canonical\" href=\"https:\/\/dhr.se\/goteborg\/om-dhr-goteborg\/blanketter\/\" \/>\n<meta property=\"og:locale\" content=\"sv_SE\" \/>\n<meta property=\"og:type\" content=\"article\" \/>\n<meta property=\"og:title\" content=\"Blanketter - DHR - G\u00f6teborg\" \/>\n<meta property=\"og:description\" content=\"H\u00e4r hittar du en del av\u00a0de blanketter som vi brukar anv\u00e4nda. Blankett f\u00f6r Underst\u00f6dsstiftelsenArvodesblankett Blanketter fr\u00e5n F\u00f6rs\u00e4kringskassan h\u00e4mtar ni direkt fr\u00e5n deras hemsida. Missn\u00f6jd med din f\u00e4rdtj\u00e4nstresa, men vet inte hur du ska formulera dig?Vi har sammanst\u00e4llt&nbsp;fyra stycken mallar som[&hellip;]\" \/>\n<meta property=\"og:url\" content=\"https:\/\/dhr.se\/goteborg\/om-dhr-goteborg\/blanketter\/\" \/>\n<meta property=\"og:site_name\" content=\"DHR - G\u00f6teborg\" \/>\n<meta property=\"article:modified_time\" content=\"2026-03-31T12:59:33+00:00\" \/>\n<meta name=\"twitter:card\" content=\"summary_large_image\" \/>\n<meta name=\"twitter:label1\" content=\"Ber\u00e4knad l\u00e4stid\" \/>\n\t<meta name=\"twitter:data1\" content=\"1 minut\" \/>\n<script type=\"application\/ld+json\" class=\"yoast-schema-graph\">{\"@context\":\"https:\/\/schema.org\",\"@graph\":[{\"@type\":\"WebPage\",\"@id\":\"https:\/\/dhr.se\/goteborg\/om-dhr-goteborg\/blanketter\/\",\"url\":\"https:\/\/dhr.se\/goteborg\/om-dhr-goteborg\/blanketter\/\",\"name\":\"Blanketter - DHR - G\u00f6teborg\",\"isPartOf\":{\"@id\":\"https:\/\/dhr.se\/goteborg\/#website\"},\"datePublished\":\"2020-04-23T09:00:40+00:00\",\"dateModified\":\"2026-03-31T12:59:33+00:00\",\"breadcrumb\":{\"@id\":\"https:\/\/dhr.se\/goteborg\/om-dhr-goteborg\/blanketter\/#breadcrumb\"},\"inLanguage\":\"sv-SE\",\"potentialAction\":[{\"@type\":\"ReadAction\",\"target\":[\"https:\/\/dhr.se\/goteborg\/om-dhr-goteborg\/blanketter\/\"]}]},{\"@type\":\"BreadcrumbList\",\"@id\":\"https:\/\/dhr.se\/goteborg\/om-dhr-goteborg\/blanketter\/#breadcrumb\",\"itemListElement\":[{\"@type\":\"ListItem\",\"position\":1,\"name\":\"Hem\",\"item\":\"https:\/\/dhr.se\/goteborg\/\"},{\"@type\":\"ListItem\",\"position\":2,\"name\":\"Om DHR G\u00f6teborg\",\"item\":\"https:\/\/dhr.se\/goteborg\/om-dhr-goteborg\/\"},{\"@type\":\"ListItem\",\"position\":3,\"name\":\"Blanketter\"}]},{\"@type\":\"WebSite\",\"@id\":\"https:\/\/dhr.se\/goteborg\/#website\",\"url\":\"https:\/\/dhr.se\/goteborg\/\",\"name\":\"DHR - G\u00f6teborg\",\"description\":\"Delaktighet, r\u00f6relsefrihet och handlingskraft\",\"potentialAction\":[{\"@type\":\"SearchAction\",\"target\":{\"@type\":\"EntryPoint\",\"urlTemplate\":\"https:\/\/dhr.se\/goteborg\/?s={search_term_string}\"},\"query-input\":{\"@type\":\"PropertyValueSpecification\",\"valueRequired\":true,\"valueName\":\"search_term_string\"}}],\"inLanguage\":\"sv-SE\"}]}<\/script>\n<!-- \/ Yoast SEO plugin. -->","yoast_head_json":{"title":"Blanketter - DHR - G\u00f6teborg","robots":{"index":"index","follow":"follow","max-snippet":"max-snippet:-1","max-image-preview":"max-image-preview:large","max-video-preview":"max-video-preview:-1"},"canonical":"https:\/\/dhr.se\/goteborg\/om-dhr-goteborg\/blanketter\/","og_locale":"sv_SE","og_type":"article","og_title":"Blanketter - DHR - G\u00f6teborg","og_description":"H\u00e4r hittar du en del av\u00a0de blanketter som vi brukar anv\u00e4nda. Blankett f\u00f6r Underst\u00f6dsstiftelsenArvodesblankett Blanketter fr\u00e5n F\u00f6rs\u00e4kringskassan h\u00e4mtar ni direkt fr\u00e5n deras hemsida. Missn\u00f6jd med din f\u00e4rdtj\u00e4nstresa, men vet inte hur du ska formulera dig?Vi har sammanst\u00e4llt&nbsp;fyra stycken mallar som[&hellip;]","og_url":"https:\/\/dhr.se\/goteborg\/om-dhr-goteborg\/blanketter\/","og_site_name":"DHR - G\u00f6teborg","article_modified_time":"2026-03-31T12:59:33+00:00","twitter_card":"summary_large_image","twitter_misc":{"Ber\u00e4knad l\u00e4stid":"1 minut"},"schema":{"@context":"https:\/\/schema.org","@graph":[{"@type":"WebPage","@id":"https:\/\/dhr.se\/goteborg\/om-dhr-goteborg\/blanketter\/","url":"https:\/\/dhr.se\/goteborg\/om-dhr-goteborg\/blanketter\/","name":"Blanketter - DHR - G\u00f6teborg","isPartOf":{"@id":"https:\/\/dhr.se\/goteborg\/#website"},"datePublished":"2020-04-23T09:00:40+00:00","dateModified":"2026-03-31T12:59:33+00:00","breadcrumb":{"@id":"https:\/\/dhr.se\/goteborg\/om-dhr-goteborg\/blanketter\/#breadcrumb"},"inLanguage":"sv-SE","potentialAction":[{"@type":"ReadAction","target":["https:\/\/dhr.se\/goteborg\/om-dhr-goteborg\/blanketter\/"]}]},{"@type":"BreadcrumbList","@id":"https:\/\/dhr.se\/goteborg\/om-dhr-goteborg\/blanketter\/#breadcrumb","itemListElement":[{"@type":"ListItem","position":1,"name":"Hem","item":"https:\/\/dhr.se\/goteborg\/"},{"@type":"ListItem","position":2,"name":"Om DHR G\u00f6teborg","item":"https:\/\/dhr.se\/goteborg\/om-dhr-goteborg\/"},{"@type":"ListItem","position":3,"name":"Blanketter"}]},{"@type":"WebSite","@id":"https:\/\/dhr.se\/goteborg\/#website","url":"https:\/\/dhr.se\/goteborg\/","name":"DHR - G\u00f6teborg","description":"Delaktighet, r\u00f6relsefrihet och handlingskraft","potentialAction":[{"@type":"SearchAction","target":{"@type":"EntryPoint","urlTemplate":"https:\/\/dhr.se\/goteborg\/?s={search_term_string}"},"query-input":{"@type":"PropertyValueSpecification","valueRequired":true,"valueName":"search_term_string"}}],"inLanguage":"sv-SE"}]}},"publishpress_future_workflow_manual_trigger":{"enabledWorkflows":[]},"_links":{"self":[{"href":"https:\/\/dhr.se\/goteborg\/wp-json\/wp\/v2\/pages\/2044","targetHints":{"allow":["GET"]}}],"collection":[{"href":"https:\/\/dhr.se\/goteborg\/wp-json\/wp\/v2\/pages"}],"about":[{"href":"https:\/\/dhr.se\/goteborg\/wp-json\/wp\/v2\/types\/page"}],"author":[{"embeddable":true,"href":"https:\/\/dhr.se\/goteborg\/wp-json\/wp\/v2\/users\/7"}],"replies":[{"embeddable":true,"href":"https:\/\/dhr.se\/goteborg\/wp-json\/wp\/v2\/comments?post=2044"}],"version-history":[{"count":1,"href":"https:\/\/dhr.se\/goteborg\/wp-json\/wp\/v2\/pages\/2044\/revisions"}],"predecessor-version":[{"id":5308,"href":"https:\/\/dhr.se\/goteborg\/wp-json\/wp\/v2\/pages\/2044\/revisions\/5308"}],"up":[{"embeddable":true,"href":"https:\/\/dhr.se\/goteborg\/wp-json\/wp\/v2\/pages\/936"}],"wp:attachment":[{"href":"https:\/\/dhr.se\/goteborg\/wp-json\/wp\/v2\/media?parent=2044"}],"curies":[{"name":"wp","href":"https:\/\/api.w.org\/{rel}","templated":true}]}}