{"id":2957,"date":"2022-02-01T14:13:42","date_gmt":"2022-02-01T13:13:42","guid":{"rendered":"https:\/\/dhr.se\/goteborg\/?page_id=2957"},"modified":"2023-03-16T16:36:36","modified_gmt":"2023-03-16T15:36:36","slug":"motespunkt-2022","status":"publish","type":"page","link":"https:\/\/dhr.se\/goteborg\/motespunkt-2022\/","title":{"rendered":"M\u00f6tesPunkt"},"content":{"rendered":"<section class=\"block-simple-text\">\n    <div class=\"main\">\n        <div class=\"main-inner\">\n            <div class=\"ingress text-darker\"><p>Klicka p\u00e5 bilderna nedan f\u00f6r att l\u00e4sa v\u00e5ra medlemsblad fr\u00e5n 2022<\/p>\n<p>&nbsp;<\/p>\n<\/div>\n            <div class=\"content\"><p><a href=\"https:\/\/dhr.se\/goteborg\/wp-content\/uploads\/sites\/3\/2022\/11\/DHR-Mo\u0308tespunkt-nr-6-2022.pdf\" target=\"_blank\" rel=\"noopener\"><img loading=\"lazy\" decoding=\"async\" class=\"alignnone size-medium wp-image-3517\" src=\"https:\/\/dhr.se\/goteborg\/wp-content\/uploads\/sites\/3\/2022\/11\/mp6-2022-232x300.jpg\" alt=\"\" width=\"232\" height=\"300\" srcset=\"https:\/\/dhr.se\/goteborg\/wp-content\/uploads\/sites\/3\/2022\/11\/mp6-2022-232x300.jpg 232w, https:\/\/dhr.se\/goteborg\/wp-content\/uploads\/sites\/3\/2022\/11\/mp6-2022.jpg 624w\" sizes=\"auto, (max-width: 232px) 100vw, 232px\" \/><\/a><\/p>\n<p><a href=\"https:\/\/dhr.se\/goteborg\/wp-content\/uploads\/sites\/3\/2022\/09\/motespunkt5-2022.pdf\"><img loading=\"lazy\" decoding=\"async\" class=\"alignnone size-medium wp-image-3400\" src=\"https:\/\/dhr.se\/goteborg\/wp-content\/uploads\/sites\/3\/2022\/09\/mp5-2022-232x300.jpg\" alt=\"\" width=\"232\" height=\"300\" srcset=\"https:\/\/dhr.se\/goteborg\/wp-content\/uploads\/sites\/3\/2022\/09\/mp5-2022-232x300.jpg 232w, https:\/\/dhr.se\/goteborg\/wp-content\/uploads\/sites\/3\/2022\/09\/mp5-2022.jpg 624w\" sizes=\"auto, (max-width: 232px) 100vw, 232px\" \/><\/a><\/p>\n<p>&nbsp;<\/p>\n<p><a href=\"https:\/\/dhr.se\/goteborg\/wp-content\/uploads\/sites\/3\/2022\/06\/motespunkt4-2022.pdf\" target=\"_blank\" rel=\"noopener\"><img loading=\"lazy\" decoding=\"async\" class=\"alignnone wp-image-3274 size-medium\" src=\"https:\/\/dhr.se\/goteborg\/wp-content\/uploads\/sites\/3\/2022\/06\/mp4-2022-232x300.png\" alt=\"\" width=\"232\" height=\"300\" srcset=\"https:\/\/dhr.se\/goteborg\/wp-content\/uploads\/sites\/3\/2022\/06\/mp4-2022-232x300.png 232w, https:\/\/dhr.se\/goteborg\/wp-content\/uploads\/sites\/3\/2022\/06\/mp4-2022.png 624w\" sizes=\"auto, (max-width: 232px) 100vw, 232px\" \/><\/a><\/p>\n<p><a href=\"https:\/\/dhr.se\/goteborg\/wp-content\/uploads\/sites\/3\/2022\/05\/DHR-nr-3-2022.pdf\" target=\"_blank\" rel=\"noopener\"><img loading=\"lazy\" decoding=\"async\" class=\"alignnone size-medium wp-image-3201\" src=\"https:\/\/dhr.se\/goteborg\/wp-content\/uploads\/sites\/3\/2022\/05\/mp3-2022-232x300.jpg\" alt=\"\" width=\"232\" height=\"300\" srcset=\"https:\/\/dhr.se\/goteborg\/wp-content\/uploads\/sites\/3\/2022\/05\/mp3-2022-232x300.jpg 232w, https:\/\/dhr.se\/goteborg\/wp-content\/uploads\/sites\/3\/2022\/05\/mp3-2022.jpg 624w\" sizes=\"auto, (max-width: 232px) 100vw, 232px\" \/><\/a><\/p>\n<p><a href=\"https:\/\/dhr.se\/goteborg\/wp-content\/uploads\/sites\/3\/2022\/03\/DHR-Mo\u0308tespunkt-nr-2-2022.pdf\" target=\"_blank\" rel=\"noopener\"><img loading=\"lazy\" decoding=\"async\" class=\"alignnone size-medium wp-image-3068\" src=\"https:\/\/dhr.se\/goteborg\/wp-content\/uploads\/sites\/3\/2022\/03\/mp2-2022-232x300.jpg\" alt=\"\" width=\"232\" height=\"300\" srcset=\"https:\/\/dhr.se\/goteborg\/wp-content\/uploads\/sites\/3\/2022\/03\/mp2-2022-232x300.jpg 232w, https:\/\/dhr.se\/goteborg\/wp-content\/uploads\/sites\/3\/2022\/03\/mp2-2022.jpg 624w\" sizes=\"auto, (max-width: 232px) 100vw, 232px\" \/><\/a><\/p>\n<p><a href=\"https:\/\/dhr.se\/goteborg\/wp-content\/uploads\/sites\/3\/2022\/02\/DHR-nr-1-2022.pdf\" target=\"_blank\" rel=\"noopener\"><img loading=\"lazy\" decoding=\"async\" class=\"alignnone size-medium wp-image-2973\" src=\"https:\/\/dhr.se\/goteborg\/wp-content\/uploads\/sites\/3\/2022\/02\/Omslagmp1-2022-232x300.png\" alt=\"\" width=\"232\" height=\"300\" srcset=\"https:\/\/dhr.se\/goteborg\/wp-content\/uploads\/sites\/3\/2022\/02\/Omslagmp1-2022-232x300.png 232w, https:\/\/dhr.se\/goteborg\/wp-content\/uploads\/sites\/3\/2022\/02\/Omslagmp1-2022.png 624w\" sizes=\"auto, (max-width: 232px) 100vw, 232px\" \/><\/a><\/p>\n<\/div>\n        <\/div>\n    <\/div>\n<\/section>\n\n\n<p><\/p>\n","protected":false},"excerpt":{"rendered":"","protected":false},"author":7,"featured_media":0,"parent":0,"menu_order":0,"comment_status":"closed","ping_status":"closed","template":"","meta":{"_acf_changed":false,"_monsterinsights_skip_tracking":false,"_monsterinsights_sitenote_active":false,"_monsterinsights_sitenote_note":"","_monsterinsights_sitenote_category":0,"footnotes":""},"class_list":["post-2957","page","type-page","status-publish","hentry"],"acf":[],"yoast_head":"<!-- This site is optimized with the Yoast SEO plugin v27.2 - https:\/\/yoast.com\/product\/yoast-seo-wordpress\/ -->\n<title>M\u00f6tesPunkt - DHR - G\u00f6teborg<\/title>\n<meta name=\"robots\" content=\"index, follow, max-snippet:-1, max-image-preview:large, max-video-preview:-1\" \/>\n<link rel=\"canonical\" href=\"https:\/\/dhr.se\/goteborg\/motespunkt-2022\/\" \/>\n<meta property=\"og:locale\" content=\"sv_SE\" \/>\n<meta property=\"og:type\" content=\"article\" \/>\n<meta property=\"og:title\" content=\"M\u00f6tesPunkt - DHR - G\u00f6teborg\" \/>\n<meta property=\"og:url\" content=\"https:\/\/dhr.se\/goteborg\/motespunkt-2022\/\" \/>\n<meta property=\"og:site_name\" content=\"DHR - G\u00f6teborg\" \/>\n<meta property=\"article:modified_time\" content=\"2023-03-16T15:36:36+00:00\" \/>\n<meta name=\"twitter:card\" content=\"summary_large_image\" \/>\n<script type=\"application\/ld+json\" class=\"yoast-schema-graph\">{\"@context\":\"https:\/\/schema.org\",\"@graph\":[{\"@type\":\"WebPage\",\"@id\":\"https:\/\/dhr.se\/goteborg\/motespunkt-2022\/\",\"url\":\"https:\/\/dhr.se\/goteborg\/motespunkt-2022\/\",\"name\":\"M\u00f6tesPunkt - DHR - G\u00f6teborg\",\"isPartOf\":{\"@id\":\"https:\/\/dhr.se\/goteborg\/#website\"},\"datePublished\":\"2022-02-01T13:13:42+00:00\",\"dateModified\":\"2023-03-16T15:36:36+00:00\",\"breadcrumb\":{\"@id\":\"https:\/\/dhr.se\/goteborg\/motespunkt-2022\/#breadcrumb\"},\"inLanguage\":\"sv-SE\",\"potentialAction\":[{\"@type\":\"ReadAction\",\"target\":[\"https:\/\/dhr.se\/goteborg\/motespunkt-2022\/\"]}]},{\"@type\":\"BreadcrumbList\",\"@id\":\"https:\/\/dhr.se\/goteborg\/motespunkt-2022\/#breadcrumb\",\"itemListElement\":[{\"@type\":\"ListItem\",\"position\":1,\"name\":\"Hem\",\"item\":\"https:\/\/dhr.se\/goteborg\/\"},{\"@type\":\"ListItem\",\"position\":2,\"name\":\"M\u00f6tesPunkt\"}]},{\"@type\":\"WebSite\",\"@id\":\"https:\/\/dhr.se\/goteborg\/#website\",\"url\":\"https:\/\/dhr.se\/goteborg\/\",\"name\":\"DHR - G\u00f6teborg\",\"description\":\"Delaktighet, r\u00f6relsefrihet och handlingskraft\",\"potentialAction\":[{\"@type\":\"SearchAction\",\"target\":{\"@type\":\"EntryPoint\",\"urlTemplate\":\"https:\/\/dhr.se\/goteborg\/?s={search_term_string}\"},\"query-input\":{\"@type\":\"PropertyValueSpecification\",\"valueRequired\":true,\"valueName\":\"search_term_string\"}}],\"inLanguage\":\"sv-SE\"}]}<\/script>\n<!-- \/ Yoast SEO plugin. -->","yoast_head_json":{"title":"M\u00f6tesPunkt - DHR - G\u00f6teborg","robots":{"index":"index","follow":"follow","max-snippet":"max-snippet:-1","max-image-preview":"max-image-preview:large","max-video-preview":"max-video-preview:-1"},"canonical":"https:\/\/dhr.se\/goteborg\/motespunkt-2022\/","og_locale":"sv_SE","og_type":"article","og_title":"M\u00f6tesPunkt - DHR - G\u00f6teborg","og_url":"https:\/\/dhr.se\/goteborg\/motespunkt-2022\/","og_site_name":"DHR - G\u00f6teborg","article_modified_time":"2023-03-16T15:36:36+00:00","twitter_card":"summary_large_image","schema":{"@context":"https:\/\/schema.org","@graph":[{"@type":"WebPage","@id":"https:\/\/dhr.se\/goteborg\/motespunkt-2022\/","url":"https:\/\/dhr.se\/goteborg\/motespunkt-2022\/","name":"M\u00f6tesPunkt - DHR - G\u00f6teborg","isPartOf":{"@id":"https:\/\/dhr.se\/goteborg\/#website"},"datePublished":"2022-02-01T13:13:42+00:00","dateModified":"2023-03-16T15:36:36+00:00","breadcrumb":{"@id":"https:\/\/dhr.se\/goteborg\/motespunkt-2022\/#breadcrumb"},"inLanguage":"sv-SE","potentialAction":[{"@type":"ReadAction","target":["https:\/\/dhr.se\/goteborg\/motespunkt-2022\/"]}]},{"@type":"BreadcrumbList","@id":"https:\/\/dhr.se\/goteborg\/motespunkt-2022\/#breadcrumb","itemListElement":[{"@type":"ListItem","position":1,"name":"Hem","item":"https:\/\/dhr.se\/goteborg\/"},{"@type":"ListItem","position":2,"name":"M\u00f6tesPunkt"}]},{"@type":"WebSite","@id":"https:\/\/dhr.se\/goteborg\/#website","url":"https:\/\/dhr.se\/goteborg\/","name":"DHR - G\u00f6teborg","description":"Delaktighet, r\u00f6relsefrihet och handlingskraft","potentialAction":[{"@type":"SearchAction","target":{"@type":"EntryPoint","urlTemplate":"https:\/\/dhr.se\/goteborg\/?s={search_term_string}"},"query-input":{"@type":"PropertyValueSpecification","valueRequired":true,"valueName":"search_term_string"}}],"inLanguage":"sv-SE"}]}},"publishpress_future_workflow_manual_trigger":{"enabledWorkflows":[]},"_links":{"self":[{"href":"https:\/\/dhr.se\/goteborg\/wp-json\/wp\/v2\/pages\/2957","targetHints":{"allow":["GET"]}}],"collection":[{"href":"https:\/\/dhr.se\/goteborg\/wp-json\/wp\/v2\/pages"}],"about":[{"href":"https:\/\/dhr.se\/goteborg\/wp-json\/wp\/v2\/types\/page"}],"author":[{"embeddable":true,"href":"https:\/\/dhr.se\/goteborg\/wp-json\/wp\/v2\/users\/7"}],"replies":[{"embeddable":true,"href":"https:\/\/dhr.se\/goteborg\/wp-json\/wp\/v2\/comments?post=2957"}],"version-history":[{"count":0,"href":"https:\/\/dhr.se\/goteborg\/wp-json\/wp\/v2\/pages\/2957\/revisions"}],"wp:attachment":[{"href":"https:\/\/dhr.se\/goteborg\/wp-json\/wp\/v2\/media?parent=2957"}],"curies":[{"name":"wp","href":"https:\/\/api.w.org\/{rel}","templated":true}]}}