{"id":2701,"date":"2021-03-05T16:01:24","date_gmt":"2021-03-05T15:01:24","guid":{"rendered":"http:\/\/dhr.se\/halland\/?page_id=2701"},"modified":"2024-11-26T18:57:22","modified_gmt":"2024-11-26T17:57:22","slug":"tillganglighetsbad","status":"publish","type":"page","link":"https:\/\/dhr.se\/halland\/tillganglighetsbad\/","title":{"rendered":"Tillg\u00e4nglighetsbadet"},"content":{"rendered":"<section class=\"block-one-two\">\n    <div class=\"main\">\n        <div class=\"main-inner\">\n        <h2>Tillg\u00e4nglighetsbadet p\u00e5 Getter\u00f6n i Varberg Kommun<\/h2>\n\n            <div class=\"flex-container\">\n                <div class=\"col-small\">\n                    <div class=\"content\"><figure id=\"attachment_2786\" aria-describedby=\"caption-attachment-2786\" style=\"width: 481px\" class=\"wp-caption alignnone\"><img loading=\"lazy\" decoding=\"async\" class=\" wp-image-2786\" src=\"https:\/\/dhr.se\/halland\/wp-content\/uploads\/sites\/13\/2021\/03\/Bad-300x141.jpg\" alt=\"\" width=\"481\" height=\"226\" srcset=\"https:\/\/dhr.se\/halland\/wp-content\/uploads\/sites\/13\/2021\/03\/Bad-300x141.jpg 300w, https:\/\/dhr.se\/halland\/wp-content\/uploads\/sites\/13\/2021\/03\/Bad-768x360.jpg 768w, https:\/\/dhr.se\/halland\/wp-content\/uploads\/sites\/13\/2021\/03\/Bad.jpg 800w\" sizes=\"auto, (max-width: 481px) 100vw, 481px\" \/><figcaption id=\"caption-attachment-2786\" class=\"wp-caption-text\">Tillg\u00e4nglighetsbadet Getter\u00f6n 5te vik<\/figcaption><\/figure>\n<\/div>\n                <\/div>\n                <div class=\"col-big\">\n                    <div class=\"content\"><p>Tillg\u00e4nglighetsbadet stod klart maj 2020 med en efterl\u00e4ngtad funktion. Badet har ett omkl\u00e4dningsrum, tv\u00e5 tillg\u00e4ngliga toaletter, ett duschrum samt en utv\u00e4ndig dusch. Tv\u00e5 badrullstolar finns f\u00f6r utl\u00e5ning. Det finns 18 parkeringsplatser speciellt f\u00f6r r\u00f6relsehindrade i anslutning till badet.<\/p>\n<p>Under bads\u00e4songen 16 maj &#8211; 15\u00a0 augusti finns Badv\u00e4rdar tillg\u00e4ngliga, klockan 10-16<\/p>\n<p>Bra information om Tillg\u00e4nglighetsbadets olika funktioner hittar du, om du \u00f6ppnar l\u00e4nken nedan.<\/p>\n<p><span style=\"text-decoration: underline\"><a href=\"https:\/\/ungarorelsehindradegoteborgsklubben.se\/ett-nytt-mysigt-tillganglighetsbad-i-varberg\/\"><strong>Ett nytt mysigt tillg\u00e4nglighetsbad i Varberg\u00a0<\/strong><\/a><\/span><\/p>\n<p>Adress till badet: Getter\u00f6v\u00e4gen 55. 432 93 Varberg.<\/p>\n<p>Varbergs kommuns Youtubevideo om<\/p>\n<p><span style=\"text-decoration: underline\"><strong><a href=\"https:\/\/www.youtube.com\/watch?v=NNKMICB63JM&amp;t=19s\">Tillg\u00e4nglighetsbadet<\/a><\/strong><\/span><\/p>\n<p>&nbsp;<\/p>\n<p>&nbsp;<\/p>\n<\/div>\n                <\/div>\n            <\/div>\n            \n        <\/div>\n    <\/div>\n<\/section>\n\n<section class=\"block-one-two\">\n    <div class=\"main\">\n        <div class=\"main-inner\">\n        <h2><\/h2>\n\n            <div class=\"flex-container\">\n                <div class=\"col-small\">\n                    <div class=\"content\"><\/div>\n                <\/div>\n                <div class=\"col-big\">\n                    <div class=\"content\"><\/div>\n                <\/div>\n            <\/div>\n            \n        <\/div>\n    <\/div>\n<\/section>\n\n<section class=\"block-one-two\">\n    <div class=\"main\">\n        <div class=\"main-inner\">\n        <h2><\/h2>\n\n            <div class=\"flex-container\">\n                <div class=\"col-small\">\n                    <div class=\"content\"><\/div>\n                <\/div>\n                <div class=\"col-big\">\n                    <div class=\"content\"><\/div>\n                <\/div>\n            <\/div>\n            \n        <\/div>\n    <\/div>\n<\/section>\n\n\n<p><\/p>\n","protected":false},"excerpt":{"rendered":"","protected":false},"author":15,"featured_media":0,"parent":0,"menu_order":0,"comment_status":"closed","ping_status":"closed","template":"","meta":{"_acf_changed":false,"_monsterinsights_skip_tracking":false,"_monsterinsights_sitenote_active":false,"_monsterinsights_sitenote_note":"","_monsterinsights_sitenote_category":0,"footnotes":""},"class_list":["post-2701","page","type-page","status-publish","hentry"],"acf":[],"yoast_head":"<!-- This site is optimized with the Yoast SEO plugin v27.2 - https:\/\/yoast.com\/product\/yoast-seo-wordpress\/ -->\n<title>Tillg\u00e4nglighetsbadet - DHR - Region Halland<\/title>\n<meta name=\"robots\" content=\"index, follow, max-snippet:-1, max-image-preview:large, max-video-preview:-1\" \/>\n<link rel=\"canonical\" href=\"https:\/\/dhr.se\/halland\/tillganglighetsbad\/\" \/>\n<meta property=\"og:locale\" content=\"sv_SE\" \/>\n<meta property=\"og:type\" content=\"article\" \/>\n<meta property=\"og:title\" content=\"Tillg\u00e4nglighetsbadet - DHR - Region Halland\" \/>\n<meta property=\"og:url\" content=\"https:\/\/dhr.se\/halland\/tillganglighetsbad\/\" \/>\n<meta property=\"og:site_name\" content=\"DHR - Region Halland\" \/>\n<meta property=\"article:modified_time\" content=\"2024-11-26T17:57:22+00:00\" \/>\n<meta name=\"twitter:card\" content=\"summary_large_image\" \/>\n<script type=\"application\/ld+json\" class=\"yoast-schema-graph\">{\"@context\":\"https:\/\/schema.org\",\"@graph\":[{\"@type\":\"WebPage\",\"@id\":\"https:\/\/dhr.se\/halland\/tillganglighetsbad\/\",\"url\":\"https:\/\/dhr.se\/halland\/tillganglighetsbad\/\",\"name\":\"Tillg\u00e4nglighetsbadet - DHR - Region Halland\",\"isPartOf\":{\"@id\":\"https:\/\/dhr.se\/halland\/#website\"},\"datePublished\":\"2021-03-05T15:01:24+00:00\",\"dateModified\":\"2024-11-26T17:57:22+00:00\",\"breadcrumb\":{\"@id\":\"https:\/\/dhr.se\/halland\/tillganglighetsbad\/#breadcrumb\"},\"inLanguage\":\"sv-SE\",\"potentialAction\":[{\"@type\":\"ReadAction\",\"target\":[\"https:\/\/dhr.se\/halland\/tillganglighetsbad\/\"]}]},{\"@type\":\"BreadcrumbList\",\"@id\":\"https:\/\/dhr.se\/halland\/tillganglighetsbad\/#breadcrumb\",\"itemListElement\":[{\"@type\":\"ListItem\",\"position\":1,\"name\":\"Hem\",\"item\":\"https:\/\/dhr.se\/halland\/\"},{\"@type\":\"ListItem\",\"position\":2,\"name\":\"Tillg\u00e4nglighetsbadet\"}]},{\"@type\":\"WebSite\",\"@id\":\"https:\/\/dhr.se\/halland\/#website\",\"url\":\"https:\/\/dhr.se\/halland\/\",\"name\":\"DHR - Region Halland\",\"description\":\"Delaktighet, r\u00f6relsefrihet och handlingskraft\",\"potentialAction\":[{\"@type\":\"SearchAction\",\"target\":{\"@type\":\"EntryPoint\",\"urlTemplate\":\"https:\/\/dhr.se\/halland\/?s={search_term_string}\"},\"query-input\":{\"@type\":\"PropertyValueSpecification\",\"valueRequired\":true,\"valueName\":\"search_term_string\"}}],\"inLanguage\":\"sv-SE\"}]}<\/script>\n<!-- \/ Yoast SEO plugin. -->","yoast_head_json":{"title":"Tillg\u00e4nglighetsbadet - DHR - Region Halland","robots":{"index":"index","follow":"follow","max-snippet":"max-snippet:-1","max-image-preview":"max-image-preview:large","max-video-preview":"max-video-preview:-1"},"canonical":"https:\/\/dhr.se\/halland\/tillganglighetsbad\/","og_locale":"sv_SE","og_type":"article","og_title":"Tillg\u00e4nglighetsbadet - DHR - Region Halland","og_url":"https:\/\/dhr.se\/halland\/tillganglighetsbad\/","og_site_name":"DHR - Region Halland","article_modified_time":"2024-11-26T17:57:22+00:00","twitter_card":"summary_large_image","schema":{"@context":"https:\/\/schema.org","@graph":[{"@type":"WebPage","@id":"https:\/\/dhr.se\/halland\/tillganglighetsbad\/","url":"https:\/\/dhr.se\/halland\/tillganglighetsbad\/","name":"Tillg\u00e4nglighetsbadet - DHR - Region Halland","isPartOf":{"@id":"https:\/\/dhr.se\/halland\/#website"},"datePublished":"2021-03-05T15:01:24+00:00","dateModified":"2024-11-26T17:57:22+00:00","breadcrumb":{"@id":"https:\/\/dhr.se\/halland\/tillganglighetsbad\/#breadcrumb"},"inLanguage":"sv-SE","potentialAction":[{"@type":"ReadAction","target":["https:\/\/dhr.se\/halland\/tillganglighetsbad\/"]}]},{"@type":"BreadcrumbList","@id":"https:\/\/dhr.se\/halland\/tillganglighetsbad\/#breadcrumb","itemListElement":[{"@type":"ListItem","position":1,"name":"Hem","item":"https:\/\/dhr.se\/halland\/"},{"@type":"ListItem","position":2,"name":"Tillg\u00e4nglighetsbadet"}]},{"@type":"WebSite","@id":"https:\/\/dhr.se\/halland\/#website","url":"https:\/\/dhr.se\/halland\/","name":"DHR - Region Halland","description":"Delaktighet, r\u00f6relsefrihet och handlingskraft","potentialAction":[{"@type":"SearchAction","target":{"@type":"EntryPoint","urlTemplate":"https:\/\/dhr.se\/halland\/?s={search_term_string}"},"query-input":{"@type":"PropertyValueSpecification","valueRequired":true,"valueName":"search_term_string"}}],"inLanguage":"sv-SE"}]}},"publishpress_future_action":{"enabled":false,"date":"2026-05-04 02:14:00","action":"change-status","newStatus":"draft","terms":[],"taxonomy":"translation_priority","extraData":[]},"publishpress_future_workflow_manual_trigger":{"enabledWorkflows":[]},"_links":{"self":[{"href":"https:\/\/dhr.se\/halland\/wp-json\/wp\/v2\/pages\/2701","targetHints":{"allow":["GET"]}}],"collection":[{"href":"https:\/\/dhr.se\/halland\/wp-json\/wp\/v2\/pages"}],"about":[{"href":"https:\/\/dhr.se\/halland\/wp-json\/wp\/v2\/types\/page"}],"author":[{"embeddable":true,"href":"https:\/\/dhr.se\/halland\/wp-json\/wp\/v2\/users\/15"}],"replies":[{"embeddable":true,"href":"https:\/\/dhr.se\/halland\/wp-json\/wp\/v2\/comments?post=2701"}],"version-history":[{"count":0,"href":"https:\/\/dhr.se\/halland\/wp-json\/wp\/v2\/pages\/2701\/revisions"}],"wp:attachment":[{"href":"https:\/\/dhr.se\/halland\/wp-json\/wp\/v2\/media?parent=2701"}],"curies":[{"name":"wp","href":"https:\/\/api.w.org\/{rel}","templated":true}]}}

Tillgänglighetsbadet

<section class="block-one-two">
    <div class="main">
        <div class="main-inner">
        <h2>Tillgänglighetsbadet på Getterön i Varberg Kommun</h2>

            <div class="flex-container">
                <div class="col-small">
                    <div class="content"><figure id="attachment_2786" aria-describedby="caption-attachment-2786" style="width: 481px" class="wp-caption alignnone"><img loading="lazy" decoding="async" class=" wp-image-2786" src="https://dhr.se/halland/wp-content/uploads/sites/13/2021/03/Bad-300x141.jpg" alt="" width="481" height="226" srcset="https://dhr.se/halland/wp-content/uploads/sites/13/2021/03/Bad-300x141.jpg 300w, https://dhr.se/halland/wp-content/uploads/sites/13/2021/03/Bad-768x360.jpg 768w, https://dhr.se/halland/wp-content/uploads/sites/13/2021/03/Bad.jpg 800w" sizes="auto, (max-width: 481px) 100vw, 481px" /><figcaption id="caption-attachment-2786" class="wp-caption-text">Tillgänglighetsbadet Getterön 5te vik</figcaption></figure>
</div>
                </div>
                <div class="col-big">
                    <div class="content"><p>Tillgänglighetsbadet stod klart maj 2020 med en efterlängtad funktion. Badet har ett omklädningsrum, två tillgängliga toaletter, ett duschrum samt en utvändig dusch. Två badrullstolar finns för utlåning. Det finns 18 parkeringsplatser speciellt för rörelsehindrade i anslutning till badet.</p>
<p>Under badsäsongen 16 maj &#8211; 15  augusti finns Badvärdar tillgängliga, klockan 10-16</p>
<p>Bra information om Tillgänglighetsbadets olika funktioner hittar du, om du öppnar länken nedan.</p>
<p><span style="text-decoration: underline"><a href="https://ungarorelsehindradegoteborgsklubben.se/ett-nytt-mysigt-tillganglighetsbad-i-varberg/"><strong>Ett nytt mysigt tillgänglighetsbad i Varberg </strong></a></span></p>
<p>Adress till badet: Getterövägen 55. 432 93 Varberg.</p>
<p>Varbergs kommuns Youtubevideo om</p>
<p><span style="text-decoration: underline"><strong><a href="https://www.youtube.com/watch?v=NNKMICB63JM&amp;t=19s">Tillgänglighetsbadet</a></strong></span></p>
<p>&nbsp;</p>
<p>&nbsp;</p>
</div>
                </div>
            </div>
            
        </div>
    </div>
</section>

<section class="block-one-two">
    <div class="main">
        <div class="main-inner">
        <h2></h2>

            <div class="flex-container">
                <div class="col-small">
                    <div class="content"></div>
                </div>
                <div class="col-big">
                    <div class="content"></div>
                </div>
            </div>
            
        </div>
    </div>
</section>

<section class="block-one-two">
    <div class="main">
        <div class="main-inner">
        <h2></h2>

            <div class="flex-container">
                <div class="col-small">
                    <div class="content"></div>
                </div>
                <div class="col-big">
                    <div class="content"></div>
                </div>
            </div>
            
        </div>
    </div>
</section>


<p></p>

<!-- This site is optimized with the Yoast SEO plugin v27.2 - https://yoast.com/product/yoast-seo-wordpress/ -->
<title>Tillgänglighetsbadet - DHR - Region Halland</title>
<meta name="robots" content="index, follow, max-snippet:-1, max-image-preview:large, max-video-preview:-1" />
<link rel="canonical" href="https://dhr.se/halland/tillganglighetsbad/" />
<meta property="og:locale" content="sv_SE" />
<meta property="og:type" content="article" />
<meta property="og:title" content="Tillgänglighetsbadet - DHR - Region Halland" />
<meta property="og:url" content="https://dhr.se/halland/tillganglighetsbad/" />
<meta property="og:site_name" content="DHR - Region Halland" />
<meta property="article:modified_time" content="2024-11-26T17:57:22+00:00" />
<meta name="twitter:card" content="summary_large_image" />
<script type="application/ld+json" class="yoast-schema-graph">{"@context":"https://schema.org","@graph":[{"@type":"WebPage","@id":"https://dhr.se/halland/tillganglighetsbad/","url":"https://dhr.se/halland/tillganglighetsbad/","name":"Tillgänglighetsbadet - DHR - Region Halland","isPartOf":{"@id":"https://dhr.se/halland/#website"},"datePublished":"2021-03-05T15:01:24+00:00","dateModified":"2024-11-26T17:57:22+00:00","breadcrumb":{"@id":"https://dhr.se/halland/tillganglighetsbad/#breadcrumb"},"inLanguage":"sv-SE","potentialAction":[{"@type":"ReadAction","target":["https://dhr.se/halland/tillganglighetsbad/"]}]},{"@type":"BreadcrumbList","@id":"https://dhr.se/halland/tillganglighetsbad/#breadcrumb","itemListElement":[{"@type":"ListItem","position":1,"name":"Hem","item":"https://dhr.se/halland/"},{"@type":"ListItem","position":2,"name":"Tillgänglighetsbadet"}]},{"@type":"WebSite","@id":"https://dhr.se/halland/#website","url":"https://dhr.se/halland/","name":"DHR - Region Halland","description":"Delaktighet, rörelsefrihet och handlingskraft","potentialAction":[{"@type":"SearchAction","target":{"@type":"EntryPoint","urlTemplate":"https://dhr.se/halland/?s={search_term_string}"},"query-input":{"@type":"PropertyValueSpecification","valueRequired":true,"valueName":"search_term_string"}}],"inLanguage":"sv-SE"}]}</script>
<!-- / Yoast SEO plugin. -->

Tillgänglighetsbadet - DHR - Region Halland

Delaktighet, rörelsefrihet och handlingskraft
