{"id":4614,"date":"2023-03-16T10:59:40","date_gmt":"2023-03-16T09:59:40","guid":{"rendered":"https:\/\/dhr.se\/halland\/?page_id=4614"},"modified":"2023-10-22T08:37:18","modified_gmt":"2023-10-22T06:37:18","slug":"dhr-100-ar","status":"publish","type":"page","link":"https:\/\/dhr.se\/halland\/dhr-100-ar\/","title":{"rendered":"DHR 100 \u00e5r i Halland"},"content":{"rendered":"<section class=\"block-one-two\">\n    <div class=\"main\">\n        <div class=\"main-inner\">\n        <h2>100 \u00e5rs firande<\/h2>\n\n            <div class=\"flex-container\">\n                <div class=\"col-small\">\n                    <div class=\"content\"><p>&nbsp;<\/p>\n<p>&nbsp;<\/p>\n<p><img loading=\"lazy\" decoding=\"async\" class=\"alignnone wp-image-4620\" src=\"https:\/\/dhr.se\/halland\/wp-content\/uploads\/sites\/13\/2023\/03\/image001-1-300x159.png\" alt=\"\" width=\"321\" height=\"170\" srcset=\"https:\/\/dhr.se\/halland\/wp-content\/uploads\/sites\/13\/2023\/03\/image001-1-300x159.png 300w, https:\/\/dhr.se\/halland\/wp-content\/uploads\/sites\/13\/2023\/03\/image001-1-768x408.png 768w, https:\/\/dhr.se\/halland\/wp-content\/uploads\/sites\/13\/2023\/03\/image001-1.png 836w\" sizes=\"auto, (max-width: 321px) 100vw, 321px\" \/><\/p>\n<\/div>\n                <\/div>\n                <div class=\"col-big\">\n                    <div class=\"content\"><p><strong>Rapporter och filmer fr\u00e5n den 26 oktober 2023<\/strong><\/p>\n<p><a href=\"https:\/\/dhr.se\/halland\/wp-content\/uploads\/sites\/13\/2023\/08\/DHR-Presentation-100-ar-26-augusti-REV-F.pdf\">F\u00f6rel\u00e4sning DHR information Centralt och Regionalt<\/a><\/p>\n<p><a href=\"https:\/\/www.youtube.com\/watch?v=udq_4E5bczY\">Politiker Rullstols promenad<\/a><\/p>\n<p><a href=\"https:\/\/www.youtube.com\/watch?v=NOmyegE-KeU&amp;t=281s\">Politikerdialog Lilla Teatern, Kulturhuset\u00a0<em>Komedianten<\/em><\/a><\/p>\n<p><a href=\"https:\/\/dhr.se\/halland\/wp-content\/uploads\/sites\/13\/2023\/08\/Dialogen-med-Politiker-den-26-augusti-den-28-aug.pdf\">Politiker dialog fr\u00e5gor<\/a><\/p>\n<p><a href=\"https:\/\/www.youtube.com\/watch?v=347xIbrLhis\">F\u00f6rel\u00e4sning Mat och H\u00e4lsa<\/a><\/p>\n<p><a href=\"https:\/\/dhr.se\/halland\/wp-content\/uploads\/sites\/13\/2023\/10\/Rapport-fran-DHR-Region-Halland-100-ars-den-26-augusti.pdf\">Rapport fr\u00e5n DHR 100 \u00e5r Distriktet<\/a><\/p>\n<\/div>\n                <\/div>\n            <\/div>\n            \n        <\/div>\n    <\/div>\n<\/section>\n\n<section class=\"block-one-two\">\n    <div class=\"main\">\n        <div class=\"main-inner\">\n        <h2><\/h2>\n\n            <div class=\"flex-container\">\n                <div class=\"col-small\">\n                    <div class=\"content\"><p><img loading=\"lazy\" decoding=\"async\" class=\"alignnone  wp-image-4795\" src=\"https:\/\/dhr.se\/halland\/wp-content\/uploads\/sites\/13\/2023\/07\/DHR-100-ar-bild-300x114.png\" alt=\"\" width=\"516\" height=\"196\" srcset=\"https:\/\/dhr.se\/halland\/wp-content\/uploads\/sites\/13\/2023\/07\/DHR-100-ar-bild-300x114.png 300w, https:\/\/dhr.se\/halland\/wp-content\/uploads\/sites\/13\/2023\/07\/DHR-100-ar-bild.png 364w\" sizes=\"auto, (max-width: 516px) 100vw, 516px\" \/><\/p>\n<\/div>\n                <\/div>\n                <div class=\"col-big\">\n                    <div class=\"content\"><\/div>\n                <\/div>\n            <\/div>\n            \n        <\/div>\n    <\/div>\n<\/section>","protected":false},"excerpt":{"rendered":"","protected":false},"author":33,"featured_media":0,"parent":0,"menu_order":0,"comment_status":"closed","ping_status":"closed","template":"","meta":{"_acf_changed":false,"_monsterinsights_skip_tracking":false,"_monsterinsights_sitenote_active":false,"_monsterinsights_sitenote_note":"","_monsterinsights_sitenote_category":0,"footnotes":""},"class_list":["post-4614","page","type-page","status-publish","hentry"],"acf":[],"yoast_head":"<!-- This site is optimized with the Yoast SEO plugin v27.2 - https:\/\/yoast.com\/product\/yoast-seo-wordpress\/ -->\n<title>DHR 100 \u00e5r i Halland - DHR - Region Halland<\/title>\n<meta name=\"robots\" content=\"index, follow, max-snippet:-1, max-image-preview:large, max-video-preview:-1\" \/>\n<link rel=\"canonical\" href=\"https:\/\/dhr.se\/halland\/dhr-100-ar\/\" \/>\n<meta property=\"og:locale\" content=\"sv_SE\" \/>\n<meta property=\"og:type\" content=\"article\" \/>\n<meta property=\"og:title\" content=\"DHR 100 \u00e5r i Halland - DHR - Region Halland\" \/>\n<meta property=\"og:url\" content=\"https:\/\/dhr.se\/halland\/dhr-100-ar\/\" \/>\n<meta property=\"og:site_name\" content=\"DHR - Region Halland\" \/>\n<meta property=\"article:modified_time\" content=\"2023-10-22T06:37:18+00:00\" \/>\n<meta name=\"twitter:card\" content=\"summary_large_image\" \/>\n<script type=\"application\/ld+json\" class=\"yoast-schema-graph\">{\"@context\":\"https:\/\/schema.org\",\"@graph\":[{\"@type\":\"WebPage\",\"@id\":\"https:\/\/dhr.se\/halland\/dhr-100-ar\/\",\"url\":\"https:\/\/dhr.se\/halland\/dhr-100-ar\/\",\"name\":\"DHR 100 \u00e5r i Halland - DHR - Region Halland\",\"isPartOf\":{\"@id\":\"https:\/\/dhr.se\/halland\/#website\"},\"datePublished\":\"2023-03-16T09:59:40+00:00\",\"dateModified\":\"2023-10-22T06:37:18+00:00\",\"breadcrumb\":{\"@id\":\"https:\/\/dhr.se\/halland\/dhr-100-ar\/#breadcrumb\"},\"inLanguage\":\"sv-SE\",\"potentialAction\":[{\"@type\":\"ReadAction\",\"target\":[\"https:\/\/dhr.se\/halland\/dhr-100-ar\/\"]}]},{\"@type\":\"BreadcrumbList\",\"@id\":\"https:\/\/dhr.se\/halland\/dhr-100-ar\/#breadcrumb\",\"itemListElement\":[{\"@type\":\"ListItem\",\"position\":1,\"name\":\"Hem\",\"item\":\"https:\/\/dhr.se\/halland\/\"},{\"@type\":\"ListItem\",\"position\":2,\"name\":\"DHR 100 \u00e5r i Halland\"}]},{\"@type\":\"WebSite\",\"@id\":\"https:\/\/dhr.se\/halland\/#website\",\"url\":\"https:\/\/dhr.se\/halland\/\",\"name\":\"DHR - Region Halland\",\"description\":\"Delaktighet, r\u00f6relsefrihet och handlingskraft\",\"potentialAction\":[{\"@type\":\"SearchAction\",\"target\":{\"@type\":\"EntryPoint\",\"urlTemplate\":\"https:\/\/dhr.se\/halland\/?s={search_term_string}\"},\"query-input\":{\"@type\":\"PropertyValueSpecification\",\"valueRequired\":true,\"valueName\":\"search_term_string\"}}],\"inLanguage\":\"sv-SE\"}]}<\/script>\n<!-- \/ Yoast SEO plugin. -->","yoast_head_json":{"title":"DHR 100 \u00e5r i Halland - DHR - Region Halland","robots":{"index":"index","follow":"follow","max-snippet":"max-snippet:-1","max-image-preview":"max-image-preview:large","max-video-preview":"max-video-preview:-1"},"canonical":"https:\/\/dhr.se\/halland\/dhr-100-ar\/","og_locale":"sv_SE","og_type":"article","og_title":"DHR 100 \u00e5r i Halland - DHR - Region Halland","og_url":"https:\/\/dhr.se\/halland\/dhr-100-ar\/","og_site_name":"DHR - Region Halland","article_modified_time":"2023-10-22T06:37:18+00:00","twitter_card":"summary_large_image","schema":{"@context":"https:\/\/schema.org","@graph":[{"@type":"WebPage","@id":"https:\/\/dhr.se\/halland\/dhr-100-ar\/","url":"https:\/\/dhr.se\/halland\/dhr-100-ar\/","name":"DHR 100 \u00e5r i Halland - DHR - Region Halland","isPartOf":{"@id":"https:\/\/dhr.se\/halland\/#website"},"datePublished":"2023-03-16T09:59:40+00:00","dateModified":"2023-10-22T06:37:18+00:00","breadcrumb":{"@id":"https:\/\/dhr.se\/halland\/dhr-100-ar\/#breadcrumb"},"inLanguage":"sv-SE","potentialAction":[{"@type":"ReadAction","target":["https:\/\/dhr.se\/halland\/dhr-100-ar\/"]}]},{"@type":"BreadcrumbList","@id":"https:\/\/dhr.se\/halland\/dhr-100-ar\/#breadcrumb","itemListElement":[{"@type":"ListItem","position":1,"name":"Hem","item":"https:\/\/dhr.se\/halland\/"},{"@type":"ListItem","position":2,"name":"DHR 100 \u00e5r i Halland"}]},{"@type":"WebSite","@id":"https:\/\/dhr.se\/halland\/#website","url":"https:\/\/dhr.se\/halland\/","name":"DHR - Region Halland","description":"Delaktighet, r\u00f6relsefrihet och handlingskraft","potentialAction":[{"@type":"SearchAction","target":{"@type":"EntryPoint","urlTemplate":"https:\/\/dhr.se\/halland\/?s={search_term_string}"},"query-input":{"@type":"PropertyValueSpecification","valueRequired":true,"valueName":"search_term_string"}}],"inLanguage":"sv-SE"}]}},"publishpress_future_action":{"enabled":false,"date":"2026-05-04 02:01:13","action":"change-status","newStatus":"draft","terms":[],"taxonomy":"translation_priority","extraData":[]},"publishpress_future_workflow_manual_trigger":{"enabledWorkflows":[]},"_links":{"self":[{"href":"https:\/\/dhr.se\/halland\/wp-json\/wp\/v2\/pages\/4614","targetHints":{"allow":["GET"]}}],"collection":[{"href":"https:\/\/dhr.se\/halland\/wp-json\/wp\/v2\/pages"}],"about":[{"href":"https:\/\/dhr.se\/halland\/wp-json\/wp\/v2\/types\/page"}],"author":[{"embeddable":true,"href":"https:\/\/dhr.se\/halland\/wp-json\/wp\/v2\/users\/33"}],"replies":[{"embeddable":true,"href":"https:\/\/dhr.se\/halland\/wp-json\/wp\/v2\/comments?post=4614"}],"version-history":[{"count":0,"href":"https:\/\/dhr.se\/halland\/wp-json\/wp\/v2\/pages\/4614\/revisions"}],"wp:attachment":[{"href":"https:\/\/dhr.se\/halland\/wp-json\/wp\/v2\/media?parent=4614"}],"curies":[{"name":"wp","href":"https:\/\/api.w.org\/{rel}","templated":true}]}}