{"id":2257,"date":"2026-03-03T16:52:08","date_gmt":"2026-03-03T15:52:08","guid":{"rendered":"https:\/\/dhr.se\/intern\/?page_id=2257"},"modified":"2026-04-15T17:00:22","modified_gmt":"2026-04-15T15:00:22","slug":"trycksaker","status":"publish","type":"page","link":"https:\/\/dhr.se\/intern\/material\/trycksaker\/","title":{"rendered":"Trycksaker"},"content":{"rendered":"<section class=\"block-simple-text\">\n    <div class=\"main\">\n        <div class=\"main-inner\">\n            <div class=\"ingress text-darker\"><p>Nu kan du best\u00e4lla DHR:s trycksaker direkt fr\u00e5n tryckeriet. Under en \u00f6verg\u00e5ngsperiod finns n\u00e5gra kvarvarande trycksaker att best\u00e4lla fr\u00e5n f\u00f6rbundskansliet.<\/p>\n<p>Nedan kan du l\u00e4sa och skriva ut n\u00e5gra av DHR:s trycksaker.<\/p>\n<p><a href=\"https:\/\/dhr.se\/bli-medlem\/medlemsservice\/\">Kontakta Medlemsservice f\u00f6r information om vilka trycksaker som finns i lager.<\/a><\/p>\n<p>&nbsp;<\/p>\n<\/div>\n            <div class=\"content\"><\/div>\n        <\/div>\n    <\/div>\n<\/section>\n\n<section class=\"block-one-two\">\n    <div class=\"main\">\n        <div class=\"main-inner\">\n        <h2><\/h2>\n\n            <div class=\"flex-container\">\n                <div class=\"col-small\">\n                    <div class=\"content\"><p><a href=\"https:\/\/dhr.se\/intern\/wp-content\/uploads\/sites\/81\/2026\/02\/Varda-medlemmarna-ta-emot-nya-nov-2023_w.pdf\"><img loading=\"lazy\" decoding=\"async\" class=\"logotyp alignleft wp-image-8986 size-medium\" src=\"https:\/\/dhr.se\/wp-content\/uploads\/2023\/11\/Skarmklipp-Varda-medlemmar-215x300.png\" alt=\"\" width=\"215\" height=\"300\" \/><\/a><\/p>\n<p><strong>V\u00e5rda och v\u00e4rva (2023)<br \/>\n<\/strong><\/p>\n<p>\u00d6ka kunskapen och f\u00e5 tips p\u00e5<br \/>\nmedlemsv\u00e5rd och v\u00e4rvning av<br \/>\nnya medlemmar.<\/p>\n<p><a href=\"https:\/\/dhr.se\/intern\/wp-content\/uploads\/sites\/81\/2026\/02\/Varda-medlemmarna-ta-emot-nya-nov-2023_w.pdf\">L\u00e4s eller skriv ut &#8221;V\u00e5rda och v\u00e4rva&#8221;.\u00a0<\/a><\/p>\n<p>&nbsp;<\/p>\n<p>&nbsp;<\/p>\n<\/div>\n                <\/div>\n                <div class=\"col-big\">\n                    <div class=\"content\"><p>&nbsp;<\/p>\n<p><strong>V\u00e4lkommen till DHR (2024)<\/strong><\/p>\n<p>Folder som presenterar DHR<\/p>\n<p><a href=\"https:\/\/dhr.se\/intern\/wp-content\/uploads\/sites\/81\/2026\/02\/Valkommen_folder_utskrift.pdf\">L\u00e4s eller skriv ut &#8221;V\u00e4lkommen till DHR&#8221;.<\/a><\/p>\n<p>&nbsp;<\/p>\n<\/div>\n                <\/div>\n            <\/div>\n            \n        <\/div>\n    <\/div>\n<\/section>\n\n<section class=\"block-one-two\">\n    <div class=\"main\">\n        <div class=\"main-inner\">\n        <h2><\/h2>\n\n            <div class=\"flex-container\">\n                <div class=\"col-small\">\n                    <div class=\"content\"><p><a href=\"https:\/\/dhrforbundet-my.sharepoint.com\/:b:\/g\/personal\/janna_olzon_dhr_se\/Eb4j2du31vhDuiP26CCHWmMBLR1oKPFMsxNTZrKv8P4y0w?e=0nqhci\" target=\"_blank\" rel=\"noopener\"><img loading=\"lazy\" decoding=\"async\" class=\"logotyp alignnone wp-image-2251 size-medium\" src=\"https:\/\/dhr.se\/wp-content\/uploads\/2020\/03\/Sk\u00e4rmklipp-v\u00e5ra-krav-211x300.png\" alt=\"\" width=\"211\" height=\"300\" \/><\/a><\/p>\n<p><strong>V\u00e5ra krav \u2013 lokalt r\u00e4ttighetspolitiskt<br \/>\narbete i DHR (2018)<br \/>\n<\/strong>Best\u00e4ll fr\u00e5n medlemsservice<\/p>\n<p><a href=\"https:\/\/dhr.se\/intern\/wp-content\/uploads\/sites\/81\/2026\/03\/Vara-krav-lokalt-sept-18.pdf\">L\u00e4s eller skriv ut &#8221;V\u00e5ra krav&#8221;.<\/a><\/p>\n<\/div>\n                <\/div>\n                <div class=\"col-big\">\n                    <div class=\"content\"><p><a href=\"https:\/\/dhrforbundet.sharepoint.com\/:b:\/s\/gemensamtforbundskansliet\/EZSeoGdNK-dOqc5z5r3m7XoBGlQUqGZu_2Hxlfl1VOSiCA?e=UQhQEw\" target=\"_blank\" rel=\"noopener\"><img loading=\"lazy\" decoding=\"async\" class=\"logotyp alignnone wp-image-3033\" src=\"https:\/\/dhr.se\/wp-content\/uploads\/2021\/01\/Sk\u00e4rmklipp-manapower.png\" alt=\"\" width=\"217\" height=\"301\" \/><\/a><\/p>\n<p><b>Rekrytera brett och s\u00e4kra <\/b><br \/>\n<b>kompetensen (2020)<\/b><\/p>\n<p><a href=\"https:\/\/dhr.se\/intern\/wp-content\/uploads\/sites\/81\/2026\/03\/DHR-Manpower-feb-20.pdf\">L\u00e4s eller skriv ut Rekrytera brett <\/a><br \/>\n<a href=\"https:\/\/dhr.se\/intern\/wp-content\/uploads\/sites\/81\/2026\/03\/DHR-Manpower-feb-20.pdf\">och s\u00e4kra kompetensen.<\/a><\/p>\n<\/div>\n                <\/div>\n            <\/div>\n            \n        <\/div>\n    <\/div>\n<\/section>\n\n<section class=\"block-one-two\">\n    <div class=\"main\">\n        <div class=\"main-inner\">\n        <h2><\/h2>\n\n            <div class=\"flex-container\">\n                <div class=\"col-small\">\n                    <div class=\"content\"><p><img loading=\"lazy\" decoding=\"async\" class=\"logotyp alignnone wp-image-13668\" src=\"https:\/\/dhr.se\/wp-content\/uploads\/2025\/12\/MSB_web.jpg\" alt=\"MSB:s broschyr Om kriget eller krisen kommer har granskats med r\u00f6dpenna av DHR.\" width=\"220\" height=\"300\" \/><\/p>\n<p><strong>DHR:s granskade version\u00a0<\/strong><strong>av <\/strong><br \/>\n<strong>MSB:s broschyr\u00a0<\/strong><strong>\u201dOm krisen <\/strong><br \/>\n<strong>eller kriget kommer\u201d<\/strong><\/p>\n<p><a href=\"https:\/\/dhr.se\/wp-content\/uploads\/2025\/12\/alternativ-broschyr.pdf\">L\u00e4s eller skriv ut DHR:s version av <\/a><br \/>\n<a href=\"https:\/\/dhr.se\/wp-content\/uploads\/2025\/12\/alternativ-broschyr.pdf\">MSB:s broschyr \u201dOm krisen eller <\/a><br \/>\n<a href=\"https:\/\/dhr.se\/wp-content\/uploads\/2025\/12\/alternativ-broschyr.pdf\">kriget kommer\u201d.<\/a><\/p>\n<\/div>\n                <\/div>\n                <div class=\"col-big\">\n                    <div class=\"content\"><p><a href=\"https:\/\/dhrforbundet.sharepoint.com\/:b:\/s\/gemensamtforbundskansliet\/Eat39V9QATdMl4ly-2_OGF4BQHUGjZa56txXVYcID0qdkQ?e=B4Mfhb\"><img loading=\"lazy\" decoding=\"async\" class=\"logotyp alignnone wp-image-6005\" src=\"https:\/\/dhr.se\/wp-content\/uploads\/2022\/05\/SkarmklippVart-mal-och-var-vision-753x1024.jpg\" alt=\"\" width=\"238\" height=\"323\" \/><\/a><\/p>\n<p><strong>V\u00e5rt m\u00e5l och v\u00e5r vision <\/strong><strong>&#8211; hur <\/strong><br \/>\n<strong>DHR arbetar med <\/strong><strong>h\u00e5llbarhet <\/strong><br \/>\n<strong>och r\u00e4ttigheter <\/strong><strong>f\u00f6r personer med <\/strong><br \/>\n<strong>funktionsneds\u00e4ttning (2022)<\/strong><\/p>\n<p><a href=\"https:\/\/dhr.se\/intern\/wp-content\/uploads\/sites\/81\/2026\/03\/Vart-mal-och-var-vision-2022-1.pdf\">L\u00e4s eller skriv ut &#8221;V\u00e5rt m\u00e5l och v\u00e5r vision&#8221;.<\/a><\/p>\n<\/div>\n                <\/div>\n            <\/div>\n            \n        <\/div>\n    <\/div>\n<\/section>\n\n<section class=\"block-one-two\">\n    <div class=\"main\">\n        <div class=\"main-inner\">\n        <h2><\/h2>\n\n            <div class=\"flex-container\">\n                <div class=\"col-small\">\n                    <div class=\"content\"><p><a href=\"https:\/\/dhrforbundet.sharepoint.com\/:b:\/s\/gemensamtforbundskansliet\/EfdaEdjHAS9FtnofkRPCON0BwCw129NHxUawsd8nr5T4_w?e=c7RQAP\"><img loading=\"lazy\" decoding=\"async\" class=\"logotyp alignnone wp-image-5646\" src=\"https:\/\/dhr.se\/wp-content\/uploads\/2022\/04\/Skarmklipp-Inga-avgifter-hjalpmedel-727x1024.jpg\" alt=\"\" width=\"218\" height=\"307\" \/><\/a><\/p>\n<p><strong>Inga avgifter p\u00e5 hj\u00e4lpmedel <\/strong><br \/>\n<strong>(2022)<br \/>\n<\/strong><\/p>\n<p>Folder med argument<\/p>\n<p><a href=\"https:\/\/dhr.se\/intern\/wp-content\/uploads\/sites\/81\/2026\/03\/Argument-hjalpmedel.pdf\">L\u00e4s eller skriv ut &#8221;Inga avgifter<\/a><br \/>\n<a href=\"https:\/\/dhr.se\/intern\/wp-content\/uploads\/sites\/81\/2026\/03\/Argument-hjalpmedel.pdf\"> p\u00e5 hj\u00e4lpmedel&#8221;.<\/a><\/p>\n<\/div>\n                <\/div>\n                <div class=\"col-big\">\n                    <div class=\"content\"><p><a href=\"https:\/\/dhrforbundet.sharepoint.com\/:b:\/s\/gemensamtforbundskansliet\/ESr6hPs39FtGsUCUalYV0gkBqglQeI1NrY47-6Nwp30fEQ?e=E3XN2L\"><img loading=\"lazy\" decoding=\"async\" class=\"logotyp alignnone wp-image-5642\" src=\"https:\/\/dhr.se\/wp-content\/uploads\/2022\/04\/SkarmklippFolderTillsvidare.jpg\" alt=\"\" width=\"237\" height=\"312\" \/><\/a><\/p>\n<p><strong>Tillsvidarebeslut &#8211; inte begr\u00e4nsade i tid (2022)<\/strong><\/p>\n<p>Folder med argument<\/p>\n<p><a href=\"https:\/\/dhr.se\/intern\/wp-content\/uploads\/sites\/81\/2026\/03\/Argument-tidsbegransning-ej-tryck.pdf\">L\u00e4s eller skriv ut &#8221;Tillsvidarebeslut &#8211; inte begr\u00e4nsade i tid&#8221;.<\/a><\/p>\n<\/div>\n                <\/div>\n            <\/div>\n            \n        <\/div>\n    <\/div>\n<\/section>\n\n\n<p><\/p>\n","protected":false},"excerpt":{"rendered":"","protected":false},"author":8,"featured_media":0,"parent":2140,"menu_order":0,"comment_status":"closed","ping_status":"closed","template":"template-side-menu-new.php","meta":{"_acf_changed":false,"_monsterinsights_skip_tracking":false,"_monsterinsights_sitenote_active":false,"_monsterinsights_sitenote_note":"","_monsterinsights_sitenote_category":0,"footnotes":""},"class_list":["post-2257","page","type-page","status-publish","hentry"],"acf":[],"yoast_head":"<!-- This site is optimized with the Yoast SEO plugin v27.5 - https:\/\/yoast.com\/product\/yoast-seo-wordpress\/ -->\n<title>Trycksaker - DHR - Intern<\/title>\n<meta name=\"robots\" content=\"noindex, nofollow\" \/>\n<meta property=\"og:locale\" content=\"sv_SE\" \/>\n<meta property=\"og:type\" content=\"article\" \/>\n<meta property=\"og:title\" content=\"Trycksaker - DHR - Intern\" \/>\n<meta property=\"og:url\" content=\"https:\/\/dhr.se\/intern\/material\/trycksaker\/\" \/>\n<meta property=\"og:site_name\" content=\"DHR - Intern\" \/>\n<meta property=\"article:modified_time\" content=\"2026-04-15T15:00:22+00:00\" \/>\n<meta name=\"twitter:card\" content=\"summary_large_image\" \/>\n<script type=\"application\/ld+json\" class=\"yoast-schema-graph\">{\"@context\":\"https:\\\/\\\/schema.org\",\"@graph\":[{\"@type\":\"WebPage\",\"@id\":\"https:\\\/\\\/dhr.se\\\/intern\\\/material\\\/trycksaker\\\/\",\"url\":\"https:\\\/\\\/dhr.se\\\/intern\\\/material\\\/trycksaker\\\/\",\"name\":\"Trycksaker - DHR - Intern\",\"isPartOf\":{\"@id\":\"https:\\\/\\\/dhr.se\\\/intern\\\/#website\"},\"datePublished\":\"2026-03-03T15:52:08+00:00\",\"dateModified\":\"2026-04-15T15:00:22+00:00\",\"breadcrumb\":{\"@id\":\"https:\\\/\\\/dhr.se\\\/intern\\\/material\\\/trycksaker\\\/#breadcrumb\"},\"inLanguage\":\"sv-SE\",\"potentialAction\":[{\"@type\":\"ReadAction\",\"target\":[\"https:\\\/\\\/dhr.se\\\/intern\\\/material\\\/trycksaker\\\/\"]}]},{\"@type\":\"BreadcrumbList\",\"@id\":\"https:\\\/\\\/dhr.se\\\/intern\\\/material\\\/trycksaker\\\/#breadcrumb\",\"itemListElement\":[{\"@type\":\"ListItem\",\"position\":1,\"name\":\"Hem\",\"item\":\"https:\\\/\\\/dhr.se\\\/intern\\\/\"},{\"@type\":\"ListItem\",\"position\":2,\"name\":\"DHR-material\",\"item\":\"https:\\\/\\\/dhr.se\\\/intern\\\/material\\\/\"},{\"@type\":\"ListItem\",\"position\":3,\"name\":\"Trycksaker\"}]},{\"@type\":\"WebSite\",\"@id\":\"https:\\\/\\\/dhr.se\\\/intern\\\/#website\",\"url\":\"https:\\\/\\\/dhr.se\\\/intern\\\/\",\"name\":\"DHR - Intern\",\"description\":\"Delaktighet, r\u00f6relsefrihet och handlingskraft\",\"potentialAction\":[{\"@type\":\"SearchAction\",\"target\":{\"@type\":\"EntryPoint\",\"urlTemplate\":\"https:\\\/\\\/dhr.se\\\/intern\\\/?s={search_term_string}\"},\"query-input\":{\"@type\":\"PropertyValueSpecification\",\"valueRequired\":true,\"valueName\":\"search_term_string\"}}],\"inLanguage\":\"sv-SE\"}]}<\/script>\n<!-- \/ Yoast SEO plugin. -->","yoast_head_json":{"title":"Trycksaker - DHR - Intern","robots":{"index":"noindex","follow":"nofollow"},"og_locale":"sv_SE","og_type":"article","og_title":"Trycksaker - DHR - Intern","og_url":"https:\/\/dhr.se\/intern\/material\/trycksaker\/","og_site_name":"DHR - Intern","article_modified_time":"2026-04-15T15:00:22+00:00","twitter_card":"summary_large_image","schema":{"@context":"https:\/\/schema.org","@graph":[{"@type":"WebPage","@id":"https:\/\/dhr.se\/intern\/material\/trycksaker\/","url":"https:\/\/dhr.se\/intern\/material\/trycksaker\/","name":"Trycksaker - DHR - Intern","isPartOf":{"@id":"https:\/\/dhr.se\/intern\/#website"},"datePublished":"2026-03-03T15:52:08+00:00","dateModified":"2026-04-15T15:00:22+00:00","breadcrumb":{"@id":"https:\/\/dhr.se\/intern\/material\/trycksaker\/#breadcrumb"},"inLanguage":"sv-SE","potentialAction":[{"@type":"ReadAction","target":["https:\/\/dhr.se\/intern\/material\/trycksaker\/"]}]},{"@type":"BreadcrumbList","@id":"https:\/\/dhr.se\/intern\/material\/trycksaker\/#breadcrumb","itemListElement":[{"@type":"ListItem","position":1,"name":"Hem","item":"https:\/\/dhr.se\/intern\/"},{"@type":"ListItem","position":2,"name":"DHR-material","item":"https:\/\/dhr.se\/intern\/material\/"},{"@type":"ListItem","position":3,"name":"Trycksaker"}]},{"@type":"WebSite","@id":"https:\/\/dhr.se\/intern\/#website","url":"https:\/\/dhr.se\/intern\/","name":"DHR - Intern","description":"Delaktighet, r\u00f6relsefrihet och handlingskraft","potentialAction":[{"@type":"SearchAction","target":{"@type":"EntryPoint","urlTemplate":"https:\/\/dhr.se\/intern\/?s={search_term_string}"},"query-input":{"@type":"PropertyValueSpecification","valueRequired":true,"valueName":"search_term_string"}}],"inLanguage":"sv-SE"}]}},"publishpress_future_workflow_manual_trigger":{"enabledWorkflows":[]},"_links":{"self":[{"href":"https:\/\/dhr.se\/intern\/wp-json\/wp\/v2\/pages\/2257","targetHints":{"allow":["GET"]}}],"collection":[{"href":"https:\/\/dhr.se\/intern\/wp-json\/wp\/v2\/pages"}],"about":[{"href":"https:\/\/dhr.se\/intern\/wp-json\/wp\/v2\/types\/page"}],"author":[{"embeddable":true,"href":"https:\/\/dhr.se\/intern\/wp-json\/wp\/v2\/users\/8"}],"replies":[{"embeddable":true,"href":"https:\/\/dhr.se\/intern\/wp-json\/wp\/v2\/comments?post=2257"}],"version-history":[{"count":31,"href":"https:\/\/dhr.se\/intern\/wp-json\/wp\/v2\/pages\/2257\/revisions"}],"predecessor-version":[{"id":2617,"href":"https:\/\/dhr.se\/intern\/wp-json\/wp\/v2\/pages\/2257\/revisions\/2617"}],"up":[{"embeddable":true,"href":"https:\/\/dhr.se\/intern\/wp-json\/wp\/v2\/pages\/2140"}],"wp:attachment":[{"href":"https:\/\/dhr.se\/intern\/wp-json\/wp\/v2\/media?parent=2257"}],"curies":[{"name":"wp","href":"https:\/\/api.w.org\/{rel}","templated":true}]}}