{"id":2000,"date":"2021-03-08T11:12:16","date_gmt":"2021-03-08T10:12:16","guid":{"rendered":"http:\/\/dhr.se\/jonkopingslan\/?page_id=2000"},"modified":"2021-03-08T15:58:29","modified_gmt":"2021-03-08T14:58:29","slug":"historia","status":"publish","type":"page","link":"https:\/\/dhr.se\/jonkopingslan\/om-oss\/historia\/","title":{"rendered":"Historia"},"content":{"rendered":"<section class=\"block-simple-text\">\n    <div class=\"main\">\n        <div class=\"main-inner\">\n            <div class=\"ingress text-darker\"><\/div>\n            <div class=\"content\"><p>Vid midsommarhelgen 1923 bildades en kamratf\u00f6rening vid Vanf\u00f6reanstalten i G\u00f6teborg. F\u00f6reningen fick namnet Kamratf\u00f6reningen De Vanf\u00f6ras V\u00e4l \u2013 KDVV.<\/p>\n<p>Denna f\u00f6rening blev efterhand en intressef\u00f6rening och medlemmarna engagerade sig i samh\u00e4llsfr\u00e5gor. Det tillkom liknande f\u00f6reningar i Stockholm, Helsingborg och Malm\u00f6. Efter n\u00e5gra \u00e5r bildades De Vanf\u00f6ras Riksorganisation \u2013 DVR.<\/p>\n<p>Avdelningar bildades i hela landet. I J\u00f6nk\u00f6pings l\u00e4n tillkom avdelning i J\u00f6nk\u00f6ping 1947 och S\u00e4vsj\u00f6 1948. En avdelning bildades n\u00e5gra \u00e5r tidigare i Mariannleund men lades ner under 1950-talet.<\/p>\n<p>1949 indelades landet i fyra distrikt och ombudsm\u00e4n tillsattes. V\u00e5rt l\u00e4n kom att tillh\u00f6ra V\u00e4stra distriktet med expedition i G\u00f6teborg. Efter ett 20-tal \u00e5r hade f\u00f6rbundet, som nu kallades De Handikappades Riksf\u00f6rbund \u2013 DHR, m\u00e5nga medlemmar och avdelningar och en organisationsf\u00f6r\u00e4ndring var p\u00e5 g\u00e5ng. I varje l\u00e4n skulle en l\u00e4nskommitt\u00e9 bildas.<\/p>\n<p>Sju DHR-avdelningar fanns i l\u00e4net: J\u00f6nk\u00f6ping, S\u00e4vsj\u00f6, N\u00e4ssj\u00f6, Gislaved-V\u00e4rnamo, Tran\u00e5s, Vetlanda och Eksj\u00f6.<\/p>\n<p>I J\u00f6nk\u00f6pings l\u00e4n bildades en l\u00e4nskommitt\u00e9 den 23 januari 1971. Vid DHR-kongressen i G\u00f6teborg 1974 beslutades att inr\u00e4tta distrikt. V\u00e5rt distrikt skulle ben\u00e4mnas DHR J\u00f6nk\u00f6pings l\u00e4ns distrikt.<\/p>\n<\/div>\n        <\/div>\n    <\/div>\n<\/section>","protected":false},"excerpt":{"rendered":"","protected":false},"author":8,"featured_media":0,"parent":1959,"menu_order":0,"comment_status":"closed","ping_status":"closed","template":"template-side-menu.php","meta":{"_acf_changed":false,"_monsterinsights_skip_tracking":false,"_monsterinsights_sitenote_active":false,"_monsterinsights_sitenote_note":"","_monsterinsights_sitenote_category":0,"footnotes":""},"class_list":["post-2000","page","type-page","status-publish","hentry"],"acf":[],"yoast_head":"<!-- This site is optimized with the Yoast SEO plugin v27.2 - https:\/\/yoast.com\/product\/yoast-seo-wordpress\/ -->\n<title>Historia - DHR - J\u00f6nk\u00f6pings l\u00e4n<\/title>\n<meta name=\"robots\" content=\"index, follow, max-snippet:-1, max-image-preview:large, max-video-preview:-1\" \/>\n<link rel=\"canonical\" href=\"https:\/\/dhr.se\/jonkopingslan\/om-oss\/historia\/\" \/>\n<meta property=\"og:locale\" content=\"sv_SE\" \/>\n<meta property=\"og:type\" content=\"article\" \/>\n<meta property=\"og:title\" content=\"Historia - DHR - J\u00f6nk\u00f6pings l\u00e4n\" \/>\n<meta property=\"og:url\" content=\"https:\/\/dhr.se\/jonkopingslan\/om-oss\/historia\/\" \/>\n<meta property=\"og:site_name\" content=\"DHR - J\u00f6nk\u00f6pings l\u00e4n\" \/>\n<meta property=\"article:modified_time\" content=\"2021-03-08T14:58:29+00:00\" \/>\n<meta name=\"twitter:card\" content=\"summary_large_image\" \/>\n<script type=\"application\/ld+json\" class=\"yoast-schema-graph\">{\"@context\":\"https:\/\/schema.org\",\"@graph\":[{\"@type\":\"WebPage\",\"@id\":\"https:\/\/dhr.se\/jonkopingslan\/om-oss\/historia\/\",\"url\":\"https:\/\/dhr.se\/jonkopingslan\/om-oss\/historia\/\",\"name\":\"Historia - DHR - J\u00f6nk\u00f6pings l\u00e4n\",\"isPartOf\":{\"@id\":\"https:\/\/dhr.se\/jonkopingslan\/#website\"},\"datePublished\":\"2021-03-08T10:12:16+00:00\",\"dateModified\":\"2021-03-08T14:58:29+00:00\",\"breadcrumb\":{\"@id\":\"https:\/\/dhr.se\/jonkopingslan\/om-oss\/historia\/#breadcrumb\"},\"inLanguage\":\"sv-SE\",\"potentialAction\":[{\"@type\":\"ReadAction\",\"target\":[\"https:\/\/dhr.se\/jonkopingslan\/om-oss\/historia\/\"]}]},{\"@type\":\"BreadcrumbList\",\"@id\":\"https:\/\/dhr.se\/jonkopingslan\/om-oss\/historia\/#breadcrumb\",\"itemListElement\":[{\"@type\":\"ListItem\",\"position\":1,\"name\":\"Hem\",\"item\":\"https:\/\/dhr.se\/jonkopingslan\/\"},{\"@type\":\"ListItem\",\"position\":2,\"name\":\"Om oss\",\"item\":\"https:\/\/dhr.se\/jonkopingslan\/om-oss\/\"},{\"@type\":\"ListItem\",\"position\":3,\"name\":\"Historia\"}]},{\"@type\":\"WebSite\",\"@id\":\"https:\/\/dhr.se\/jonkopingslan\/#website\",\"url\":\"https:\/\/dhr.se\/jonkopingslan\/\",\"name\":\"DHR - J\u00f6nk\u00f6pings l\u00e4n\",\"description\":\"Delaktighet, r\u00f6relsefrihet och handlingskraft\",\"potentialAction\":[{\"@type\":\"SearchAction\",\"target\":{\"@type\":\"EntryPoint\",\"urlTemplate\":\"https:\/\/dhr.se\/jonkopingslan\/?s={search_term_string}\"},\"query-input\":{\"@type\":\"PropertyValueSpecification\",\"valueRequired\":true,\"valueName\":\"search_term_string\"}}],\"inLanguage\":\"sv-SE\"}]}<\/script>\n<!-- \/ Yoast SEO plugin. -->","yoast_head_json":{"title":"Historia - DHR - J\u00f6nk\u00f6pings l\u00e4n","robots":{"index":"index","follow":"follow","max-snippet":"max-snippet:-1","max-image-preview":"max-image-preview:large","max-video-preview":"max-video-preview:-1"},"canonical":"https:\/\/dhr.se\/jonkopingslan\/om-oss\/historia\/","og_locale":"sv_SE","og_type":"article","og_title":"Historia - DHR - J\u00f6nk\u00f6pings l\u00e4n","og_url":"https:\/\/dhr.se\/jonkopingslan\/om-oss\/historia\/","og_site_name":"DHR - J\u00f6nk\u00f6pings l\u00e4n","article_modified_time":"2021-03-08T14:58:29+00:00","twitter_card":"summary_large_image","schema":{"@context":"https:\/\/schema.org","@graph":[{"@type":"WebPage","@id":"https:\/\/dhr.se\/jonkopingslan\/om-oss\/historia\/","url":"https:\/\/dhr.se\/jonkopingslan\/om-oss\/historia\/","name":"Historia - DHR - J\u00f6nk\u00f6pings l\u00e4n","isPartOf":{"@id":"https:\/\/dhr.se\/jonkopingslan\/#website"},"datePublished":"2021-03-08T10:12:16+00:00","dateModified":"2021-03-08T14:58:29+00:00","breadcrumb":{"@id":"https:\/\/dhr.se\/jonkopingslan\/om-oss\/historia\/#breadcrumb"},"inLanguage":"sv-SE","potentialAction":[{"@type":"ReadAction","target":["https:\/\/dhr.se\/jonkopingslan\/om-oss\/historia\/"]}]},{"@type":"BreadcrumbList","@id":"https:\/\/dhr.se\/jonkopingslan\/om-oss\/historia\/#breadcrumb","itemListElement":[{"@type":"ListItem","position":1,"name":"Hem","item":"https:\/\/dhr.se\/jonkopingslan\/"},{"@type":"ListItem","position":2,"name":"Om oss","item":"https:\/\/dhr.se\/jonkopingslan\/om-oss\/"},{"@type":"ListItem","position":3,"name":"Historia"}]},{"@type":"WebSite","@id":"https:\/\/dhr.se\/jonkopingslan\/#website","url":"https:\/\/dhr.se\/jonkopingslan\/","name":"DHR - J\u00f6nk\u00f6pings l\u00e4n","description":"Delaktighet, r\u00f6relsefrihet och handlingskraft","potentialAction":[{"@type":"SearchAction","target":{"@type":"EntryPoint","urlTemplate":"https:\/\/dhr.se\/jonkopingslan\/?s={search_term_string}"},"query-input":{"@type":"PropertyValueSpecification","valueRequired":true,"valueName":"search_term_string"}}],"inLanguage":"sv-SE"}]}},"publishpress_future_workflow_manual_trigger":{"enabledWorkflows":[]},"_links":{"self":[{"href":"https:\/\/dhr.se\/jonkopingslan\/wp-json\/wp\/v2\/pages\/2000","targetHints":{"allow":["GET"]}}],"collection":[{"href":"https:\/\/dhr.se\/jonkopingslan\/wp-json\/wp\/v2\/pages"}],"about":[{"href":"https:\/\/dhr.se\/jonkopingslan\/wp-json\/wp\/v2\/types\/page"}],"author":[{"embeddable":true,"href":"https:\/\/dhr.se\/jonkopingslan\/wp-json\/wp\/v2\/users\/8"}],"replies":[{"embeddable":true,"href":"https:\/\/dhr.se\/jonkopingslan\/wp-json\/wp\/v2\/comments?post=2000"}],"version-history":[{"count":0,"href":"https:\/\/dhr.se\/jonkopingslan\/wp-json\/wp\/v2\/pages\/2000\/revisions"}],"up":[{"embeddable":true,"href":"https:\/\/dhr.se\/jonkopingslan\/wp-json\/wp\/v2\/pages\/1959"}],"wp:attachment":[{"href":"https:\/\/dhr.se\/jonkopingslan\/wp-json\/wp\/v2\/media?parent=2000"}],"curies":[{"name":"wp","href":"https:\/\/api.w.org\/{rel}","templated":true}]}}