{"id":2005,"date":"2021-03-08T11:19:38","date_gmt":"2021-03-08T10:19:38","guid":{"rendered":"http:\/\/dhr.se\/jonkopingslan\/?page_id=2005"},"modified":"2021-03-15T11:58:08","modified_gmt":"2021-03-15T10:58:08","slug":"kansli","status":"publish","type":"page","link":"https:\/\/dhr.se\/jonkopingslan\/om-oss\/kansli\/","title":{"rendered":"Kansli"},"content":{"rendered":"<section class=\"block-staff\">\n    <div class=\"main\">\n        <div class=\"main-inner\">\n            <h3>Administrat\u00f6r<\/h3>\n\n            <div class=\"flex-container\">\n\n                \n\n                        <div class=\"person\">\n                            \n                                                            <img decoding=\"async\" src=\"https:\/\/dhr.se\/jonkopingslan\/wp-content\/uploads\/sites\/14\/2021\/03\/Nina2.png\" alt=\"\" \/>\n                            \n                            <h4>Nina<\/h4>\n                            <h4>Caesar<\/h4>\n                            <p class=\"description\"><\/p>\n                            <p class=\"phone\">0381-16282<\/p>\n\t\t\t\t\t\t\t                            <a class=\"text-link\" href=\"mailto:jonkopingslan@dhr.se\">Maila mig<\/a>\n\t\t\t\t\t\t\t                        <\/div>\n\n\n                        \n            <\/div>\n        <\/div>\n    <\/div>\n<\/section>\n\n<section class=\"block-simple-text\">\n    <div class=\"main\">\n        <div class=\"main-inner\">\n            <div class=\"ingress text-darker\"><\/div>\n            <div class=\"content\"><\/div>\n        <\/div>\n    <\/div>\n<\/section>\n\n\n<p>\u00d6ppettider: M\u00e5ndag &#8211; Fredag kl 08:00-12:00<\/p>\n","protected":false},"excerpt":{"rendered":"<p>\u00d6ppettider: M\u00e5ndag &#8211; Fredag kl 08:00-12:00<\/p>\n","protected":false},"author":8,"featured_media":0,"parent":1959,"menu_order":0,"comment_status":"closed","ping_status":"closed","template":"template-side-menu.php","meta":{"_acf_changed":false,"_monsterinsights_skip_tracking":false,"_monsterinsights_sitenote_active":false,"_monsterinsights_sitenote_note":"","_monsterinsights_sitenote_category":0,"footnotes":""},"class_list":["post-2005","page","type-page","status-publish","hentry"],"acf":[],"yoast_head":"<!-- This site is optimized with the Yoast SEO plugin v27.2 - https:\/\/yoast.com\/product\/yoast-seo-wordpress\/ -->\n<title>Kansli - DHR - J\u00f6nk\u00f6pings l\u00e4n<\/title>\n<meta name=\"robots\" content=\"index, follow, max-snippet:-1, max-image-preview:large, max-video-preview:-1\" \/>\n<link rel=\"canonical\" href=\"https:\/\/dhr.se\/jonkopingslan\/om-oss\/kansli\/\" \/>\n<meta property=\"og:locale\" content=\"sv_SE\" \/>\n<meta property=\"og:type\" content=\"article\" \/>\n<meta property=\"og:title\" content=\"Kansli - DHR - J\u00f6nk\u00f6pings l\u00e4n\" \/>\n<meta property=\"og:description\" content=\"\u00d6ppettider: M\u00e5ndag &#8211; Fredag kl 08:00-12:00\" \/>\n<meta property=\"og:url\" content=\"https:\/\/dhr.se\/jonkopingslan\/om-oss\/kansli\/\" \/>\n<meta property=\"og:site_name\" content=\"DHR - J\u00f6nk\u00f6pings l\u00e4n\" \/>\n<meta property=\"article:modified_time\" content=\"2021-03-15T10:58:08+00:00\" \/>\n<meta name=\"twitter:card\" content=\"summary_large_image\" \/>\n<script type=\"application\/ld+json\" class=\"yoast-schema-graph\">{\"@context\":\"https:\/\/schema.org\",\"@graph\":[{\"@type\":\"WebPage\",\"@id\":\"https:\/\/dhr.se\/jonkopingslan\/om-oss\/kansli\/\",\"url\":\"https:\/\/dhr.se\/jonkopingslan\/om-oss\/kansli\/\",\"name\":\"Kansli - DHR - J\u00f6nk\u00f6pings l\u00e4n\",\"isPartOf\":{\"@id\":\"https:\/\/dhr.se\/jonkopingslan\/#website\"},\"datePublished\":\"2021-03-08T10:19:38+00:00\",\"dateModified\":\"2021-03-15T10:58:08+00:00\",\"breadcrumb\":{\"@id\":\"https:\/\/dhr.se\/jonkopingslan\/om-oss\/kansli\/#breadcrumb\"},\"inLanguage\":\"sv-SE\",\"potentialAction\":[{\"@type\":\"ReadAction\",\"target\":[\"https:\/\/dhr.se\/jonkopingslan\/om-oss\/kansli\/\"]}]},{\"@type\":\"BreadcrumbList\",\"@id\":\"https:\/\/dhr.se\/jonkopingslan\/om-oss\/kansli\/#breadcrumb\",\"itemListElement\":[{\"@type\":\"ListItem\",\"position\":1,\"name\":\"Hem\",\"item\":\"https:\/\/dhr.se\/jonkopingslan\/\"},{\"@type\":\"ListItem\",\"position\":2,\"name\":\"Om oss\",\"item\":\"https:\/\/dhr.se\/jonkopingslan\/om-oss\/\"},{\"@type\":\"ListItem\",\"position\":3,\"name\":\"Kansli\"}]},{\"@type\":\"WebSite\",\"@id\":\"https:\/\/dhr.se\/jonkopingslan\/#website\",\"url\":\"https:\/\/dhr.se\/jonkopingslan\/\",\"name\":\"DHR - J\u00f6nk\u00f6pings l\u00e4n\",\"description\":\"Delaktighet, r\u00f6relsefrihet och handlingskraft\",\"potentialAction\":[{\"@type\":\"SearchAction\",\"target\":{\"@type\":\"EntryPoint\",\"urlTemplate\":\"https:\/\/dhr.se\/jonkopingslan\/?s={search_term_string}\"},\"query-input\":{\"@type\":\"PropertyValueSpecification\",\"valueRequired\":true,\"valueName\":\"search_term_string\"}}],\"inLanguage\":\"sv-SE\"}]}<\/script>\n<!-- \/ Yoast SEO plugin. -->","yoast_head_json":{"title":"Kansli - DHR - J\u00f6nk\u00f6pings l\u00e4n","robots":{"index":"index","follow":"follow","max-snippet":"max-snippet:-1","max-image-preview":"max-image-preview:large","max-video-preview":"max-video-preview:-1"},"canonical":"https:\/\/dhr.se\/jonkopingslan\/om-oss\/kansli\/","og_locale":"sv_SE","og_type":"article","og_title":"Kansli - DHR - J\u00f6nk\u00f6pings l\u00e4n","og_description":"\u00d6ppettider: M\u00e5ndag &#8211; Fredag kl 08:00-12:00","og_url":"https:\/\/dhr.se\/jonkopingslan\/om-oss\/kansli\/","og_site_name":"DHR - J\u00f6nk\u00f6pings l\u00e4n","article_modified_time":"2021-03-15T10:58:08+00:00","twitter_card":"summary_large_image","schema":{"@context":"https:\/\/schema.org","@graph":[{"@type":"WebPage","@id":"https:\/\/dhr.se\/jonkopingslan\/om-oss\/kansli\/","url":"https:\/\/dhr.se\/jonkopingslan\/om-oss\/kansli\/","name":"Kansli - DHR - J\u00f6nk\u00f6pings l\u00e4n","isPartOf":{"@id":"https:\/\/dhr.se\/jonkopingslan\/#website"},"datePublished":"2021-03-08T10:19:38+00:00","dateModified":"2021-03-15T10:58:08+00:00","breadcrumb":{"@id":"https:\/\/dhr.se\/jonkopingslan\/om-oss\/kansli\/#breadcrumb"},"inLanguage":"sv-SE","potentialAction":[{"@type":"ReadAction","target":["https:\/\/dhr.se\/jonkopingslan\/om-oss\/kansli\/"]}]},{"@type":"BreadcrumbList","@id":"https:\/\/dhr.se\/jonkopingslan\/om-oss\/kansli\/#breadcrumb","itemListElement":[{"@type":"ListItem","position":1,"name":"Hem","item":"https:\/\/dhr.se\/jonkopingslan\/"},{"@type":"ListItem","position":2,"name":"Om oss","item":"https:\/\/dhr.se\/jonkopingslan\/om-oss\/"},{"@type":"ListItem","position":3,"name":"Kansli"}]},{"@type":"WebSite","@id":"https:\/\/dhr.se\/jonkopingslan\/#website","url":"https:\/\/dhr.se\/jonkopingslan\/","name":"DHR - J\u00f6nk\u00f6pings l\u00e4n","description":"Delaktighet, r\u00f6relsefrihet och handlingskraft","potentialAction":[{"@type":"SearchAction","target":{"@type":"EntryPoint","urlTemplate":"https:\/\/dhr.se\/jonkopingslan\/?s={search_term_string}"},"query-input":{"@type":"PropertyValueSpecification","valueRequired":true,"valueName":"search_term_string"}}],"inLanguage":"sv-SE"}]}},"publishpress_future_workflow_manual_trigger":{"enabledWorkflows":[]},"_links":{"self":[{"href":"https:\/\/dhr.se\/jonkopingslan\/wp-json\/wp\/v2\/pages\/2005","targetHints":{"allow":["GET"]}}],"collection":[{"href":"https:\/\/dhr.se\/jonkopingslan\/wp-json\/wp\/v2\/pages"}],"about":[{"href":"https:\/\/dhr.se\/jonkopingslan\/wp-json\/wp\/v2\/types\/page"}],"author":[{"embeddable":true,"href":"https:\/\/dhr.se\/jonkopingslan\/wp-json\/wp\/v2\/users\/8"}],"replies":[{"embeddable":true,"href":"https:\/\/dhr.se\/jonkopingslan\/wp-json\/wp\/v2\/comments?post=2005"}],"version-history":[{"count":0,"href":"https:\/\/dhr.se\/jonkopingslan\/wp-json\/wp\/v2\/pages\/2005\/revisions"}],"up":[{"embeddable":true,"href":"https:\/\/dhr.se\/jonkopingslan\/wp-json\/wp\/v2\/pages\/1959"}],"wp:attachment":[{"href":"https:\/\/dhr.se\/jonkopingslan\/wp-json\/wp\/v2\/media?parent=2005"}],"curies":[{"name":"wp","href":"https:\/\/api.w.org\/{rel}","templated":true}]}}