{"id":754,"date":"2019-08-15T20:18:44","date_gmt":"2019-08-15T18:18:44","guid":{"rendered":"http:\/\/dhr.se\/linkoping\/?page_id=754"},"modified":"2023-12-21T10:12:48","modified_gmt":"2023-12-21T09:12:48","slug":"drivhuset-stockholm","status":"publish","type":"page","link":"https:\/\/dhr.se\/linkoping\/","title":{"rendered":"DHR -Link\u00f6ping"},"content":{"rendered":"<section class=\"block-hero\" style=\"background-image:url(https:\/\/dhr.se\/linkoping\/wp-content\/uploads\/sites\/24\/2021\/02\/sweden-2704503_1280_linkoping_Thuargo.jpg);\">\n\n<video autoplay loop playsinline muted loop>\n    <source src=\"\" type=\"video\/mp4\">\n    Your browser does not support HTML5 video.\n<\/video>\n\n<div class=\"overlay overlay-dark\"><\/div>\n    <div class=\"main\">\n        <div class=\"main-inner\">\n            <p class=\"small-title\"><\/p>\n            <h1> V\u00c4LKOMMEN TILL DHR LINK\u00d6PING<\/h1>\n            <p class=\"text\">V\u00e5rt m\u00e5l \u00e4r att alla m\u00e4nniskor ska k\u00e4nna sig v\u00e4lkomna och inkluderade i samh\u00e4llet. V\u00e5r vision \u00e4r ett universellt utformat samh\u00e4lle \u2013 ett j\u00e4mlikt och j\u00e4mst\u00e4llt samh\u00e4lle d\u00e4r varje m\u00e4nniska ses som en tillg\u00e5ng.<br \/>\r\n<br \/>\r\n<\/p>\n\n\n            \n\n\n\n        <\/div>\n    <\/div>\n<\/section>\n\n<section class=\"block-image-and-text left grey\">\n    <div class=\"main\">\n        <div class=\"main-inner\">\n            <div class=\"left-col\" style=\"background-image: url(https:\/\/dhr.se\/linkoping\/wp-content\/uploads\/sites\/24\/2021\/02\/pexelsbild-shotpot-4047040.jpg);\"><\/div>\n\n            <div class=\"right-col\">\n                <h2>OM OSS<\/h2>\n                <p class=\"text\">Vi arbetar f\u00f6r att st\u00f6dja personer med olika former av r\u00f6relseneds\u00e4ttningar i olika situationer. Det kan t.ex. r\u00f6ra sig om att allm\u00e4nna kommunikationer anpassas och g\u00f6rs tillg\u00e4ngliga, eller att f\u00e4rdtj\u00e4nsten p\u00e5 ett flexibelt och obyr\u00e5kratiskt s\u00e4tt motsvarar den r\u00f6relsehindrades behov.<br \/>\r\n<br \/>\r\nV\u00e5rt m\u00e5l \u00e4r att genom politisk p\u00e5verkan g\u00f6ra samh\u00e4llet tillg\u00e4ngligt f\u00f6r alla. Ingen ska beh\u00f6va avst\u00e5 en aktivitet, ett restaurangbes\u00f6k, en resa eller liknande bara f\u00f6r att hen inte kommer in eller ombord p\u00e5 t\u00e5g eller buss.<br \/>\r\n<br \/>\r\nDessutom arbetar vi f\u00f6r att samtliga fastigheter anpassas vid ny, om och tillbyggnad. F\u00f6r detta kr\u00e4vs en st\u00e4rkt lagstiftning d\u00e4r kraven p\u00e5 tillg\u00e4nglighet i detalj \u00e4r fastst\u00e4llda.<br \/>\r\n<br \/>\r\nVi kan  \u00e4ven hj\u00e4lpa dig med ans\u00f6kan om bilst\u00f6d, tips om anpassning, ans\u00f6kan om merkostnadsers\u00e4ttning mm.<br \/>\r\n<br \/>\r\nVill du veta mer? Kontakta oss vardagar 08:00-12:00 p\u00e5 telefon 0723 &#8211; 14 88 58 eller mejla till <a title=\"Skicka e-post till DHR Link\u00f6ping\" href=\"mailto:dhr.linkoping.avd@fontanen.org\">dhr.linkoping.avd@fontanen.org<\/a><br \/>\r\n<br \/>\r\n<\/p>\n\n                                    <a class=\"button big accent\" href=\"http:\/\/www.dhr.se\" target=\"_blank\">L\u00e4s mer om DHR<\/a>\n                            <\/div>\n\n        <\/div>\n    <\/div>\n<\/section>\n\n<section class=\"block-latest-news bright-background\">\n    <div class=\"main\">\n        <div class=\"main-inner\">\n            <div class=\"title\">\n                <h2>Nyheter<\/h2>\n                                    <a class=\"small-button-underline text-link\" href=\"http:\/\/dhr.se\/linkoping\/nyheter\/\" target=\"_self\">Nyheter<\/a>\n                \n            <\/div>\n            \n            <div class=\"flex-container\">\n\n                                        \n                                <div class=\"one-post\">\n                                                                            <a href=\"https:\/\/dhr.se\/linkoping\/var-broschyr\/\">\n                                            <img loading=\"lazy\" decoding=\"async\" width=\"176\" height=\"249\" src=\"https:\/\/dhr.se\/linkoping\/wp-content\/uploads\/sites\/24\/2023\/12\/frontpage-flip.jpg\" class=\"attachment-post-thumbnail size-post-thumbnail wp-post-image\" alt=\"DHR \u00d6sterg\u00f6tlands broschyr.\" \/>                                        <\/a>\n                                                                        <h3>V\u00e5r broschyr<\/h3>\n                                    <!--<p class=\"date\"><\/p> -->\n                                    <p class=\"excerpt\">I v\u00e5r broschyr kan du l\u00e4sa om vad vi g\u00f6r.<\/p>\n\n                                    <a class=\"small-button text-link\" href=\"https:\/\/dhr.se\/linkoping\/var-broschyr\/\">L\u00e4s mer<\/a>\n                                <\/div>\n                        \n                                                \n                                <div class=\"one-post\">\n                                                                            <a href=\"https:\/\/dhr.se\/linkoping\/att-arbeta-ar-inte-det-lite-val-overskattat\/\">\n                                            <img loading=\"lazy\" decoding=\"async\" width=\"2000\" height=\"1809\" src=\"https:\/\/dhr.se\/linkoping\/wp-content\/uploads\/sites\/24\/2020\/03\/Karro-Janna-poddbild-2020.jpg\" class=\"attachment-post-thumbnail size-post-thumbnail wp-post-image\" alt=\"\" srcset=\"https:\/\/dhr.se\/linkoping\/wp-content\/uploads\/sites\/24\/2020\/03\/Karro-Janna-poddbild-2020.jpg 2000w, https:\/\/dhr.se\/linkoping\/wp-content\/uploads\/sites\/24\/2020\/03\/Karro-Janna-poddbild-2020-300x271.jpg 300w, https:\/\/dhr.se\/linkoping\/wp-content\/uploads\/sites\/24\/2020\/03\/Karro-Janna-poddbild-2020-768x695.jpg 768w, https:\/\/dhr.se\/linkoping\/wp-content\/uploads\/sites\/24\/2020\/03\/Karro-Janna-poddbild-2020-1024x926.jpg 1024w\" sizes=\"auto, (max-width: 2000px) 100vw, 2000px\" \/>                                        <\/a>\n                                                                        <h3>Hur t\u00e4nkte ni nu?<\/h3>\n                                    <!--<p class=\"date\"><\/p> -->\n                                    <p class=\"excerpt\">Det ingen brukar prata om n\u00e4r det handlar om funktionsneds\u00e4ttningar och de&#8230;<\/p>\n\n                                    <a class=\"small-button text-link\" href=\"https:\/\/dhr.se\/linkoping\/att-arbeta-ar-inte-det-lite-val-overskattat\/\">L\u00e4s mer<\/a>\n                                <\/div>\n                        \n                           \n            <\/div>\n\n                            <a class=\"button big accent\" href=\"http:\/\/dhr.se\/linkoping\/nyheter\/\" target=\"_self\">Nyheter<\/a>\n                        \n        <\/div>\n    <\/div>\n<\/section>\n\n<section class=\"block-textbox\" style=\"background-image:url(https:\/\/dhr.se\/linkoping\/wp-content\/uploads\/sites\/24\/2020\/03\/Kvinna-med-ljust-l\u00e5ngt-h\u00e5r-tittar-in-i-kameran-Botaniska.jpg);\">\n    <div class=\"main\">\n        <div class=\"main-inner\">\n\n                <div class=\"text-container\">\n                    <h2>Bli medlem i DHR<\/h2>\n                    <p>DHR beh\u00f6ver dig som medlem. Oavsett om du v\u00e4ljer att vara aktiv eller bara vill st\u00f6dja oss \u00e4r ditt medlemskap viktigt. Ju fler vi \u00e4r, desto starkare blir v\u00e5r r\u00f6st!<br \/>\r\n<br \/>\r\nUnder DHR:s 100 \u00e5r (vi fyller \u00e5r 2023) har villkoren f\u00f6r medlemmarna sj\u00e4lvklart f\u00f6rb\u00e4ttrats. Men nu b\u00f6rjar det bl\u00e5sa kallt igen, och behovet av en stark motst\u00e5ndsr\u00f6relse \u00e4r st\u00f6rre \u00e4n p\u00e5 m\u00e5nga \u00e5r. Den personliga assistansen \u00e4r i fara, parkeringstillst\u00e5nd dras in och det sn\u00e5las p\u00e5 bilst\u00f6d. Vi h\u00f6r till och med \u00e5sikter om att det borde inf\u00f6ras institutioner igen. D\u00e4rf\u00f6r beh\u00f6vs ocks\u00e5 du som medlem!<br \/>\r\n<br \/>\r\nSom medlem i DHR kan du tillsammans med andra medlemmar p\u00e5verka att samh\u00e4llet blir mer j\u00e4mlikt och j\u00e4mst\u00e4llt. Tillsammans med andra medlemmar kan du ocks\u00e5 delta i fritidsaktiviteter, kamratst\u00f6d och social gemenskap.<\/p>\n\n                                            <a class=\"button big accent\" href=\"https:\/\/sbtdhr.mysoft.no\/modules\/blimedlem\/blimedlem.aspx\" target=\"_self\">Bli medlem<\/a>\n                    \n                <\/div>\n\n        <\/div>\n    <\/div>\n<\/section>","protected":false},"excerpt":{"rendered":"","protected":false},"author":26,"featured_media":0,"parent":0,"menu_order":0,"comment_status":"closed","ping_status":"closed","template":"","meta":{"_acf_changed":false,"_monsterinsights_skip_tracking":false,"_monsterinsights_sitenote_active":false,"_monsterinsights_sitenote_note":"","_monsterinsights_sitenote_category":0,"footnotes":""},"class_list":["post-754","page","type-page","status-publish","hentry"],"acf":[],"yoast_head":"<!-- This site is optimized with the Yoast SEO plugin v27.5 - https:\/\/yoast.com\/product\/yoast-seo-wordpress\/ -->\n<title>DHR -Link\u00f6ping - DHR - Link\u00f6ping<\/title>\n<meta name=\"robots\" content=\"index, follow, max-snippet:-1, max-image-preview:large, max-video-preview:-1\" \/>\n<link rel=\"canonical\" href=\"https:\/\/dhr.se\/linkoping\/\" \/>\n<meta property=\"og:locale\" content=\"sv_SE\" \/>\n<meta property=\"og:type\" content=\"article\" \/>\n<meta property=\"og:title\" content=\"DHR -Link\u00f6ping - DHR - Link\u00f6ping\" \/>\n<meta property=\"og:url\" content=\"https:\/\/dhr.se\/linkoping\/\" \/>\n<meta property=\"og:site_name\" content=\"DHR - Link\u00f6ping\" \/>\n<meta property=\"article:modified_time\" content=\"2023-12-21T09:12:48+00:00\" \/>\n<meta name=\"twitter:card\" content=\"summary_large_image\" \/>\n<script type=\"application\/ld+json\" class=\"yoast-schema-graph\">{\"@context\":\"https:\\\/\\\/schema.org\",\"@graph\":[{\"@type\":\"WebPage\",\"@id\":\"https:\\\/\\\/dhr.se\\\/linkoping\\\/\",\"url\":\"https:\\\/\\\/dhr.se\\\/linkoping\\\/\",\"name\":\"DHR -Link\u00f6ping - DHR - Link\u00f6ping\",\"isPartOf\":{\"@id\":\"https:\\\/\\\/dhr.se\\\/linkoping\\\/#website\"},\"datePublished\":\"2019-08-15T18:18:44+00:00\",\"dateModified\":\"2023-12-21T09:12:48+00:00\",\"breadcrumb\":{\"@id\":\"https:\\\/\\\/dhr.se\\\/linkoping\\\/#breadcrumb\"},\"inLanguage\":\"sv-SE\",\"potentialAction\":[{\"@type\":\"ReadAction\",\"target\":[\"https:\\\/\\\/dhr.se\\\/linkoping\\\/\"]}]},{\"@type\":\"BreadcrumbList\",\"@id\":\"https:\\\/\\\/dhr.se\\\/linkoping\\\/#breadcrumb\",\"itemListElement\":[{\"@type\":\"ListItem\",\"position\":1,\"name\":\"Hem\",\"item\":\"https:\\\/\\\/dhr.se\\\/linkoping\\\/\"},{\"@type\":\"ListItem\",\"position\":2,\"name\":\"DHR -Link\u00f6ping\"}]},{\"@type\":\"WebSite\",\"@id\":\"https:\\\/\\\/dhr.se\\\/linkoping\\\/#website\",\"url\":\"https:\\\/\\\/dhr.se\\\/linkoping\\\/\",\"name\":\"DHR - Link\u00f6ping\",\"description\":\"Delaktighet, r\u00f6relsefrihet och handlingskraft\",\"potentialAction\":[{\"@type\":\"SearchAction\",\"target\":{\"@type\":\"EntryPoint\",\"urlTemplate\":\"https:\\\/\\\/dhr.se\\\/linkoping\\\/?s={search_term_string}\"},\"query-input\":{\"@type\":\"PropertyValueSpecification\",\"valueRequired\":true,\"valueName\":\"search_term_string\"}}],\"inLanguage\":\"sv-SE\"}]}<\/script>\n<!-- \/ Yoast SEO plugin. -->","yoast_head_json":{"title":"DHR -Link\u00f6ping - DHR - Link\u00f6ping","robots":{"index":"index","follow":"follow","max-snippet":"max-snippet:-1","max-image-preview":"max-image-preview:large","max-video-preview":"max-video-preview:-1"},"canonical":"https:\/\/dhr.se\/linkoping\/","og_locale":"sv_SE","og_type":"article","og_title":"DHR -Link\u00f6ping - DHR - Link\u00f6ping","og_url":"https:\/\/dhr.se\/linkoping\/","og_site_name":"DHR - Link\u00f6ping","article_modified_time":"2023-12-21T09:12:48+00:00","twitter_card":"summary_large_image","schema":{"@context":"https:\/\/schema.org","@graph":[{"@type":"WebPage","@id":"https:\/\/dhr.se\/linkoping\/","url":"https:\/\/dhr.se\/linkoping\/","name":"DHR -Link\u00f6ping - DHR - Link\u00f6ping","isPartOf":{"@id":"https:\/\/dhr.se\/linkoping\/#website"},"datePublished":"2019-08-15T18:18:44+00:00","dateModified":"2023-12-21T09:12:48+00:00","breadcrumb":{"@id":"https:\/\/dhr.se\/linkoping\/#breadcrumb"},"inLanguage":"sv-SE","potentialAction":[{"@type":"ReadAction","target":["https:\/\/dhr.se\/linkoping\/"]}]},{"@type":"BreadcrumbList","@id":"https:\/\/dhr.se\/linkoping\/#breadcrumb","itemListElement":[{"@type":"ListItem","position":1,"name":"Hem","item":"https:\/\/dhr.se\/linkoping\/"},{"@type":"ListItem","position":2,"name":"DHR -Link\u00f6ping"}]},{"@type":"WebSite","@id":"https:\/\/dhr.se\/linkoping\/#website","url":"https:\/\/dhr.se\/linkoping\/","name":"DHR - Link\u00f6ping","description":"Delaktighet, r\u00f6relsefrihet och handlingskraft","potentialAction":[{"@type":"SearchAction","target":{"@type":"EntryPoint","urlTemplate":"https:\/\/dhr.se\/linkoping\/?s={search_term_string}"},"query-input":{"@type":"PropertyValueSpecification","valueRequired":true,"valueName":"search_term_string"}}],"inLanguage":"sv-SE"}]}},"publishpress_future_action":{"enabled":false,"date":"2026-05-09 07:15:44","action":"change-status","newStatus":"draft","terms":[],"taxonomy":"translation_priority","extraData":[]},"publishpress_future_workflow_manual_trigger":{"enabledWorkflows":[]},"_links":{"self":[{"href":"https:\/\/dhr.se\/linkoping\/wp-json\/wp\/v2\/pages\/754","targetHints":{"allow":["GET"]}}],"collection":[{"href":"https:\/\/dhr.se\/linkoping\/wp-json\/wp\/v2\/pages"}],"about":[{"href":"https:\/\/dhr.se\/linkoping\/wp-json\/wp\/v2\/types\/page"}],"author":[{"embeddable":true,"href":"https:\/\/dhr.se\/linkoping\/wp-json\/wp\/v2\/users\/26"}],"replies":[{"embeddable":true,"href":"https:\/\/dhr.se\/linkoping\/wp-json\/wp\/v2\/comments?post=754"}],"version-history":[{"count":0,"href":"https:\/\/dhr.se\/linkoping\/wp-json\/wp\/v2\/pages\/754\/revisions"}],"wp:attachment":[{"href":"https:\/\/dhr.se\/linkoping\/wp-json\/wp\/v2\/media?parent=754"}],"curies":[{"name":"wp","href":"https:\/\/api.w.org\/{rel}","templated":true}]}}