{"id":2091,"date":"2022-05-20T16:21:31","date_gmt":"2022-05-20T14:21:31","guid":{"rendered":"http:\/\/dhr.se\/orebro\/?page_id=2091"},"modified":"2026-04-15T22:51:44","modified_gmt":"2026-04-15T20:51:44","slug":"om-oss","status":"publish","type":"page","link":"https:\/\/dhr.se\/orebro\/om-oss\/","title":{"rendered":"Om oss"},"content":{"rendered":"<style>.kt-tabs-id2091_ce507d-d6 > .kt-tabs-content-wrap > .wp-block-kadence-tab{border-top:1px solid #eeeeee;border-right:0px solid #eeeeee;border-bottom:0px solid #eeeeee;border-left:0px solid #eeeeee;border-top-left-radius:0px;border-top-right-radius:0px;border-bottom-right-radius:0px;border-bottom-left-radius:0px;padding-top:20px;padding-right:20px;padding-bottom:20px;padding-left:20px;}.wp-block-kadence-tabs .kt-tabs-id2091_ce507d-d6 > .kt-tabs-title-list li{margin-top:0px;margin-right:8px;margin-bottom:0px;margin-left:0px;}.wp-block-kadence-tabs .kt-tabs-id2091_ce507d-d6 > .kt-tabs-title-list li:last-child{margin-right:0px;}.wp-block-kadence-tabs .kt-tabs-id2091_ce507d-d6 > .kt-tabs-title-list li .kt-tab-title, .wp-block-kadence-tabs .kt-tabs-id2091_ce507d-d6 > .kt-tabs-content-wrap > .kt-tabs-accordion-title .kt-tab-title{line-height:1.4em;font-weight:regular;font-style:normal;border-top-width:0px;border-right-width:0px;border-bottom-width:4px;border-left-width:0px;border-top-left-radius:4px;border-top-right-radius:4px;border-bottom-right-radius:0px;border-bottom-left-radius:0px;padding-top:8px;padding-right:20px;padding-bottom:8px;padding-left:20px;border-color:#ffffff;color:#ffffff;background:#1e73be;}.wp-block-kadence-tabs .kt-tabs-id2091_ce507d-d6 > .kt-tabs-content-wrap > .kt-tabs-accordion-title .kt-tab-title{margin-top:0px;margin-right:8px;margin-bottom:0px;margin-left:0px;}.wp-block-kadence-tabs .kt-tabs-id2091_ce507d-d6 > .kt-tabs-title-list li .kt-tab-title:hover, .wp-block-kadence-tabs .kt-tabs-id2091_ce507d-d6 > .kt-tabs-content-wrap > .kt-tabs-accordion-title .kt-tab-title:hover{border-color:#eeeeee;color:#555555;background:#ffffff;}.wp-block-kadence-tabs .kt-tabs-id2091_ce507d-d6 > .kt-tabs-title-list li.kt-tab-title-active .kt-tab-title, .wp-block-kadence-tabs .kt-tabs-id2091_ce507d-d6 > .kt-tabs-content-wrap > .kt-tabs-accordion-title.kt-tab-title-active .kt-tab-title{border-color:#0a6689;color:#0a6689;background:#ffffff;}@media all and (max-width: 1024px){.kt-tabs-id2091_ce507d-d6 > .kt-tabs-content-wrap > .wp-block-kadence-tab{border-top:1px solid #eeeeee;border-right:0px solid #eeeeee;border-bottom:0px solid #eeeeee;border-left:0px solid #eeeeee;}}@media all and (max-width: 767px){.kt-tabs-id2091_ce507d-d6 > .kt-tabs-content-wrap > .wp-block-kadence-tab{border-top:1px solid #eeeeee;border-right:0px solid #eeeeee;border-bottom:0px solid #eeeeee;border-left:0px solid #eeeeee;}}<\/style>\n<div class=\"wp-block-kadence-tabs aligncenter\"><div class=\"kt-tabs-wrap kt-tabs-id2091_ce507d-d6 kt-tabs-has-4-tabs kt-active-tab-2 kt-tabs-layout-tabs kt-tabs-tablet-layout-inherit kt-tabs-mobile-layout-inherit kt-tab-alignment-left \"><ul class=\"kt-tabs-title-list\"><li id=\"tab-styrelsen\" class=\"kt-title-item kt-title-item-1 kt-tabs-svg-show-always kt-tabs-icon-side-right kt-tab-title-inactive\"><a href=\"#tab-styrelsen\" data-tab=\"1\" class=\"kt-tab-title kt-tab-title-1 \"><span class=\"kt-title-text\">Styrelsen<\/span><\/a><\/li><li id=\"1\" class=\"kt-title-item kt-title-item-2 kt-tabs-svg-show-always kt-tabs-icon-side-right kt-tab-title-active\"><a href=\"#1\" data-tab=\"2\" class=\"kt-tab-title kt-tab-title-2 \"><span class=\"kt-title-text\">Kansliet<\/span><\/a><\/li><li id=\"tab-valberedningen\" class=\"kt-title-item kt-title-item-3 kt-tabs-svg-show-always kt-tabs-icon-side-right kt-tab-title-inactive\"><a href=\"#tab-valberedningen\" data-tab=\"3\" class=\"kt-tab-title kt-tab-title-3 \"><span class=\"kt-title-text\">Valberedningen<\/span><\/a><\/li><li id=\"tab-rsmtet\" class=\"kt-title-item kt-title-item-4 kt-tabs-svg-show-always kt-tabs-icon-side-right kt-tab-title-inactive\"><a href=\"#tab-rsmtet\" data-tab=\"4\" class=\"kt-tab-title kt-tab-title-4 \"><span class=\"kt-title-text\">\u00c5rsm\u00f6tet<\/span><\/a><\/li><\/ul><div class=\"kt-tabs-content-wrap\">\n<div class=\"wp-block-kadence-tab kt-tab-inner-content kt-inner-tab-1 kt-inner-tab2091_73c825-b6\"><div class=\"kt-tab-inner-content-inner\"><section class=\"block-staff\">\n    <div class=\"main\">\n        <div class=\"main-inner\">\n            <h3>Styrelsen 2026 &#8211; 2027<\/h3>\n\n            <div class=\"flex-container\">\n\n                \n\n                        <div class=\"person\">\n                            \n                                                            <img decoding=\"async\" src=\"https:\/\/dhr.se\/orebro\/wp-content\/uploads\/sites\/23\/2023\/04\/IMG_4962-1.jpg\" alt=\"\" \/>\n                            \n                            <h4>Jihad<\/h4>\n                            <h4>Menhem<\/h4>\n                            <p class=\"description\">Ordf\u00f6rande<\/p>\n                            <p class=\"phone\">073-503 10 53<\/p>\n\t\t\t\t\t\t\t                            <a class=\"text-link\" href=\"mailto:jihad.menhem@dhr.se\">Maila mig<\/a>\n\t\t\t\t\t\t\t                        <\/div>\n\n\n                        \n\n                        <div class=\"person\">\n                            \n                                                            <img decoding=\"async\" src=\"https:\/\/dhr.se\/orebro\/wp-content\/uploads\/sites\/23\/2021\/02\/Maryanne.jpg\" alt=\"\" \/>\n                            \n                            <h4>Mary-Anne<\/h4>\n                            <h4>Gustavsson<\/h4>\n                            <p class=\"description\">Vice ordf\u00f6rande<\/p>\n                            <p class=\"phone\">073-610 33 52<\/p>\n\t\t\t\t\t\t\t                            <a class=\"text-link\" href=\"mailto:m-a.gus@hotmail.com\">Maila mig<\/a>\n\t\t\t\t\t\t\t                        <\/div>\n\n\n                        \n\n                        <div class=\"person\">\n                            \n                                                            <img decoding=\"async\" src=\"https:\/\/dhr.se\/orebro\/wp-content\/uploads\/sites\/23\/2021\/04\/ingmarie-1-scaled.jpg\" alt=\"\" \/>\n                            \n                            <h4>Ing-Marie<\/h4>\n                            <h4>Wess\u00e9n<\/h4>\n                            <p class=\"description\">Sekreterare<\/p>\n                            <p class=\"phone\">072-737 48 48<\/p>\n\t\t\t\t\t\t\t                            <a class=\"text-link\" href=\"mailto:ingmarie.wessen@hotmail.com\">Maila mig<\/a>\n\t\t\t\t\t\t\t                        <\/div>\n\n\n                        \n\n                        <div class=\"person\">\n                            \n                                                            <img decoding=\"async\" src=\"https:\/\/dhr.se\/orebro\/wp-content\/uploads\/sites\/23\/2021\/04\/svempa.jpg\" alt=\"\" \/>\n                            \n                            <h4>Sven-Peter<\/h4>\n                            <h4>S\u00f6rensson<\/h4>\n                            <p class=\"description\">Kass\u00f6r<\/p>\n                            <p class=\"phone\">070-918 43 00<\/p>\n\t\t\t\t\t\t\t                            <a class=\"text-link\" href=\"mailto:raa_svempa@hotmail.com\">Maila mig<\/a>\n\t\t\t\t\t\t\t                        <\/div>\n\n\n                        \n\n                        <div class=\"person\">\n                            \n                                                            <img decoding=\"async\" src=\"https:\/\/dhr.se\/orebro\/wp-content\/uploads\/sites\/23\/2021\/04\/speedphoto.jpg\" alt=\"\" \/>\n                            \n                            <h4>Chrille <\/h4>\n                            <h4>Johansson<\/h4>\n                            <p class=\"description\">Styrelseledamot<\/p>\n                            <p class=\"phone\">070-652 46 63<\/p>\n\t\t\t\t\t\t\t                            <a class=\"text-link\" href=\"mailto:criz4fun@gmail.com\">Maila mig<\/a>\n\t\t\t\t\t\t\t                        <\/div>\n\n\n                        \n            <\/div>\n        <\/div>\n    <\/div>\n<\/section><\/div><\/div>\n\n\n\n<div class=\"wp-block-kadence-tab kt-tab-inner-content kt-inner-tab-2 kt-inner-tab2091_4b211a-eb\"><div class=\"kt-tab-inner-content-inner\"><section class=\"block-image-and-text left white\">\n    <div class=\"main\">\n        <div class=\"main-inner\">\n            <div class=\"left-col\" style=\"background-image: url(https:\/\/dhr.se\/orebro\/wp-content\/uploads\/sites\/23\/2026\/04\/001.jpg);\"><\/div>\n\n            <div class=\"right-col\">\n                <h2>Kansli &#8211; F\u00f6reningslokal<\/h2>\n                <p class=\"text\">V\u00e5rt kansli \u00e4r bemannat onsdagar mellan kl 10.00  och 12.00. G\u00f6r ett bes\u00f6k hos oss p\u00e5 Drottninggatan 47 eller l\u00e4mna ett meddelande p\u00e5 v\u00e5r telefonsvarare 019-13 89 22 s\u00e5 ringer vi upp dig. Telefonsvararen har st\u00e4ndig bevakning.<br \/>\r\n<br \/>\r\nI v\u00e5r f\u00f6reningslokal i centrala \u00d6rebro kan vi tr\u00e4ffas f\u00f6r mindre m\u00f6ten och trevlig samvaro.<\/p>\n\n                            <\/div>\n\n        <\/div>\n    <\/div>\n<\/section><\/div><\/div>\n\n\n\n<div class=\"wp-block-kadence-tab kt-tab-inner-content kt-inner-tab-3 kt-inner-tab2091_ea8deb-fe\"><div class=\"kt-tab-inner-content-inner\"><section class=\"block-simple-text\">\n    <div class=\"main\">\n        <div class=\"main-inner\">\n            <div class=\"ingress text-darker\"><p><strong>Valberedningen<\/strong><\/p>\n<p>Valberedning f\u00f6r en avdelning v\u00e4ljs av ordinarie \u00e5rsm\u00f6te. Valberedningen ska f\u00f6resl\u00e5 ledam\u00f6ter till f\u00f6ljande poster inom avdelningen och presentera dem p\u00e5 \u00e5rsm\u00f6tet:<\/p>\n<ul>\n<li>Styrelsen<\/li>\n<li>Suppleanter till styrelsen<\/li>\n<li>Revisorer<\/li>\n<li>Suppleanter till revisorer<\/li>\n<\/ul>\n<p>Detta \u00e5r ing\u00e5r f\u00f6ljande medlemmar i valberedningen:<\/p>\n<p><strong>Lena Johansson,\u00a0 \u00a0 \u00a0 \u00a0 \u00a0Tel 070-677 38 99<br \/>\nE-post<\/strong><a href=\"mailto:lena.hm.johansson@outlook.com\"> lena.hm.johansson@outlook.com<\/a><\/p>\n<p><strong><br \/>\nVivi-Anne Lundstr\u00f6m, Tel 072-744 00 91<br \/>\nE-post <\/strong><a href=\"mailto:vivianne.lundstrom@bahnhof.se\">vivianne.lundstrom@bahnhof.se<\/a><\/p>\n<p>H\u00f6r av dig till n\u00e5gon i valberedningen om du sj\u00e4lv, eller n\u00e5gon som du k\u00e4nner, \u00e4r intresserad av att delta i styrelsearbetet.<\/p>\n<\/div>\n            <div class=\"content\"><\/div>\n        <\/div>\n    <\/div>\n<\/section><\/div><\/div>\n\n\n\n<div class=\"wp-block-kadence-tab kt-tab-inner-content kt-inner-tab-4 kt-inner-tab2091_437525-ac\"><div class=\"kt-tab-inner-content-inner\"><section class=\"block-image-and-text left white\">\n    <div class=\"main\">\n        <div class=\"main-inner\">\n            <div class=\"left-col\" style=\"background-image: url(https:\/\/dhr.se\/orebro\/wp-content\/uploads\/sites\/23\/2021\/03\/klubba_original-e1618516037676.jpg);\"><\/div>\n\n            <div class=\"right-col\">\n                <h2>\u00c5rsm\u00f6te<\/h2>\n                <p class=\"text\">\u00c5rsm\u00f6tet \u00e4r avdelningens h\u00f6gsta beslutande organ. Ordinarie \u00e5rsm\u00f6te ska h\u00e5llas f\u00f6re mars m\u00e5nads utg\u00e5ng. Dag tid och plats f\u00f6r ordinarie \u00e5rsm\u00f6te ska skriftligen meddelas DHR-avdelningens medlemmar senast en m\u00e5nad f\u00f6re dagen f\u00f6r m\u00f6tet.<br \/>\r\n<br \/>\r\nVid \u00e5rsm\u00f6tet behandlas bl a styrelsens verksamhetsber\u00e4ttelse och \u00e5rsbokslut och beslut tas om ansvarsfrihet f\u00f6r styrelsen. Vid m\u00f6tet v\u00e4ljs \u00e4ven en ny styrelse.<br \/>\r\n<br \/>\r\n\u00c5rsm\u00f6tet \u00e5r 2026 \u00e4gde rum l\u00f6rdagen den 21 mars kl. 14.30 -16.30. <br \/>\r\n<br \/>\r\n <br \/>\r\n<br \/>\r\nL\u00e4s Verksamhetsber\u00e4ttelsen f\u00f6r DHR-avdelningen \u00c5r 2025.<br \/>\r\n<\/p>\n\n                                    <a class=\"button big accent\" href=\"https:\/\/dhr.se\/orebro\/wp-content\/uploads\/sites\/23\/2026\/03\/Arsmoteshandlingar-DHR-Orebro-21-mars-2026.pdf\" target=\"_blank\">\u00c5r 2025<\/a>\n                            <\/div>\n\n        <\/div>\n    <\/div>\n<\/section><\/div><\/div>\n<\/div><\/div><\/div>\n","protected":false},"excerpt":{"rendered":"","protected":false},"author":25,"featured_media":0,"parent":0,"menu_order":2,"comment_status":"closed","ping_status":"closed","template":"","meta":{"_acf_changed":false,"_monsterinsights_skip_tracking":false,"_monsterinsights_sitenote_active":false,"_monsterinsights_sitenote_note":"","_monsterinsights_sitenote_category":0,"footnotes":""},"class_list":["post-2091","page","type-page","status-publish","hentry"],"acf":[],"yoast_head":"<!-- This site is optimized with the Yoast SEO plugin v27.2 - https:\/\/yoast.com\/product\/yoast-seo-wordpress\/ -->\n<title>Om oss - DHR - \u00d6rebro<\/title>\n<meta name=\"robots\" content=\"index, follow, max-snippet:-1, max-image-preview:large, max-video-preview:-1\" \/>\n<link rel=\"canonical\" href=\"https:\/\/dhr.se\/orebro\/om-oss\/\" \/>\n<meta property=\"og:locale\" content=\"sv_SE\" \/>\n<meta property=\"og:type\" content=\"article\" \/>\n<meta property=\"og:title\" content=\"Om oss - DHR - \u00d6rebro\" \/>\n<meta property=\"og:url\" content=\"https:\/\/dhr.se\/orebro\/om-oss\/\" \/>\n<meta property=\"og:site_name\" content=\"DHR - \u00d6rebro\" \/>\n<meta property=\"article:modified_time\" content=\"2026-04-15T20:51:44+00:00\" \/>\n<meta name=\"twitter:card\" content=\"summary_large_image\" \/>\n<meta name=\"twitter:label1\" content=\"Ber\u00e4knad l\u00e4stid\" \/>\n\t<meta name=\"twitter:data1\" content=\"1 minut\" \/>\n<script type=\"application\/ld+json\" class=\"yoast-schema-graph\">{\"@context\":\"https:\/\/schema.org\",\"@graph\":[{\"@type\":\"WebPage\",\"@id\":\"https:\/\/dhr.se\/orebro\/om-oss\/\",\"url\":\"https:\/\/dhr.se\/orebro\/om-oss\/\",\"name\":\"Om oss - DHR - \u00d6rebro\",\"isPartOf\":{\"@id\":\"https:\/\/dhr.se\/orebro\/#website\"},\"datePublished\":\"2022-05-20T14:21:31+00:00\",\"dateModified\":\"2026-04-15T20:51:44+00:00\",\"breadcrumb\":{\"@id\":\"https:\/\/dhr.se\/orebro\/om-oss\/#breadcrumb\"},\"inLanguage\":\"sv-SE\",\"potentialAction\":[{\"@type\":\"ReadAction\",\"target\":[\"https:\/\/dhr.se\/orebro\/om-oss\/\"]}]},{\"@type\":\"BreadcrumbList\",\"@id\":\"https:\/\/dhr.se\/orebro\/om-oss\/#breadcrumb\",\"itemListElement\":[{\"@type\":\"ListItem\",\"position\":1,\"name\":\"Hem\",\"item\":\"https:\/\/dhr.se\/orebro\/\"},{\"@type\":\"ListItem\",\"position\":2,\"name\":\"Om oss\"}]},{\"@type\":\"WebSite\",\"@id\":\"https:\/\/dhr.se\/orebro\/#website\",\"url\":\"https:\/\/dhr.se\/orebro\/\",\"name\":\"DHR - \u00d6rebro\",\"description\":\"Delaktighet, r\u00f6relsefrihet och handlingskraft\",\"potentialAction\":[{\"@type\":\"SearchAction\",\"target\":{\"@type\":\"EntryPoint\",\"urlTemplate\":\"https:\/\/dhr.se\/orebro\/?s={search_term_string}\"},\"query-input\":{\"@type\":\"PropertyValueSpecification\",\"valueRequired\":true,\"valueName\":\"search_term_string\"}}],\"inLanguage\":\"sv-SE\"}]}<\/script>\n<!-- \/ Yoast SEO plugin. -->","yoast_head_json":{"title":"Om oss - DHR - \u00d6rebro","robots":{"index":"index","follow":"follow","max-snippet":"max-snippet:-1","max-image-preview":"max-image-preview:large","max-video-preview":"max-video-preview:-1"},"canonical":"https:\/\/dhr.se\/orebro\/om-oss\/","og_locale":"sv_SE","og_type":"article","og_title":"Om oss - DHR - \u00d6rebro","og_url":"https:\/\/dhr.se\/orebro\/om-oss\/","og_site_name":"DHR - \u00d6rebro","article_modified_time":"2026-04-15T20:51:44+00:00","twitter_card":"summary_large_image","twitter_misc":{"Ber\u00e4knad l\u00e4stid":"1 minut"},"schema":{"@context":"https:\/\/schema.org","@graph":[{"@type":"WebPage","@id":"https:\/\/dhr.se\/orebro\/om-oss\/","url":"https:\/\/dhr.se\/orebro\/om-oss\/","name":"Om oss - DHR - \u00d6rebro","isPartOf":{"@id":"https:\/\/dhr.se\/orebro\/#website"},"datePublished":"2022-05-20T14:21:31+00:00","dateModified":"2026-04-15T20:51:44+00:00","breadcrumb":{"@id":"https:\/\/dhr.se\/orebro\/om-oss\/#breadcrumb"},"inLanguage":"sv-SE","potentialAction":[{"@type":"ReadAction","target":["https:\/\/dhr.se\/orebro\/om-oss\/"]}]},{"@type":"BreadcrumbList","@id":"https:\/\/dhr.se\/orebro\/om-oss\/#breadcrumb","itemListElement":[{"@type":"ListItem","position":1,"name":"Hem","item":"https:\/\/dhr.se\/orebro\/"},{"@type":"ListItem","position":2,"name":"Om oss"}]},{"@type":"WebSite","@id":"https:\/\/dhr.se\/orebro\/#website","url":"https:\/\/dhr.se\/orebro\/","name":"DHR - \u00d6rebro","description":"Delaktighet, r\u00f6relsefrihet och handlingskraft","potentialAction":[{"@type":"SearchAction","target":{"@type":"EntryPoint","urlTemplate":"https:\/\/dhr.se\/orebro\/?s={search_term_string}"},"query-input":{"@type":"PropertyValueSpecification","valueRequired":true,"valueName":"search_term_string"}}],"inLanguage":"sv-SE"}]}},"publishpress_future_action":{"enabled":false,"date":"2026-05-04 19:18:09","action":"change-status","newStatus":"draft","terms":[],"taxonomy":"translation_priority","extraData":[]},"publishpress_future_workflow_manual_trigger":{"enabledWorkflows":[]},"_links":{"self":[{"href":"https:\/\/dhr.se\/orebro\/wp-json\/wp\/v2\/pages\/2091","targetHints":{"allow":["GET"]}}],"collection":[{"href":"https:\/\/dhr.se\/orebro\/wp-json\/wp\/v2\/pages"}],"about":[{"href":"https:\/\/dhr.se\/orebro\/wp-json\/wp\/v2\/types\/page"}],"author":[{"embeddable":true,"href":"https:\/\/dhr.se\/orebro\/wp-json\/wp\/v2\/users\/25"}],"replies":[{"embeddable":true,"href":"https:\/\/dhr.se\/orebro\/wp-json\/wp\/v2\/comments?post=2091"}],"version-history":[{"count":7,"href":"https:\/\/dhr.se\/orebro\/wp-json\/wp\/v2\/pages\/2091\/revisions"}],"predecessor-version":[{"id":4005,"href":"https:\/\/dhr.se\/orebro\/wp-json\/wp\/v2\/pages\/2091\/revisions\/4005"}],"wp:attachment":[{"href":"https:\/\/dhr.se\/orebro\/wp-json\/wp\/v2\/media?parent=2091"}],"curies":[{"name":"wp","href":"https:\/\/api.w.org\/{rel}","templated":true}]}}