{"id":2260,"date":"2026-01-18T19:31:23","date_gmt":"2026-01-18T18:31:23","guid":{"rendered":"https:\/\/dhr.se\/ostergotland\/?page_id=2260"},"modified":"2026-04-03T18:56:02","modified_gmt":"2026-04-03T16:56:02","slug":"kanslist","status":"publish","type":"page","link":"https:\/\/dhr.se\/ostergotland\/kanslist\/","title":{"rendered":"Kanslist"},"content":{"rendered":"\n<figure class=\"wp-block-table aligncenter\"><table class=\"has-fixed-layout\"><tbody><tr><td><br><img decoding=\"async\" src=\"https:\/\/dhr.se\/ostergotland\/wp-content\/uploads\/sites\/16\/2026\/01\/Oscar1.jpeg\" alt=\"\"><br><br><br>Oscar Sj\u00f6kvist arbetar som kanslist. Du n\u00e5r Oscar l\u00e4ttast p\u00e5 telefon m\u00e5ndagar och onsdagar<br><br>Oscar kommer n\u00e4rmast fr\u00e5n Unga r\u00f6relsehindrade d\u00e4r han varit f\u00f6rbundsordf\u00f6rande.<br><br>Oscar arbetar utifr\u00e5n beslut som fattas av distriktets styrelse.<br>Har avdelningar i \u00d6sterg\u00f6tland \u00f6nskem\u00e5l om att f\u00e5 hj\u00e4lp och st\u00f6ttning i sitt arbete v\u00e4nligen kontakta distriktets styrelse genom att fylla i kontaktformul\u00e4ret nedan.<br><br>Tel: 0723-14 88 58<br><a href=\"mailto:ostergotlandslan@dhr.se\">ostergotlandslan@dhr.se<\/a><br><br><\/td><\/tr><tr><td>\n<div class=\"wpcf7 no-js\" id=\"wpcf7-f2305-o1\" lang=\"sv-SE\" dir=\"ltr\" data-wpcf7-id=\"2305\">\n<div class=\"screen-reader-response\"><p role=\"status\" aria-live=\"polite\" aria-atomic=\"true\"><\/p> <ul><\/ul><\/div>\n<form action=\"\/ostergotland\/wp-json\/wp\/v2\/pages\/2260#wpcf7-f2305-o1\" method=\"post\" class=\"wpcf7-form init\" aria-label=\"Kontaktformul\u00e4r\" novalidate=\"novalidate\" data-status=\"init\">\n<fieldset class=\"hidden-fields-container\"><input type=\"hidden\" name=\"_wpcf7\" value=\"2305\" \/><input type=\"hidden\" name=\"_wpcf7_version\" value=\"6.1.5\" \/><input type=\"hidden\" name=\"_wpcf7_locale\" value=\"sv_SE\" \/><input type=\"hidden\" name=\"_wpcf7_unit_tag\" value=\"wpcf7-f2305-o1\" \/><input type=\"hidden\" name=\"_wpcf7_container_post\" value=\"0\" \/><input type=\"hidden\" name=\"_wpcf7_posted_data_hash\" value=\"\" \/>\n<\/fieldset>\n<p><label> Ditt namn<br \/>\n<span class=\"wpcf7-form-control-wrap\" data-name=\"your-name\"><input size=\"40\" maxlength=\"400\" class=\"wpcf7-form-control wpcf7-text wpcf7-validates-as-required\" autocomplete=\"name\" aria-required=\"true\" aria-invalid=\"false\" value=\"\" type=\"text\" name=\"your-name\" \/><\/span> <\/label>\n<\/p>\n<p><label> Din e-post<br \/>\n<span class=\"wpcf7-form-control-wrap\" data-name=\"your-email\"><input size=\"40\" maxlength=\"400\" class=\"wpcf7-form-control wpcf7-email wpcf7-validates-as-required wpcf7-text wpcf7-validates-as-email\" autocomplete=\"email\" aria-required=\"true\" aria-invalid=\"false\" value=\"\" type=\"email\" name=\"your-email\" \/><\/span> <\/label>\n<\/p>\n<p><label> \u00c4mne<br \/>\n<span class=\"wpcf7-form-control-wrap\" data-name=\"your-subject\"><input size=\"40\" maxlength=\"400\" class=\"wpcf7-form-control wpcf7-text wpcf7-validates-as-required\" aria-required=\"true\" aria-invalid=\"false\" value=\"\" type=\"text\" name=\"your-subject\" \/><\/span> <\/label>\n<\/p>\n<p><label> Ditt meddelande (valfritt)<br \/>\n<span class=\"wpcf7-form-control-wrap\" data-name=\"your-message\"><textarea cols=\"40\" rows=\"10\" maxlength=\"2000\" class=\"wpcf7-form-control wpcf7-textarea\" aria-invalid=\"false\" name=\"your-message\"><\/textarea><\/span> <\/label>\n<\/p>\n<p><input class=\"wpcf7-form-control wpcf7-submit has-spinner\" type=\"submit\" value=\"Skicka\" \/>\n<\/p><div class=\"wpcf7-response-output\" aria-hidden=\"true\"><\/div>\n<\/form>\n<\/div>\n<\/td><\/tr><\/tbody><\/table><\/figure>\n","protected":false},"excerpt":{"rendered":"<p>Oscar Sj\u00f6kvist arbetar som kanslist. Du n\u00e5r Oscar l\u00e4ttast p\u00e5 telefon m\u00e5ndagar och onsdagar Oscar kommer n\u00e4rmast fr\u00e5n Unga r\u00f6relsehindrade d\u00e4r han varit f\u00f6rbundsordf\u00f6rande. Oscar arbetar utifr\u00e5n beslut som fattas av distriktets styrelse.Har avdelningar i \u00d6sterg\u00f6tland \u00f6nskem\u00e5l om att f\u00e5[&hellip;]<\/p>\n","protected":false},"author":18,"featured_media":0,"parent":0,"menu_order":0,"comment_status":"closed","ping_status":"closed","template":"","meta":{"_acf_changed":false,"_monsterinsights_skip_tracking":false,"_monsterinsights_sitenote_active":false,"_monsterinsights_sitenote_note":"","_monsterinsights_sitenote_category":0,"footnotes":""},"class_list":["post-2260","page","type-page","status-publish","hentry"],"acf":[],"yoast_head":"<!-- This site is optimized with the Yoast SEO plugin v27.5 - https:\/\/yoast.com\/product\/yoast-seo-wordpress\/ -->\n<title>Kanslist - DHR - \u00d6sterg\u00f6tland<\/title>\n<meta name=\"robots\" content=\"index, follow, max-snippet:-1, max-image-preview:large, max-video-preview:-1\" \/>\n<link rel=\"canonical\" href=\"https:\/\/dhr.se\/ostergotland\/kanslist\/\" \/>\n<meta property=\"og:locale\" content=\"sv_SE\" \/>\n<meta property=\"og:type\" content=\"article\" \/>\n<meta property=\"og:title\" content=\"Kanslist - DHR - \u00d6sterg\u00f6tland\" \/>\n<meta property=\"og:description\" content=\"Oscar Sj\u00f6kvist arbetar som kanslist. Du n\u00e5r Oscar l\u00e4ttast p\u00e5 telefon m\u00e5ndagar och onsdagar Oscar kommer n\u00e4rmast fr\u00e5n Unga r\u00f6relsehindrade d\u00e4r han varit f\u00f6rbundsordf\u00f6rande. Oscar arbetar utifr\u00e5n beslut som fattas av distriktets styrelse.Har avdelningar i \u00d6sterg\u00f6tland \u00f6nskem\u00e5l om att f\u00e5[&hellip;]\" \/>\n<meta property=\"og:url\" content=\"https:\/\/dhr.se\/ostergotland\/kanslist\/\" \/>\n<meta property=\"og:site_name\" content=\"DHR - \u00d6sterg\u00f6tland\" \/>\n<meta property=\"article:modified_time\" content=\"2026-04-03T16:56:02+00:00\" \/>\n<meta property=\"og:image\" content=\"https:\/\/dhr.se\/ostergotland\/wp-content\/uploads\/sites\/16\/2026\/01\/Oscar1.jpeg\" \/>\n<meta name=\"twitter:card\" content=\"summary_large_image\" \/>\n<meta name=\"twitter:label1\" content=\"Ber\u00e4knad l\u00e4stid\" \/>\n\t<meta name=\"twitter:data1\" content=\"1 minut\" \/>\n<script type=\"application\/ld+json\" class=\"yoast-schema-graph\">{\"@context\":\"https:\\\/\\\/schema.org\",\"@graph\":[{\"@type\":\"WebPage\",\"@id\":\"https:\\\/\\\/dhr.se\\\/ostergotland\\\/kanslist\\\/\",\"url\":\"https:\\\/\\\/dhr.se\\\/ostergotland\\\/kanslist\\\/\",\"name\":\"Kanslist - DHR - \u00d6sterg\u00f6tland\",\"isPartOf\":{\"@id\":\"https:\\\/\\\/dhr.se\\\/ostergotland\\\/#website\"},\"primaryImageOfPage\":{\"@id\":\"https:\\\/\\\/dhr.se\\\/ostergotland\\\/kanslist\\\/#primaryimage\"},\"image\":{\"@id\":\"https:\\\/\\\/dhr.se\\\/ostergotland\\\/kanslist\\\/#primaryimage\"},\"thumbnailUrl\":\"https:\\\/\\\/dhr.se\\\/ostergotland\\\/wp-content\\\/uploads\\\/sites\\\/16\\\/2026\\\/01\\\/Oscar1.jpeg\",\"datePublished\":\"2026-01-18T18:31:23+00:00\",\"dateModified\":\"2026-04-03T16:56:02+00:00\",\"breadcrumb\":{\"@id\":\"https:\\\/\\\/dhr.se\\\/ostergotland\\\/kanslist\\\/#breadcrumb\"},\"inLanguage\":\"sv-SE\",\"potentialAction\":[{\"@type\":\"ReadAction\",\"target\":[\"https:\\\/\\\/dhr.se\\\/ostergotland\\\/kanslist\\\/\"]}]},{\"@type\":\"ImageObject\",\"inLanguage\":\"sv-SE\",\"@id\":\"https:\\\/\\\/dhr.se\\\/ostergotland\\\/kanslist\\\/#primaryimage\",\"url\":\"https:\\\/\\\/dhr.se\\\/ostergotland\\\/wp-content\\\/uploads\\\/sites\\\/16\\\/2026\\\/01\\\/Oscar1.jpeg\",\"contentUrl\":\"https:\\\/\\\/dhr.se\\\/ostergotland\\\/wp-content\\\/uploads\\\/sites\\\/16\\\/2026\\\/01\\\/Oscar1.jpeg\",\"width\":646,\"height\":860},{\"@type\":\"BreadcrumbList\",\"@id\":\"https:\\\/\\\/dhr.se\\\/ostergotland\\\/kanslist\\\/#breadcrumb\",\"itemListElement\":[{\"@type\":\"ListItem\",\"position\":1,\"name\":\"Hem\",\"item\":\"https:\\\/\\\/dhr.se\\\/ostergotland\\\/\"},{\"@type\":\"ListItem\",\"position\":2,\"name\":\"Kanslist\"}]},{\"@type\":\"WebSite\",\"@id\":\"https:\\\/\\\/dhr.se\\\/ostergotland\\\/#website\",\"url\":\"https:\\\/\\\/dhr.se\\\/ostergotland\\\/\",\"name\":\"DHR - \u00d6sterg\u00f6tland\",\"description\":\"Delaktighet, r\u00f6relsefrihet och handlingskraft\",\"potentialAction\":[{\"@type\":\"SearchAction\",\"target\":{\"@type\":\"EntryPoint\",\"urlTemplate\":\"https:\\\/\\\/dhr.se\\\/ostergotland\\\/?s={search_term_string}\"},\"query-input\":{\"@type\":\"PropertyValueSpecification\",\"valueRequired\":true,\"valueName\":\"search_term_string\"}}],\"inLanguage\":\"sv-SE\"}]}<\/script>\n<!-- \/ Yoast SEO plugin. -->","yoast_head_json":{"title":"Kanslist - DHR - \u00d6sterg\u00f6tland","robots":{"index":"index","follow":"follow","max-snippet":"max-snippet:-1","max-image-preview":"max-image-preview:large","max-video-preview":"max-video-preview:-1"},"canonical":"https:\/\/dhr.se\/ostergotland\/kanslist\/","og_locale":"sv_SE","og_type":"article","og_title":"Kanslist - DHR - \u00d6sterg\u00f6tland","og_description":"Oscar Sj\u00f6kvist arbetar som kanslist. Du n\u00e5r Oscar l\u00e4ttast p\u00e5 telefon m\u00e5ndagar och onsdagar Oscar kommer n\u00e4rmast fr\u00e5n Unga r\u00f6relsehindrade d\u00e4r han varit f\u00f6rbundsordf\u00f6rande. Oscar arbetar utifr\u00e5n beslut som fattas av distriktets styrelse.Har avdelningar i \u00d6sterg\u00f6tland \u00f6nskem\u00e5l om att f\u00e5[&hellip;]","og_url":"https:\/\/dhr.se\/ostergotland\/kanslist\/","og_site_name":"DHR - \u00d6sterg\u00f6tland","article_modified_time":"2026-04-03T16:56:02+00:00","og_image":[{"url":"https:\/\/dhr.se\/ostergotland\/wp-content\/uploads\/sites\/16\/2026\/01\/Oscar1.jpeg","type":"","width":"","height":""}],"twitter_card":"summary_large_image","twitter_misc":{"Ber\u00e4knad l\u00e4stid":"1 minut"},"schema":{"@context":"https:\/\/schema.org","@graph":[{"@type":"WebPage","@id":"https:\/\/dhr.se\/ostergotland\/kanslist\/","url":"https:\/\/dhr.se\/ostergotland\/kanslist\/","name":"Kanslist - DHR - \u00d6sterg\u00f6tland","isPartOf":{"@id":"https:\/\/dhr.se\/ostergotland\/#website"},"primaryImageOfPage":{"@id":"https:\/\/dhr.se\/ostergotland\/kanslist\/#primaryimage"},"image":{"@id":"https:\/\/dhr.se\/ostergotland\/kanslist\/#primaryimage"},"thumbnailUrl":"https:\/\/dhr.se\/ostergotland\/wp-content\/uploads\/sites\/16\/2026\/01\/Oscar1.jpeg","datePublished":"2026-01-18T18:31:23+00:00","dateModified":"2026-04-03T16:56:02+00:00","breadcrumb":{"@id":"https:\/\/dhr.se\/ostergotland\/kanslist\/#breadcrumb"},"inLanguage":"sv-SE","potentialAction":[{"@type":"ReadAction","target":["https:\/\/dhr.se\/ostergotland\/kanslist\/"]}]},{"@type":"ImageObject","inLanguage":"sv-SE","@id":"https:\/\/dhr.se\/ostergotland\/kanslist\/#primaryimage","url":"https:\/\/dhr.se\/ostergotland\/wp-content\/uploads\/sites\/16\/2026\/01\/Oscar1.jpeg","contentUrl":"https:\/\/dhr.se\/ostergotland\/wp-content\/uploads\/sites\/16\/2026\/01\/Oscar1.jpeg","width":646,"height":860},{"@type":"BreadcrumbList","@id":"https:\/\/dhr.se\/ostergotland\/kanslist\/#breadcrumb","itemListElement":[{"@type":"ListItem","position":1,"name":"Hem","item":"https:\/\/dhr.se\/ostergotland\/"},{"@type":"ListItem","position":2,"name":"Kanslist"}]},{"@type":"WebSite","@id":"https:\/\/dhr.se\/ostergotland\/#website","url":"https:\/\/dhr.se\/ostergotland\/","name":"DHR - \u00d6sterg\u00f6tland","description":"Delaktighet, r\u00f6relsefrihet och handlingskraft","potentialAction":[{"@type":"SearchAction","target":{"@type":"EntryPoint","urlTemplate":"https:\/\/dhr.se\/ostergotland\/?s={search_term_string}"},"query-input":{"@type":"PropertyValueSpecification","valueRequired":true,"valueName":"search_term_string"}}],"inLanguage":"sv-SE"}]}},"publishpress_future_action":{"enabled":false,"date":"2026-05-16 08:48:35","action":"change-status","newStatus":"draft","terms":[],"taxonomy":"translation_priority","extraData":[]},"publishpress_future_workflow_manual_trigger":{"enabledWorkflows":[]},"_links":{"self":[{"href":"https:\/\/dhr.se\/ostergotland\/wp-json\/wp\/v2\/pages\/2260","targetHints":{"allow":["GET"]}}],"collection":[{"href":"https:\/\/dhr.se\/ostergotland\/wp-json\/wp\/v2\/pages"}],"about":[{"href":"https:\/\/dhr.se\/ostergotland\/wp-json\/wp\/v2\/types\/page"}],"author":[{"embeddable":true,"href":"https:\/\/dhr.se\/ostergotland\/wp-json\/wp\/v2\/users\/18"}],"replies":[{"embeddable":true,"href":"https:\/\/dhr.se\/ostergotland\/wp-json\/wp\/v2\/comments?post=2260"}],"version-history":[{"count":15,"href":"https:\/\/dhr.se\/ostergotland\/wp-json\/wp\/v2\/pages\/2260\/revisions"}],"predecessor-version":[{"id":2306,"href":"https:\/\/dhr.se\/ostergotland\/wp-json\/wp\/v2\/pages\/2260\/revisions\/2306"}],"wp:attachment":[{"href":"https:\/\/dhr.se\/ostergotland\/wp-json\/wp\/v2\/media?parent=2260"}],"curies":[{"name":"wp","href":"https:\/\/api.w.org\/{rel}","templated":true}]}}