{"id":1993,"date":"2021-04-13T21:33:44","date_gmt":"2021-04-13T19:33:44","guid":{"rendered":"http:\/\/dhr.se\/sodermanland\/?page_id=1993"},"modified":"2021-04-13T21:47:16","modified_gmt":"2021-04-13T19:47:16","slug":"vad-vi-gor","status":"publish","type":"page","link":"https:\/\/dhr.se\/regionsormland\/vad-vi-gor\/","title":{"rendered":"Vad vi g\u00f6r"},"content":{"rendered":"<section class=\"block-simple-text\">\n    <div class=\"main\">\n        <div class=\"main-inner\">\n            <div class=\"ingress text-darker\"><p>Distriktet arbetar utifr\u00e5n din vardag. Den blir v\u00e5rt r\u00e4ttighetspolitiska arbete. Vi tar fram fakta och beslutsunderlag, f\u00f6r tj\u00e4nstem\u00e4n och beslutsfattare, utifr\u00e5n de erfarenheter som m\u00e4nniskor med nedsatt r\u00f6relsef\u00f6rm\u00e5ga har.<\/p>\n<\/div>\n            <div class=\"content\"><\/div>\n        <\/div>\n    <\/div>\n<\/section>\n\n\n<p><\/p>\n","protected":false},"excerpt":{"rendered":"","protected":false},"author":1,"featured_media":0,"parent":0,"menu_order":0,"comment_status":"closed","ping_status":"closed","template":"template-side-menu.php","meta":{"_acf_changed":false,"_monsterinsights_skip_tracking":false,"_monsterinsights_sitenote_active":false,"_monsterinsights_sitenote_note":"","_monsterinsights_sitenote_category":0,"footnotes":""},"class_list":["post-1993","page","type-page","status-publish","hentry"],"acf":[],"yoast_head":"<!-- This site is optimized with the Yoast SEO plugin v27.2 - https:\/\/yoast.com\/product\/yoast-seo-wordpress\/ -->\n<title>Vad vi g\u00f6r - DHR - Region S\u00f6rmland<\/title>\n<meta name=\"robots\" content=\"index, follow, max-snippet:-1, max-image-preview:large, max-video-preview:-1\" \/>\n<link rel=\"canonical\" href=\"https:\/\/dhr.se\/regionsormland\/vad-vi-gor\/\" \/>\n<meta property=\"og:locale\" content=\"sv_SE\" \/>\n<meta property=\"og:type\" content=\"article\" \/>\n<meta property=\"og:title\" content=\"Vad vi g\u00f6r - DHR - Region S\u00f6rmland\" \/>\n<meta property=\"og:url\" content=\"https:\/\/dhr.se\/regionsormland\/vad-vi-gor\/\" \/>\n<meta property=\"og:site_name\" content=\"DHR - Region S\u00f6rmland\" \/>\n<meta property=\"article:modified_time\" content=\"2021-04-13T19:47:16+00:00\" \/>\n<meta name=\"twitter:card\" content=\"summary_large_image\" \/>\n<script type=\"application\/ld+json\" class=\"yoast-schema-graph\">{\"@context\":\"https:\/\/schema.org\",\"@graph\":[{\"@type\":\"WebPage\",\"@id\":\"https:\/\/dhr.se\/regionsormland\/vad-vi-gor\/\",\"url\":\"https:\/\/dhr.se\/regionsormland\/vad-vi-gor\/\",\"name\":\"Vad vi g\u00f6r - DHR - Region S\u00f6rmland\",\"isPartOf\":{\"@id\":\"https:\/\/dhr.se\/regionsormland\/#website\"},\"datePublished\":\"2021-04-13T19:33:44+00:00\",\"dateModified\":\"2021-04-13T19:47:16+00:00\",\"breadcrumb\":{\"@id\":\"https:\/\/dhr.se\/regionsormland\/vad-vi-gor\/#breadcrumb\"},\"inLanguage\":\"sv-SE\",\"potentialAction\":[{\"@type\":\"ReadAction\",\"target\":[\"https:\/\/dhr.se\/regionsormland\/vad-vi-gor\/\"]}]},{\"@type\":\"BreadcrumbList\",\"@id\":\"https:\/\/dhr.se\/regionsormland\/vad-vi-gor\/#breadcrumb\",\"itemListElement\":[{\"@type\":\"ListItem\",\"position\":1,\"name\":\"Hem\",\"item\":\"https:\/\/dhr.se\/regionsormland\/\"},{\"@type\":\"ListItem\",\"position\":2,\"name\":\"Vad vi g\u00f6r\"}]},{\"@type\":\"WebSite\",\"@id\":\"https:\/\/dhr.se\/regionsormland\/#website\",\"url\":\"https:\/\/dhr.se\/regionsormland\/\",\"name\":\"DHR - Region S\u00f6rmland\",\"description\":\"Delaktighet, r\u00f6relsefrihet och handlingskraft\",\"potentialAction\":[{\"@type\":\"SearchAction\",\"target\":{\"@type\":\"EntryPoint\",\"urlTemplate\":\"https:\/\/dhr.se\/regionsormland\/?s={search_term_string}\"},\"query-input\":{\"@type\":\"PropertyValueSpecification\",\"valueRequired\":true,\"valueName\":\"search_term_string\"}}],\"inLanguage\":\"sv-SE\"}]}<\/script>\n<!-- \/ Yoast SEO plugin. -->","yoast_head_json":{"title":"Vad vi g\u00f6r - DHR - Region S\u00f6rmland","robots":{"index":"index","follow":"follow","max-snippet":"max-snippet:-1","max-image-preview":"max-image-preview:large","max-video-preview":"max-video-preview:-1"},"canonical":"https:\/\/dhr.se\/regionsormland\/vad-vi-gor\/","og_locale":"sv_SE","og_type":"article","og_title":"Vad vi g\u00f6r - DHR - Region S\u00f6rmland","og_url":"https:\/\/dhr.se\/regionsormland\/vad-vi-gor\/","og_site_name":"DHR - Region S\u00f6rmland","article_modified_time":"2021-04-13T19:47:16+00:00","twitter_card":"summary_large_image","schema":{"@context":"https:\/\/schema.org","@graph":[{"@type":"WebPage","@id":"https:\/\/dhr.se\/regionsormland\/vad-vi-gor\/","url":"https:\/\/dhr.se\/regionsormland\/vad-vi-gor\/","name":"Vad vi g\u00f6r - DHR - Region S\u00f6rmland","isPartOf":{"@id":"https:\/\/dhr.se\/regionsormland\/#website"},"datePublished":"2021-04-13T19:33:44+00:00","dateModified":"2021-04-13T19:47:16+00:00","breadcrumb":{"@id":"https:\/\/dhr.se\/regionsormland\/vad-vi-gor\/#breadcrumb"},"inLanguage":"sv-SE","potentialAction":[{"@type":"ReadAction","target":["https:\/\/dhr.se\/regionsormland\/vad-vi-gor\/"]}]},{"@type":"BreadcrumbList","@id":"https:\/\/dhr.se\/regionsormland\/vad-vi-gor\/#breadcrumb","itemListElement":[{"@type":"ListItem","position":1,"name":"Hem","item":"https:\/\/dhr.se\/regionsormland\/"},{"@type":"ListItem","position":2,"name":"Vad vi g\u00f6r"}]},{"@type":"WebSite","@id":"https:\/\/dhr.se\/regionsormland\/#website","url":"https:\/\/dhr.se\/regionsormland\/","name":"DHR - Region S\u00f6rmland","description":"Delaktighet, r\u00f6relsefrihet och handlingskraft","potentialAction":[{"@type":"SearchAction","target":{"@type":"EntryPoint","urlTemplate":"https:\/\/dhr.se\/regionsormland\/?s={search_term_string}"},"query-input":{"@type":"PropertyValueSpecification","valueRequired":true,"valueName":"search_term_string"}}],"inLanguage":"sv-SE"}]}},"publishpress_future_action":{"enabled":false,"date":"2026-04-27 18:52:46","action":"change-status","newStatus":"draft","terms":[],"taxonomy":"translation_priority","extraData":[]},"publishpress_future_workflow_manual_trigger":{"enabledWorkflows":[]},"_links":{"self":[{"href":"https:\/\/dhr.se\/regionsormland\/wp-json\/wp\/v2\/pages\/1993","targetHints":{"allow":["GET"]}}],"collection":[{"href":"https:\/\/dhr.se\/regionsormland\/wp-json\/wp\/v2\/pages"}],"about":[{"href":"https:\/\/dhr.se\/regionsormland\/wp-json\/wp\/v2\/types\/page"}],"author":[{"embeddable":true,"href":"https:\/\/dhr.se\/regionsormland\/wp-json\/wp\/v2\/users\/1"}],"replies":[{"embeddable":true,"href":"https:\/\/dhr.se\/regionsormland\/wp-json\/wp\/v2\/comments?post=1993"}],"version-history":[{"count":0,"href":"https:\/\/dhr.se\/regionsormland\/wp-json\/wp\/v2\/pages\/1993\/revisions"}],"wp:attachment":[{"href":"https:\/\/dhr.se\/regionsormland\/wp-json\/wp\/v2\/media?parent=1993"}],"curies":[{"name":"wp","href":"https:\/\/api.w.org\/{rel}","templated":true}]}}