{"id":2260,"date":"2022-03-29T16:11:26","date_gmt":"2022-03-29T14:11:26","guid":{"rendered":"https:\/\/dhr.se\/skelleftea\/?page_id=2260"},"modified":"2022-04-26T16:31:48","modified_gmt":"2022-04-26T14:31:48","slug":"lankar-till-samhallsinformation","status":"publish","type":"page","link":"https:\/\/dhr.se\/skelleftea\/lankar-till-samhallsinformation\/","title":{"rendered":"L\u00e4nkar till samh\u00e4llsinformation"},"content":{"rendered":"<section class=\"block-simple-text\">\n    <div class=\"main\">\n        <div class=\"main-inner\">\n            <div class=\"ingress text-darker\"><p><strong>DHR <\/strong><\/p>\n<p>P\u00e5 f\u00f6rbundets hemsida finns mycket information. Bland annat denna om krisberedskap.<\/p>\n<p><a href=\"https:\/\/dhr.se\/om-krisen-kommer\/\">Om krisen kommer &#8211; DHR<\/a><\/p>\n<p><a href=\"https:\/\/dhr.se\/hur-tar-du-dig-med-rullstol-ner-i-ett-skyddsrum\/\">Hur tar du dig med rullstol ner i ett skyddsrum? &#8211; DHR<\/a><\/p>\n<p>&nbsp;<\/p>\n<p><strong>Diskrimineringsombudsmannen<\/strong><\/p>\n<p><a href=\"https:\/\/www.do.se\/\" target=\"_blank\" rel=\"noopener\">Om diskriminering och att anm\u00e4la diskriminering<\/a><\/p>\n<p>&nbsp;<\/p>\n<p><strong>F\u00f6rs\u00e4kringskassan<\/strong><\/p>\n<p><a href=\"https:\/\/www.forsakringskassan.se\/!ut\/p\/z0\/bcsxDsIwDEbhszB4ThAbW4W4ACxVl8qAKVbgjxW74frAzvj06aUpjWkCd104tIKf3x7f19feOB603Q2UDxUhiPNxPolbhWsXyta0c5g0p3xfUX63Q27OEVAslNt6aVrmf5isDJsPeZpU6Q!!\/\" target=\"_blank\" rel=\"noopener\">Ers\u00e4ttningar som du som har en funktionsneds\u00e4ttning kan ha r\u00e4tt till<\/a><\/p>\n<p><a href=\"https:\/\/www.forsakringskassan.se\/tandvarden\/for-dig-inom-tandvarden\/statligt-tandvardsstod\" target=\"_blank\" rel=\"noopener\">S\u00e4rskilt tandv\u00e5rdsbidrag<\/a><\/p>\n<p>&nbsp;<\/p>\n<p><strong>L\u00e4nsstyrelsen V\u00e4sterbotten <\/strong><\/p>\n<p><a href=\"https:\/\/www.lansstyrelsen.se\/vasterbotten\/besoksmal.html\" target=\"_blank\" rel=\"noopener\">Information om tillg\u00e4ngliga resm\u00e5l i V\u00e4sterbotten (Naturkartan)<\/a><\/p>\n<p>&nbsp;<\/p>\n<p><strong>Parasport V\u00e4sterbotten<\/strong><\/p>\n<p><a href=\"https:\/\/www.parasport.se\/Distrikt\/vasterbotten\" target=\"_blank\" rel=\"noopener\">Information om parasport i V\u00e4sterbotten<\/a><\/p>\n<p>&nbsp;<\/p>\n<p><strong>Region V\u00e4sterbotten<\/strong><\/p>\n<p><a href=\"https:\/\/www.regionvasterbotten.se\/funktionsnedsattning\/forelasningar-och-grupper-inom-habilitering\/vuxenhabilitering-rad-och-stod\/skelleftea\" target=\"_blank\" rel=\"noopener\">F\u00f6rel\u00e4sningar och grupper inom vuxenhabilitering<\/a><\/p>\n<p><a href=\"https:\/\/www.1177.se\/vasterbotten\/behandling--hjalpmedel\/hjalpmedel\/\" target=\"_blank\" rel=\"noopener\">Behandling och hj\u00e4lpmedel<\/a><\/p>\n<p><a href=\"https:\/\/www.1177.se\/Vasterbotten\/behandling--hjalpmedel\/funktionsnedsattning\/\" target=\"_blank\" rel=\"noopener\">Samlad information f\u00f6r dig med funktionsneds\u00e4ttning<\/a><\/p>\n<p><a href=\"https:\/\/www.1177.se\/vasterbotten\/sa-fungerar-varden\/lagar-och-bestammelser\/lagar-i-varden\/lagen-om-stod-och-service-till-vissa-funktionshindrade---lss\/\" target=\"_blank\" rel=\"noopener\">Om LSS<\/a><\/p>\n<p><a href=\"https:\/\/www.1177.se\/Vasterbotten\/hitta-vard\/kontaktkort\/PRIMO-Skelleftea\/\" target=\"_blank\" rel=\"noopener\">Om PRIMO<\/a><\/p>\n<p><a href=\"https:\/\/www.1177.se\/Vasterbotten\/sa-fungerar-varden\/sjukresor-och-fardtjanst\/\" target=\"_blank\" rel=\"noopener\">Om sjukresor och f\u00e4rdtj\u00e4nst<\/a><\/p>\n<p>&nbsp;<\/p>\n<p><strong>R\u00e4ttighetscentrum V\u00e4sterbotten<\/strong><\/p>\n<p><a href=\"https:\/\/rattighetscentrumvasterbotten.se\/\" target=\"_blank\" rel=\"noopener\">R\u00e5d och st\u00f6d till dig som utsatts f\u00f6r diskriminering<\/a><\/p>\n<p>&nbsp;<\/p>\n<p><strong>Skellefte\u00e5 kommun<\/strong><\/p>\n<p><a href=\"https:\/\/skelleftea.se\/invanare\/startsida\/omsorg-och-stod\/funktionsnedsattning?query=funktionsneds%C3%A4ttning\" target=\"_blank\" rel=\"noopener\">Information f\u00f6r dig med funktionsneds\u00e4ttning (LSS, SoL med mera)<\/a><\/p>\n<p><a href=\"https:\/\/skelleftea.se\/invanare\/startsida\/kommun-och-politik\/manskliga-rattigheter\/ett-skelleftea-for-alla\/tillganglighet-och-delaktighet-i-praktiken?query=enkelt%20avhj%C3%A4lpta%20hinder\" target=\"_blank\" rel=\"noopener\">M\u00e4nskliga r\u00e4ttigheter och enkelt avhj\u00e4lpta hinder<\/a><\/p>\n<p><a href=\"https:\/\/skelleftea.se\/invanare\/startsida\/omsorg-och-stod\/funktionsnedsattning\/andra-stod-du-kan-ansoka-om\/fardtjanst-och-parkering?query=parkeringstillst%C3%A5nd\" target=\"_blank\" rel=\"noopener\">St\u00f6d att s\u00f6ka, f\u00e4rdtj\u00e4nst och parkeringstillst\u00e5nd<\/a><\/p>\n<p><a href=\"https:\/\/skelleftea.se\/invanare\/startsida\/omsorg-och-stod\/funktionsnedsattning\/tillganglighet-och-delaktighet\" target=\"_blank\" rel=\"noopener\">Om tillg\u00e4nglighet och delaktighet<\/a><\/p>\n<p><a href=\"https:\/\/skelleftea.se\/invanare\/startsida\/omsorg-och-stod\/funktionsvariation\/fritid-och-motesplatser\/kompiskortet\">Kompiskort &#8211; Bjud med en v\u00e4n som f\u00e5r g\u00e5 in gratis\/f\u00e5r rabatt p\u00e5 intr\u00e4det hos anslutna akt\u00f6rer.<\/a><\/p>\n<p>&nbsp;<\/p>\n<p><strong>Valmyndigheten<\/strong><\/p>\n<p><a href=\"https:\/\/www.val.se\/att-rosta\/var-rostar-jag\/hjalp-vid-rostning.html\" target=\"_blank\" rel=\"noopener\">Tillg\u00e4ngliga vallokaler och hj\u00e4lp vid r\u00f6stning<\/a><\/p>\n<p>&nbsp;<\/p>\n<p><strong>Eddahallen<\/strong><\/p>\n<p>I Eddahallen kan du tr\u00e4na p\u00e5 gym och bada i Varmbass\u00e4ngen. Om du har f\u00e5tt bad utskrivet p\u00e5 recept av din sjukgymnast badar du till rabatterat pris. Vid bass\u00e4ngen finns lyft och anpassade omkl\u00e4dningsrum med duschstolar. Tag med dig ett eget h\u00e4ngl\u00e5s till f\u00f6rvaringssk\u00e5pen i omkl\u00e4dningsrummet, eller k\u00f6p ett l\u00e5s i receptionen. Ta med din assistent eller en annan medhj\u00e4lpare om du beh\u00f6ver hj\u00e4lp vid omkl\u00e4dning, dusch, i &#8211; och urstigning i bass\u00e4ngen eller under ditt bad.<\/p>\n<p><a href=\"https:\/\/skelleftea.se\/invanare\/startsida\/uppleva-och-gora\/anlaggningar-och-hallar\/eddahallen?query=eddahallen\" target=\"_blank\" rel=\"noopener\">Mer information och schema f\u00f6r bass\u00e4ngen<\/a><\/p>\n<p><a href=\"https:\/\/skelleftea.se\/invanare\/ovrigt\/kontakt?query=kontakt\" target=\"_blank\" rel=\"noopener\">Kontakta badet om du har fr\u00e5gor<\/a><\/p>\n<\/div>\n            <div class=\"content\"><\/div>\n        <\/div>\n    <\/div>\n<\/section>","protected":false},"excerpt":{"rendered":"","protected":false},"author":8,"featured_media":0,"parent":0,"menu_order":0,"comment_status":"closed","ping_status":"closed","template":"","meta":{"_acf_changed":false,"_monsterinsights_skip_tracking":false,"_monsterinsights_sitenote_active":false,"_monsterinsights_sitenote_note":"","_monsterinsights_sitenote_category":0,"footnotes":""},"class_list":["post-2260","page","type-page","status-publish","hentry"],"acf":[],"yoast_head":"<!-- This site is optimized with the Yoast SEO plugin v27.2 - https:\/\/yoast.com\/product\/yoast-seo-wordpress\/ -->\n<title>L\u00e4nkar till samh\u00e4llsinformation - DHR - Skellefte\u00e5<\/title>\n<meta name=\"robots\" content=\"index, follow, max-snippet:-1, max-image-preview:large, max-video-preview:-1\" \/>\n<link rel=\"canonical\" href=\"https:\/\/dhr.se\/skelleftea\/lankar-till-samhallsinformation\/\" \/>\n<meta property=\"og:locale\" content=\"sv_SE\" \/>\n<meta property=\"og:type\" content=\"article\" \/>\n<meta property=\"og:title\" content=\"L\u00e4nkar till samh\u00e4llsinformation - DHR - Skellefte\u00e5\" \/>\n<meta property=\"og:url\" content=\"https:\/\/dhr.se\/skelleftea\/lankar-till-samhallsinformation\/\" \/>\n<meta property=\"og:site_name\" content=\"DHR - Skellefte\u00e5\" \/>\n<meta property=\"article:modified_time\" content=\"2022-04-26T14:31:48+00:00\" \/>\n<meta name=\"twitter:card\" content=\"summary_large_image\" \/>\n<script type=\"application\/ld+json\" class=\"yoast-schema-graph\">{\"@context\":\"https:\/\/schema.org\",\"@graph\":[{\"@type\":\"WebPage\",\"@id\":\"https:\/\/dhr.se\/skelleftea\/lankar-till-samhallsinformation\/\",\"url\":\"https:\/\/dhr.se\/skelleftea\/lankar-till-samhallsinformation\/\",\"name\":\"L\u00e4nkar till samh\u00e4llsinformation - DHR - Skellefte\u00e5\",\"isPartOf\":{\"@id\":\"https:\/\/dhr.se\/skelleftea\/#website\"},\"datePublished\":\"2022-03-29T14:11:26+00:00\",\"dateModified\":\"2022-04-26T14:31:48+00:00\",\"breadcrumb\":{\"@id\":\"https:\/\/dhr.se\/skelleftea\/lankar-till-samhallsinformation\/#breadcrumb\"},\"inLanguage\":\"sv-SE\",\"potentialAction\":[{\"@type\":\"ReadAction\",\"target\":[\"https:\/\/dhr.se\/skelleftea\/lankar-till-samhallsinformation\/\"]}]},{\"@type\":\"BreadcrumbList\",\"@id\":\"https:\/\/dhr.se\/skelleftea\/lankar-till-samhallsinformation\/#breadcrumb\",\"itemListElement\":[{\"@type\":\"ListItem\",\"position\":1,\"name\":\"Hem\",\"item\":\"https:\/\/dhr.se\/skelleftea\/\"},{\"@type\":\"ListItem\",\"position\":2,\"name\":\"L\u00e4nkar till samh\u00e4llsinformation\"}]},{\"@type\":\"WebSite\",\"@id\":\"https:\/\/dhr.se\/skelleftea\/#website\",\"url\":\"https:\/\/dhr.se\/skelleftea\/\",\"name\":\"DHR - Skellefte\u00e5\",\"description\":\"Delaktighet, r\u00f6relsefrihet och handlingskraft\",\"potentialAction\":[{\"@type\":\"SearchAction\",\"target\":{\"@type\":\"EntryPoint\",\"urlTemplate\":\"https:\/\/dhr.se\/skelleftea\/?s={search_term_string}\"},\"query-input\":{\"@type\":\"PropertyValueSpecification\",\"valueRequired\":true,\"valueName\":\"search_term_string\"}}],\"inLanguage\":\"sv-SE\"}]}<\/script>\n<!-- \/ Yoast SEO plugin. -->","yoast_head_json":{"title":"L\u00e4nkar till samh\u00e4llsinformation - DHR - Skellefte\u00e5","robots":{"index":"index","follow":"follow","max-snippet":"max-snippet:-1","max-image-preview":"max-image-preview:large","max-video-preview":"max-video-preview:-1"},"canonical":"https:\/\/dhr.se\/skelleftea\/lankar-till-samhallsinformation\/","og_locale":"sv_SE","og_type":"article","og_title":"L\u00e4nkar till samh\u00e4llsinformation - DHR - Skellefte\u00e5","og_url":"https:\/\/dhr.se\/skelleftea\/lankar-till-samhallsinformation\/","og_site_name":"DHR - Skellefte\u00e5","article_modified_time":"2022-04-26T14:31:48+00:00","twitter_card":"summary_large_image","schema":{"@context":"https:\/\/schema.org","@graph":[{"@type":"WebPage","@id":"https:\/\/dhr.se\/skelleftea\/lankar-till-samhallsinformation\/","url":"https:\/\/dhr.se\/skelleftea\/lankar-till-samhallsinformation\/","name":"L\u00e4nkar till samh\u00e4llsinformation - DHR - Skellefte\u00e5","isPartOf":{"@id":"https:\/\/dhr.se\/skelleftea\/#website"},"datePublished":"2022-03-29T14:11:26+00:00","dateModified":"2022-04-26T14:31:48+00:00","breadcrumb":{"@id":"https:\/\/dhr.se\/skelleftea\/lankar-till-samhallsinformation\/#breadcrumb"},"inLanguage":"sv-SE","potentialAction":[{"@type":"ReadAction","target":["https:\/\/dhr.se\/skelleftea\/lankar-till-samhallsinformation\/"]}]},{"@type":"BreadcrumbList","@id":"https:\/\/dhr.se\/skelleftea\/lankar-till-samhallsinformation\/#breadcrumb","itemListElement":[{"@type":"ListItem","position":1,"name":"Hem","item":"https:\/\/dhr.se\/skelleftea\/"},{"@type":"ListItem","position":2,"name":"L\u00e4nkar till samh\u00e4llsinformation"}]},{"@type":"WebSite","@id":"https:\/\/dhr.se\/skelleftea\/#website","url":"https:\/\/dhr.se\/skelleftea\/","name":"DHR - Skellefte\u00e5","description":"Delaktighet, r\u00f6relsefrihet och handlingskraft","potentialAction":[{"@type":"SearchAction","target":{"@type":"EntryPoint","urlTemplate":"https:\/\/dhr.se\/skelleftea\/?s={search_term_string}"},"query-input":{"@type":"PropertyValueSpecification","valueRequired":true,"valueName":"search_term_string"}}],"inLanguage":"sv-SE"}]}},"publishpress_future_action":{"enabled":false,"date":"2026-05-03 18:57:25","action":"change-status","newStatus":"draft","terms":[],"taxonomy":"translation_priority","extraData":[]},"publishpress_future_workflow_manual_trigger":{"enabledWorkflows":[]},"_links":{"self":[{"href":"https:\/\/dhr.se\/skelleftea\/wp-json\/wp\/v2\/pages\/2260","targetHints":{"allow":["GET"]}}],"collection":[{"href":"https:\/\/dhr.se\/skelleftea\/wp-json\/wp\/v2\/pages"}],"about":[{"href":"https:\/\/dhr.se\/skelleftea\/wp-json\/wp\/v2\/types\/page"}],"author":[{"embeddable":true,"href":"https:\/\/dhr.se\/skelleftea\/wp-json\/wp\/v2\/users\/8"}],"replies":[{"embeddable":true,"href":"https:\/\/dhr.se\/skelleftea\/wp-json\/wp\/v2\/comments?post=2260"}],"version-history":[{"count":0,"href":"https:\/\/dhr.se\/skelleftea\/wp-json\/wp\/v2\/pages\/2260\/revisions"}],"wp:attachment":[{"href":"https:\/\/dhr.se\/skelleftea\/wp-json\/wp\/v2\/media?parent=2260"}],"curies":[{"name":"wp","href":"https:\/\/api.w.org\/{rel}","templated":true}]}}