{"id":8088,"date":"2026-08-27T13:30:11","date_gmt":"2026-08-27T11:30:11","guid":{"rendered":"https:\/\/dhr.se\/stockholmslan\/?post_type=event&#038;p=8088"},"modified":"2026-08-27T13:30:14","modified_gmt":"2026-08-27T11:30:14","slug":"valdebatt-i-kulturhuset-7-september","status":"publish","type":"event","link":"https:\/\/dhr.se\/stockholmslan\/blog\/event\/valdebatt-i-kulturhuset-7-september\/","title":{"rendered":"Valdebatt i Kulturhuset 7 september"},"content":{"rendered":"\n<p class=\"wp-block-paragraph\">Den 7 september <strong>kl. 18.00\u201320.00 <\/strong>h\u00e5lls en valdebatt i Kulturhuset. Stockholms stads samlade funktionsr\u00e4ttsr\u00f6relse bjuder in till debatten. I debatten medverkar f\u00f6retr\u00e4dare f\u00f6r partierna inf\u00f6r kommunalvalet.\u00a0<\/p>\n\n\n\n<p class=\"wp-block-paragraph\"><a href=\"https:\/\/funktionsrattstockholm.se\/valdebatt-7-september\/\" target=\"_blank\" rel=\"noreferrer noopener\">L\u00e4s mer om valdebatten den 7 september<\/a><\/p>\n","protected":false},"template":"","class_list":["post-8088","event","type-event","status-publish","hentry"],"acf":[],"yoast_head":"<!-- This site is optimized with the Yoast SEO plugin v28.1 - https:\/\/yoast.com\/product\/yoast-seo-wordpress\/ -->\n<title>Valdebatt i Kulturhuset 7 september - DHR - Region Stockholm<\/title>\n<meta name=\"robots\" content=\"index, follow, max-snippet:-1, max-image-preview:large, max-video-preview:-1\" \/>\n<link rel=\"canonical\" href=\"https:\/\/dhr.se\/stockholmslan\/blog\/event\/valdebatt-i-kulturhuset-7-september\/\" \/>\n<meta property=\"og:locale\" content=\"sv_SE\" \/>\n<meta property=\"og:type\" content=\"article\" \/>\n<meta property=\"og:title\" content=\"Valdebatt i Kulturhuset 7 september - DHR - Region Stockholm\" \/>\n<meta property=\"og:description\" content=\"Den 7 september kl. 18.00\u201320.00 h\u00e5lls en valdebatt i Kulturhuset. Stockholms stads samlade funktionsr\u00e4ttsr\u00f6relse bjuder in till debatten. I debatten medverkar f\u00f6retr\u00e4dare f\u00f6r partierna inf\u00f6r kommunalvalet.\u00a0 L\u00e4s mer om valdebatten den 7 september\" \/>\n<meta property=\"og:url\" content=\"https:\/\/dhr.se\/stockholmslan\/blog\/event\/valdebatt-i-kulturhuset-7-september\/\" \/>\n<meta property=\"og:site_name\" content=\"DHR - Region Stockholm\" \/>\n<meta property=\"article:publisher\" content=\"https:\/\/www.facebook.com\/DHRStockholmsLan\" \/>\n<meta property=\"article:modified_time\" content=\"2026-08-27T11:30:14+00:00\" \/>\n<meta name=\"twitter:card\" content=\"summary_large_image\" \/>\n<meta name=\"twitter:label1\" content=\"Ber\u00e4knad l\u00e4stid\" \/>\n\t<meta name=\"twitter:data1\" content=\"1 minut\" \/>\n<script type=\"application\/ld+json\" class=\"yoast-schema-graph\">{\"@context\":\"https:\\\/\\\/schema.org\",\"@graph\":[{\"@type\":\"WebPage\",\"@id\":\"https:\\\/\\\/dhr.se\\\/stockholmslan\\\/blog\\\/event\\\/valdebatt-i-kulturhuset-7-september\\\/\",\"url\":\"https:\\\/\\\/dhr.se\\\/stockholmslan\\\/blog\\\/event\\\/valdebatt-i-kulturhuset-7-september\\\/\",\"name\":\"Valdebatt i Kulturhuset 7 september - DHR - Region Stockholm\",\"isPartOf\":{\"@id\":\"https:\\\/\\\/dhr.se\\\/stockholmslan\\\/#website\"},\"datePublished\":\"2026-08-27T11:30:11+00:00\",\"dateModified\":\"2026-08-27T11:30:14+00:00\",\"breadcrumb\":{\"@id\":\"https:\\\/\\\/dhr.se\\\/stockholmslan\\\/blog\\\/event\\\/valdebatt-i-kulturhuset-7-september\\\/#breadcrumb\"},\"inLanguage\":\"sv-SE\",\"potentialAction\":[{\"@type\":\"ReadAction\",\"target\":[\"https:\\\/\\\/dhr.se\\\/stockholmslan\\\/blog\\\/event\\\/valdebatt-i-kulturhuset-7-september\\\/\"]}]},{\"@type\":\"BreadcrumbList\",\"@id\":\"https:\\\/\\\/dhr.se\\\/stockholmslan\\\/blog\\\/event\\\/valdebatt-i-kulturhuset-7-september\\\/#breadcrumb\",\"itemListElement\":[{\"@type\":\"ListItem\",\"position\":1,\"name\":\"Hem\",\"item\":\"https:\\\/\\\/dhr.se\\\/stockholmslan\\\/\"},{\"@type\":\"ListItem\",\"position\":2,\"name\":\"Events\",\"item\":\"https:\\\/\\\/dhr.se\\\/stockholmslan\\\/blog\\\/event\\\/\"},{\"@type\":\"ListItem\",\"position\":3,\"name\":\"Valdebatt i Kulturhuset 7 september\"}]},{\"@type\":\"WebSite\",\"@id\":\"https:\\\/\\\/dhr.se\\\/stockholmslan\\\/#website\",\"url\":\"https:\\\/\\\/dhr.se\\\/stockholmslan\\\/\",\"name\":\"DHR - Region Stockholm\",\"description\":\"Delaktighet - Handlingskraft - R\u00f6relsefrihet\",\"publisher\":{\"@id\":\"https:\\\/\\\/dhr.se\\\/stockholmslan\\\/#organization\"},\"potentialAction\":[{\"@type\":\"SearchAction\",\"target\":{\"@type\":\"EntryPoint\",\"urlTemplate\":\"https:\\\/\\\/dhr.se\\\/stockholmslan\\\/?s={search_term_string}\"},\"query-input\":{\"@type\":\"PropertyValueSpecification\",\"valueRequired\":true,\"valueName\":\"search_term_string\"}}],\"inLanguage\":\"sv-SE\"},{\"@type\":\"Organization\",\"@id\":\"https:\\\/\\\/dhr.se\\\/stockholmslan\\\/#organization\",\"name\":\"DHR Region Stockholm\",\"url\":\"https:\\\/\\\/dhr.se\\\/stockholmslan\\\/\",\"logo\":{\"@type\":\"ImageObject\",\"inLanguage\":\"sv-SE\",\"@id\":\"https:\\\/\\\/dhr.se\\\/stockholmslan\\\/#\\\/schema\\\/logo\\\/image\\\/\",\"url\":\"https:\\\/\\\/dhr.se\\\/stockholmslan\\\/wp-content\\\/uploads\\\/sites\\\/5\\\/2021\\\/12\\\/REGION-STOCKHOLM-orange-48-p.jpg\",\"contentUrl\":\"https:\\\/\\\/dhr.se\\\/stockholmslan\\\/wp-content\\\/uploads\\\/sites\\\/5\\\/2021\\\/12\\\/REGION-STOCKHOLM-orange-48-p.jpg\",\"width\":891,\"height\":694,\"caption\":\"DHR Region Stockholm\"},\"image\":{\"@id\":\"https:\\\/\\\/dhr.se\\\/stockholmslan\\\/#\\\/schema\\\/logo\\\/image\\\/\"},\"sameAs\":[\"https:\\\/\\\/www.facebook.com\\\/DHRStockholmsLan\",\"https:\\\/\\\/www.instagram.com\\\/dhr_sld\\\/\"]}]}<\/script>\n<!-- \/ Yoast SEO plugin. -->","yoast_head_json":{"title":"Valdebatt i Kulturhuset 7 september - DHR - Region Stockholm","robots":{"index":"index","follow":"follow","max-snippet":"max-snippet:-1","max-image-preview":"max-image-preview:large","max-video-preview":"max-video-preview:-1"},"canonical":"https:\/\/dhr.se\/stockholmslan\/blog\/event\/valdebatt-i-kulturhuset-7-september\/","og_locale":"sv_SE","og_type":"article","og_title":"Valdebatt i Kulturhuset 7 september - DHR - Region Stockholm","og_description":"Den 7 september kl. 18.00\u201320.00 h\u00e5lls en valdebatt i Kulturhuset. Stockholms stads samlade funktionsr\u00e4ttsr\u00f6relse bjuder in till debatten. I debatten medverkar f\u00f6retr\u00e4dare f\u00f6r partierna inf\u00f6r kommunalvalet.\u00a0 L\u00e4s mer om valdebatten den 7 september","og_url":"https:\/\/dhr.se\/stockholmslan\/blog\/event\/valdebatt-i-kulturhuset-7-september\/","og_site_name":"DHR - Region Stockholm","article_publisher":"https:\/\/www.facebook.com\/DHRStockholmsLan","article_modified_time":"2026-08-27T11:30:14+00:00","twitter_card":"summary_large_image","twitter_misc":{"Ber\u00e4knad l\u00e4stid":"1 minut"},"schema":{"@context":"https:\/\/schema.org","@graph":[{"@type":"WebPage","@id":"https:\/\/dhr.se\/stockholmslan\/blog\/event\/valdebatt-i-kulturhuset-7-september\/","url":"https:\/\/dhr.se\/stockholmslan\/blog\/event\/valdebatt-i-kulturhuset-7-september\/","name":"Valdebatt i Kulturhuset 7 september - DHR - Region Stockholm","isPartOf":{"@id":"https:\/\/dhr.se\/stockholmslan\/#website"},"datePublished":"2026-08-27T11:30:11+00:00","dateModified":"2026-08-27T11:30:14+00:00","breadcrumb":{"@id":"https:\/\/dhr.se\/stockholmslan\/blog\/event\/valdebatt-i-kulturhuset-7-september\/#breadcrumb"},"inLanguage":"sv-SE","potentialAction":[{"@type":"ReadAction","target":["https:\/\/dhr.se\/stockholmslan\/blog\/event\/valdebatt-i-kulturhuset-7-september\/"]}]},{"@type":"BreadcrumbList","@id":"https:\/\/dhr.se\/stockholmslan\/blog\/event\/valdebatt-i-kulturhuset-7-september\/#breadcrumb","itemListElement":[{"@type":"ListItem","position":1,"name":"Hem","item":"https:\/\/dhr.se\/stockholmslan\/"},{"@type":"ListItem","position":2,"name":"Events","item":"https:\/\/dhr.se\/stockholmslan\/blog\/event\/"},{"@type":"ListItem","position":3,"name":"Valdebatt i Kulturhuset 7 september"}]},{"@type":"WebSite","@id":"https:\/\/dhr.se\/stockholmslan\/#website","url":"https:\/\/dhr.se\/stockholmslan\/","name":"DHR - Region Stockholm","description":"Delaktighet - Handlingskraft - R\u00f6relsefrihet","publisher":{"@id":"https:\/\/dhr.se\/stockholmslan\/#organization"},"potentialAction":[{"@type":"SearchAction","target":{"@type":"EntryPoint","urlTemplate":"https:\/\/dhr.se\/stockholmslan\/?s={search_term_string}"},"query-input":{"@type":"PropertyValueSpecification","valueRequired":true,"valueName":"search_term_string"}}],"inLanguage":"sv-SE"},{"@type":"Organization","@id":"https:\/\/dhr.se\/stockholmslan\/#organization","name":"DHR Region Stockholm","url":"https:\/\/dhr.se\/stockholmslan\/","logo":{"@type":"ImageObject","inLanguage":"sv-SE","@id":"https:\/\/dhr.se\/stockholmslan\/#\/schema\/logo\/image\/","url":"https:\/\/dhr.se\/stockholmslan\/wp-content\/uploads\/sites\/5\/2021\/12\/REGION-STOCKHOLM-orange-48-p.jpg","contentUrl":"https:\/\/dhr.se\/stockholmslan\/wp-content\/uploads\/sites\/5\/2021\/12\/REGION-STOCKHOLM-orange-48-p.jpg","width":891,"height":694,"caption":"DHR Region Stockholm"},"image":{"@id":"https:\/\/dhr.se\/stockholmslan\/#\/schema\/logo\/image\/"},"sameAs":["https:\/\/www.facebook.com\/DHRStockholmsLan","https:\/\/www.instagram.com\/dhr_sld\/"]}]}},"publishpress_future_action":{"enabled":false,"date":"2026-09-06 15:18:31","action":"delete","newStatus":"draft","terms":[],"taxonomy":"","extraData":[]},"publishpress_future_workflow_manual_trigger":{"enabledWorkflows":[]},"_links":{"self":[{"href":"https:\/\/dhr.se\/stockholmslan\/wp-json\/wp\/v2\/event\/8088","targetHints":{"allow":["GET"]}}],"collection":[{"href":"https:\/\/dhr.se\/stockholmslan\/wp-json\/wp\/v2\/event"}],"about":[{"href":"https:\/\/dhr.se\/stockholmslan\/wp-json\/wp\/v2\/types\/event"}],"wp:attachment":[{"href":"https:\/\/dhr.se\/stockholmslan\/wp-json\/wp\/v2\/media?parent=8088"}],"curies":[{"name":"wp","href":"https:\/\/api.w.org\/{rel}","templated":true}]}}

<p class="wp-block-paragraph">Den 7 september <strong>kl. 18.00–20.00 </strong>hålls en valdebatt i Kulturhuset. Stockholms stads samlade funktionsrättsrörelse bjuder in till debatten. I debatten medverkar företrädare för partierna inför kommunalvalet. </p>



<p class="wp-block-paragraph"><a href="https://funktionsrattstockholm.se/valdebatt-7-september/" target="_blank" rel="noreferrer noopener">Läs mer om valdebatten den 7 september</a></p>

<!-- This site is optimized with the Yoast SEO plugin v28.1 - https://yoast.com/product/yoast-seo-wordpress/ -->
<title>Valdebatt i Kulturhuset 7 september - DHR - Region Stockholm</title>
<meta name="robots" content="index, follow, max-snippet:-1, max-image-preview:large, max-video-preview:-1" />
<link rel="canonical" href="https://dhr.se/stockholmslan/blog/event/valdebatt-i-kulturhuset-7-september/" />
<meta property="og:locale" content="sv_SE" />
<meta property="og:type" content="article" />
<meta property="og:title" content="Valdebatt i Kulturhuset 7 september - DHR - Region Stockholm" />
<meta property="og:description" content="Den 7 september kl. 18.00–20.00 hålls en valdebatt i Kulturhuset. Stockholms stads samlade funktionsrättsrörelse bjuder in till debatten. I debatten medverkar företrädare för partierna inför kommunalvalet.  Läs mer om valdebatten den 7 september" />
<meta property="og:url" content="https://dhr.se/stockholmslan/blog/event/valdebatt-i-kulturhuset-7-september/" />
<meta property="og:site_name" content="DHR - Region Stockholm" />
<meta property="article:publisher" content="https://www.facebook.com/DHRStockholmsLan" />
<meta property="article:modified_time" content="2026-08-27T11:30:14+00:00" />
<meta name="twitter:card" content="summary_large_image" />
<meta name="twitter:label1" content="Beräknad lästid" />
	<meta name="twitter:data1" content="1 minut" />
<script type="application/ld+json" class="yoast-schema-graph">{"@context":"https:\/\/schema.org","@graph":[{"@type":"WebPage","@id":"https:\/\/dhr.se\/stockholmslan\/blog\/event\/valdebatt-i-kulturhuset-7-september\/","url":"https:\/\/dhr.se\/stockholmslan\/blog\/event\/valdebatt-i-kulturhuset-7-september\/","name":"Valdebatt i Kulturhuset 7 september - DHR - Region Stockholm","isPartOf":{"@id":"https:\/\/dhr.se\/stockholmslan\/#website"},"datePublished":"2026-08-27T11:30:11+00:00","dateModified":"2026-08-27T11:30:14+00:00","breadcrumb":{"@id":"https:\/\/dhr.se\/stockholmslan\/blog\/event\/valdebatt-i-kulturhuset-7-september\/#breadcrumb"},"inLanguage":"sv-SE","potentialAction":[{"@type":"ReadAction","target":["https:\/\/dhr.se\/stockholmslan\/blog\/event\/valdebatt-i-kulturhuset-7-september\/"]}]},{"@type":"BreadcrumbList","@id":"https:\/\/dhr.se\/stockholmslan\/blog\/event\/valdebatt-i-kulturhuset-7-september\/#breadcrumb","itemListElement":[{"@type":"ListItem","position":1,"name":"Hem","item":"https:\/\/dhr.se\/stockholmslan\/"},{"@type":"ListItem","position":2,"name":"Events","item":"https:\/\/dhr.se\/stockholmslan\/blog\/event\/"},{"@type":"ListItem","position":3,"name":"Valdebatt i Kulturhuset 7 september"}]},{"@type":"WebSite","@id":"https:\/\/dhr.se\/stockholmslan\/#website","url":"https:\/\/dhr.se\/stockholmslan\/","name":"DHR - Region Stockholm","description":"Delaktighet - Handlingskraft - Rörelsefrihet","publisher":{"@id":"https:\/\/dhr.se\/stockholmslan\/#organization"},"potentialAction":[{"@type":"SearchAction","target":{"@type":"EntryPoint","urlTemplate":"https:\/\/dhr.se\/stockholmslan\/?s={search_term_string}"},"query-input":{"@type":"PropertyValueSpecification","valueRequired":true,"valueName":"search_term_string"}}],"inLanguage":"sv-SE"},{"@type":"Organization","@id":"https:\/\/dhr.se\/stockholmslan\/#organization","name":"DHR Region Stockholm","url":"https:\/\/dhr.se\/stockholmslan\/","logo":{"@type":"ImageObject","inLanguage":"sv-SE","@id":"https:\/\/dhr.se\/stockholmslan\/#\/schema\/logo\/image\/","url":"https:\/\/dhr.se\/stockholmslan\/wp-content\/uploads\/sites\/5\/2021\/12\/REGION-STOCKHOLM-orange-48-p.jpg","contentUrl":"https:\/\/dhr.se\/stockholmslan\/wp-content\/uploads\/sites\/5\/2021\/12\/REGION-STOCKHOLM-orange-48-p.jpg","width":891,"height":694,"caption":"DHR Region Stockholm"},"image":{"@id":"https:\/\/dhr.se\/stockholmslan\/#\/schema\/logo\/image\/"},"sameAs":["https:\/\/www.facebook.com\/DHRStockholmsLan","https:\/\/www.instagram.com\/dhr_sld\/"]}]}</script>
<!-- / Yoast SEO plugin. -->

Den 7 september kl. 18.00–20.00 hålls en valdebatt i Kulturhuset. Stockholms stads samlade funktionsrättsrörelse bjuder in till debatten. I debatten medverkar företrädare för partierna inför kommunalvalet.  Läs mer om valdebatten den 7 september

Delaktighet - Handlingskraft - Rörelsefrihet
