{"id":8089,"date":"2026-08-27T13:38:28","date_gmt":"2026-08-27T11:38:28","guid":{"rendered":"https:\/\/dhr.se\/stockholmslan\/?post_type=event&#038;p=8089"},"modified":"2026-08-27T18:41:27","modified_gmt":"2026-08-27T16:41:27","slug":"funktionsratt-stockholms-lan-bjuder-in-till-eftervalssnack","status":"publish","type":"event","link":"https:\/\/dhr.se\/stockholmslan\/blog\/event\/funktionsratt-stockholms-lan-bjuder-in-till-eftervalssnack\/","title":{"rendered":"Funktionsr\u00e4tt Stockholms l\u00e4n bjuder in till eftervalssnack"},"content":{"rendered":"\n<p class=\"wp-block-paragraph\">H\u00e4r kommer en inbjudan fr\u00e5n <strong>Funktionsr\u00e4tt Stockholms l\u00e4n <\/strong>som vi vill tipsa om:<\/p>\n\n\n\n<h2 class=\"wp-block-heading\"><strong>Inbjudan: efter valet \u2013 vad h\u00e4nder nu?<\/strong><\/h2>\n\n\n\n<p class=\"wp-block-paragraph\">Vad h\u00e4nder efter valet till riksdag, region och kommun 2026? Hur ska vi tolka valresultatet? Vilka f\u00f6r\u00e4ndringar kan det inneb\u00e4ra f\u00f6r funktionsr\u00e4ttspolitiken de kommande fyra \u00e5ren? Hur kommer valresultatet i Region Stockholm p\u00e5verka oss medborgare, patienter och resen\u00e4rer i Stockholms l\u00e4n? &nbsp;<\/p>\n\n\n\n<p class=\"wp-block-paragraph\">Funktionsr\u00e4tt Stockholms l\u00e4n har bjudit in en sp\u00e4nnande panel p\u00e5 eftervalssnack! De ger sin syn p\u00e5 valresultatet och vad det inneb\u00e4r f\u00f6r funktionsr\u00e4ttspolitiken p\u00e5 nationell niv\u00e5 och i Region Stockholm efter valet.<\/p>\n\n\n\n<h3 class=\"wp-block-heading\"><strong>Deltagare<\/strong><\/h3>\n\n\n\n<ul class=\"wp-block-list\">\n<li><strong>Andreas Pettersson<\/strong>&nbsp;\u00e4r lektor i juridik vid S\u00f6dert\u00f6rns h\u00f6gskola.<\/li>\n<\/ul>\n\n\n\n<ul class=\"wp-block-list\">\n<li><strong>Aron Schoug \u00d6hman<\/strong>&nbsp;\u00e4r doktor i pedagogik vid Stockholms universitet.<\/li>\n<\/ul>\n\n\n\n<ul class=\"wp-block-list\">\n<li><strong>Christine Bylund<\/strong>&nbsp;\u00e4r doktor i etnologi och forskar vid Ume\u00e5 universitet.<\/li>\n<\/ul>\n\n\n\n<ul class=\"wp-block-list\">\n<li><strong>Johan Wejryd<\/strong>&nbsp;\u00e4r forskare i statsvetenskap vid Uppsala universitet.<\/li>\n<\/ul>\n\n\n\n<p class=\"wp-block-paragraph\">Eftervalssnack leds av&nbsp;<strong>Gabriella Ahlstr\u00f6m<\/strong>, journalist och f\u00f6rfattare.<\/p>\n\n\n\n<h3 class=\"wp-block-heading\"><strong>Tid och plats<\/strong><\/h3>\n\n\n\n<p class=\"wp-block-paragraph\">Digitalt m\u00f6te via Teams. Den&nbsp;23 september, kl. 18.00 \u2013 19.00. L\u00e4nk till m\u00f6tet skickas ut samma dag som m\u00f6tet.<\/p>\n\n\n\n<p class=\"wp-block-paragraph\">Anm\u00e4l dig senast den 21 september:&nbsp;<br><a href=\"https:\/\/funktionsrattstockholmslan.se\/moten\/seminarier\/anmal-dig\/\" target=\"_blank\" rel=\"noreferrer noopener\">https:\/\/funktionsrattstockholmslan.se\/moten\/seminarier\/anmal-dig\/<\/a><\/p>\n\n\n\n<ul class=\"wp-block-list\">\n<li>Fotografering kommer att ske f\u00f6r publicering i v\u00e5ra olika kanaler.<\/li>\n\n\n\n<li>Eventuell tolk eller ledsagare ordnar du sj\u00e4lv.<\/li>\n<\/ul>\n\n\n\n<p class=\"wp-block-paragraph\"><strong>Funktionsr\u00e4tt Stockholms l\u00e4n<\/strong><\/p>\n","protected":false},"template":"","class_list":["post-8089","event","type-event","status-publish","hentry"],"acf":[],"yoast_head":"<!-- This site is optimized with the Yoast SEO plugin v28.1 - https:\/\/yoast.com\/product\/yoast-seo-wordpress\/ -->\n<title>Funktionsr\u00e4tt Stockholms l\u00e4n bjuder in till eftervalssnack - DHR - Region Stockholm<\/title>\n<meta name=\"robots\" content=\"index, follow, max-snippet:-1, max-image-preview:large, max-video-preview:-1\" \/>\n<link rel=\"canonical\" href=\"https:\/\/dhr.se\/stockholmslan\/blog\/event\/funktionsratt-stockholms-lan-bjuder-in-till-eftervalssnack\/\" \/>\n<meta property=\"og:locale\" content=\"sv_SE\" \/>\n<meta property=\"og:type\" content=\"article\" \/>\n<meta property=\"og:title\" content=\"Funktionsr\u00e4tt Stockholms l\u00e4n bjuder in till eftervalssnack - DHR - Region Stockholm\" \/>\n<meta property=\"og:description\" content=\"H\u00e4r kommer en inbjudan fr\u00e5n Funktionsr\u00e4tt Stockholms l\u00e4n som vi vill tipsa om: Inbjudan: efter valet \u2013 vad h\u00e4nder nu? Vad h\u00e4nder efter valet till riksdag, region och kommun 2026? Hur ska vi tolka valresultatet? Vilka f\u00f6r\u00e4ndringar kan det inneb\u00e4ra[&hellip;]\" \/>\n<meta property=\"og:url\" content=\"https:\/\/dhr.se\/stockholmslan\/blog\/event\/funktionsratt-stockholms-lan-bjuder-in-till-eftervalssnack\/\" \/>\n<meta property=\"og:site_name\" content=\"DHR - Region Stockholm\" \/>\n<meta property=\"article:publisher\" content=\"https:\/\/www.facebook.com\/DHRStockholmsLan\" \/>\n<meta property=\"article:modified_time\" content=\"2026-08-27T16:41:27+00:00\" \/>\n<meta name=\"twitter:card\" content=\"summary_large_image\" \/>\n<meta name=\"twitter:label1\" content=\"Ber\u00e4knad l\u00e4stid\" \/>\n\t<meta name=\"twitter:data1\" content=\"1 minut\" \/>\n<script type=\"application\/ld+json\" class=\"yoast-schema-graph\">{\"@context\":\"https:\\\/\\\/schema.org\",\"@graph\":[{\"@type\":\"WebPage\",\"@id\":\"https:\\\/\\\/dhr.se\\\/stockholmslan\\\/blog\\\/event\\\/funktionsratt-stockholms-lan-bjuder-in-till-eftervalssnack\\\/\",\"url\":\"https:\\\/\\\/dhr.se\\\/stockholmslan\\\/blog\\\/event\\\/funktionsratt-stockholms-lan-bjuder-in-till-eftervalssnack\\\/\",\"name\":\"Funktionsr\u00e4tt Stockholms l\u00e4n bjuder in till eftervalssnack - DHR - Region Stockholm\",\"isPartOf\":{\"@id\":\"https:\\\/\\\/dhr.se\\\/stockholmslan\\\/#website\"},\"datePublished\":\"2026-08-27T11:38:28+00:00\",\"dateModified\":\"2026-08-27T16:41:27+00:00\",\"breadcrumb\":{\"@id\":\"https:\\\/\\\/dhr.se\\\/stockholmslan\\\/blog\\\/event\\\/funktionsratt-stockholms-lan-bjuder-in-till-eftervalssnack\\\/#breadcrumb\"},\"inLanguage\":\"sv-SE\",\"potentialAction\":[{\"@type\":\"ReadAction\",\"target\":[\"https:\\\/\\\/dhr.se\\\/stockholmslan\\\/blog\\\/event\\\/funktionsratt-stockholms-lan-bjuder-in-till-eftervalssnack\\\/\"]}]},{\"@type\":\"BreadcrumbList\",\"@id\":\"https:\\\/\\\/dhr.se\\\/stockholmslan\\\/blog\\\/event\\\/funktionsratt-stockholms-lan-bjuder-in-till-eftervalssnack\\\/#breadcrumb\",\"itemListElement\":[{\"@type\":\"ListItem\",\"position\":1,\"name\":\"Hem\",\"item\":\"https:\\\/\\\/dhr.se\\\/stockholmslan\\\/\"},{\"@type\":\"ListItem\",\"position\":2,\"name\":\"Events\",\"item\":\"https:\\\/\\\/dhr.se\\\/stockholmslan\\\/blog\\\/event\\\/\"},{\"@type\":\"ListItem\",\"position\":3,\"name\":\"Funktionsr\u00e4tt Stockholms l\u00e4n bjuder in till eftervalssnack\"}]},{\"@type\":\"WebSite\",\"@id\":\"https:\\\/\\\/dhr.se\\\/stockholmslan\\\/#website\",\"url\":\"https:\\\/\\\/dhr.se\\\/stockholmslan\\\/\",\"name\":\"DHR - Region Stockholm\",\"description\":\"Delaktighet - Handlingskraft - R\u00f6relsefrihet\",\"publisher\":{\"@id\":\"https:\\\/\\\/dhr.se\\\/stockholmslan\\\/#organization\"},\"potentialAction\":[{\"@type\":\"SearchAction\",\"target\":{\"@type\":\"EntryPoint\",\"urlTemplate\":\"https:\\\/\\\/dhr.se\\\/stockholmslan\\\/?s={search_term_string}\"},\"query-input\":{\"@type\":\"PropertyValueSpecification\",\"valueRequired\":true,\"valueName\":\"search_term_string\"}}],\"inLanguage\":\"sv-SE\"},{\"@type\":\"Organization\",\"@id\":\"https:\\\/\\\/dhr.se\\\/stockholmslan\\\/#organization\",\"name\":\"DHR Region Stockholm\",\"url\":\"https:\\\/\\\/dhr.se\\\/stockholmslan\\\/\",\"logo\":{\"@type\":\"ImageObject\",\"inLanguage\":\"sv-SE\",\"@id\":\"https:\\\/\\\/dhr.se\\\/stockholmslan\\\/#\\\/schema\\\/logo\\\/image\\\/\",\"url\":\"https:\\\/\\\/dhr.se\\\/stockholmslan\\\/wp-content\\\/uploads\\\/sites\\\/5\\\/2021\\\/12\\\/REGION-STOCKHOLM-orange-48-p.jpg\",\"contentUrl\":\"https:\\\/\\\/dhr.se\\\/stockholmslan\\\/wp-content\\\/uploads\\\/sites\\\/5\\\/2021\\\/12\\\/REGION-STOCKHOLM-orange-48-p.jpg\",\"width\":891,\"height\":694,\"caption\":\"DHR Region Stockholm\"},\"image\":{\"@id\":\"https:\\\/\\\/dhr.se\\\/stockholmslan\\\/#\\\/schema\\\/logo\\\/image\\\/\"},\"sameAs\":[\"https:\\\/\\\/www.facebook.com\\\/DHRStockholmsLan\",\"https:\\\/\\\/www.instagram.com\\\/dhr_sld\\\/\"]}]}<\/script>\n<!-- \/ Yoast SEO plugin. -->","yoast_head_json":{"title":"Funktionsr\u00e4tt Stockholms l\u00e4n bjuder in till eftervalssnack - DHR - Region Stockholm","robots":{"index":"index","follow":"follow","max-snippet":"max-snippet:-1","max-image-preview":"max-image-preview:large","max-video-preview":"max-video-preview:-1"},"canonical":"https:\/\/dhr.se\/stockholmslan\/blog\/event\/funktionsratt-stockholms-lan-bjuder-in-till-eftervalssnack\/","og_locale":"sv_SE","og_type":"article","og_title":"Funktionsr\u00e4tt Stockholms l\u00e4n bjuder in till eftervalssnack - DHR - Region Stockholm","og_description":"H\u00e4r kommer en inbjudan fr\u00e5n Funktionsr\u00e4tt Stockholms l\u00e4n som vi vill tipsa om: Inbjudan: efter valet \u2013 vad h\u00e4nder nu? Vad h\u00e4nder efter valet till riksdag, region och kommun 2026? Hur ska vi tolka valresultatet? Vilka f\u00f6r\u00e4ndringar kan det inneb\u00e4ra[&hellip;]","og_url":"https:\/\/dhr.se\/stockholmslan\/blog\/event\/funktionsratt-stockholms-lan-bjuder-in-till-eftervalssnack\/","og_site_name":"DHR - Region Stockholm","article_publisher":"https:\/\/www.facebook.com\/DHRStockholmsLan","article_modified_time":"2026-08-27T16:41:27+00:00","twitter_card":"summary_large_image","twitter_misc":{"Ber\u00e4knad l\u00e4stid":"1 minut"},"schema":{"@context":"https:\/\/schema.org","@graph":[{"@type":"WebPage","@id":"https:\/\/dhr.se\/stockholmslan\/blog\/event\/funktionsratt-stockholms-lan-bjuder-in-till-eftervalssnack\/","url":"https:\/\/dhr.se\/stockholmslan\/blog\/event\/funktionsratt-stockholms-lan-bjuder-in-till-eftervalssnack\/","name":"Funktionsr\u00e4tt Stockholms l\u00e4n bjuder in till eftervalssnack - DHR - Region Stockholm","isPartOf":{"@id":"https:\/\/dhr.se\/stockholmslan\/#website"},"datePublished":"2026-08-27T11:38:28+00:00","dateModified":"2026-08-27T16:41:27+00:00","breadcrumb":{"@id":"https:\/\/dhr.se\/stockholmslan\/blog\/event\/funktionsratt-stockholms-lan-bjuder-in-till-eftervalssnack\/#breadcrumb"},"inLanguage":"sv-SE","potentialAction":[{"@type":"ReadAction","target":["https:\/\/dhr.se\/stockholmslan\/blog\/event\/funktionsratt-stockholms-lan-bjuder-in-till-eftervalssnack\/"]}]},{"@type":"BreadcrumbList","@id":"https:\/\/dhr.se\/stockholmslan\/blog\/event\/funktionsratt-stockholms-lan-bjuder-in-till-eftervalssnack\/#breadcrumb","itemListElement":[{"@type":"ListItem","position":1,"name":"Hem","item":"https:\/\/dhr.se\/stockholmslan\/"},{"@type":"ListItem","position":2,"name":"Events","item":"https:\/\/dhr.se\/stockholmslan\/blog\/event\/"},{"@type":"ListItem","position":3,"name":"Funktionsr\u00e4tt Stockholms l\u00e4n bjuder in till eftervalssnack"}]},{"@type":"WebSite","@id":"https:\/\/dhr.se\/stockholmslan\/#website","url":"https:\/\/dhr.se\/stockholmslan\/","name":"DHR - Region Stockholm","description":"Delaktighet - Handlingskraft - R\u00f6relsefrihet","publisher":{"@id":"https:\/\/dhr.se\/stockholmslan\/#organization"},"potentialAction":[{"@type":"SearchAction","target":{"@type":"EntryPoint","urlTemplate":"https:\/\/dhr.se\/stockholmslan\/?s={search_term_string}"},"query-input":{"@type":"PropertyValueSpecification","valueRequired":true,"valueName":"search_term_string"}}],"inLanguage":"sv-SE"},{"@type":"Organization","@id":"https:\/\/dhr.se\/stockholmslan\/#organization","name":"DHR Region Stockholm","url":"https:\/\/dhr.se\/stockholmslan\/","logo":{"@type":"ImageObject","inLanguage":"sv-SE","@id":"https:\/\/dhr.se\/stockholmslan\/#\/schema\/logo\/image\/","url":"https:\/\/dhr.se\/stockholmslan\/wp-content\/uploads\/sites\/5\/2021\/12\/REGION-STOCKHOLM-orange-48-p.jpg","contentUrl":"https:\/\/dhr.se\/stockholmslan\/wp-content\/uploads\/sites\/5\/2021\/12\/REGION-STOCKHOLM-orange-48-p.jpg","width":891,"height":694,"caption":"DHR Region Stockholm"},"image":{"@id":"https:\/\/dhr.se\/stockholmslan\/#\/schema\/logo\/image\/"},"sameAs":["https:\/\/www.facebook.com\/DHRStockholmsLan","https:\/\/www.instagram.com\/dhr_sld\/"]}]}},"publishpress_future_action":{"enabled":false,"date":"2026-09-07 13:20:55","action":"delete","newStatus":"draft","terms":[],"taxonomy":"","extraData":[]},"publishpress_future_workflow_manual_trigger":{"enabledWorkflows":[]},"_links":{"self":[{"href":"https:\/\/dhr.se\/stockholmslan\/wp-json\/wp\/v2\/event\/8089","targetHints":{"allow":["GET"]}}],"collection":[{"href":"https:\/\/dhr.se\/stockholmslan\/wp-json\/wp\/v2\/event"}],"about":[{"href":"https:\/\/dhr.se\/stockholmslan\/wp-json\/wp\/v2\/types\/event"}],"wp:attachment":[{"href":"https:\/\/dhr.se\/stockholmslan\/wp-json\/wp\/v2\/media?parent=8089"}],"curies":[{"name":"wp","href":"https:\/\/api.w.org\/{rel}","templated":true}]}}

Funktionsrätt Stockholms län bjuder in till eftervalssnack

<p class="wp-block-paragraph">Här kommer en inbjudan från <strong>Funktionsrätt Stockholms län </strong>som vi vill tipsa om:</p>



<h2 class="wp-block-heading"><strong>Inbjudan: efter valet – vad händer nu?</strong></h2>



<p class="wp-block-paragraph">Vad händer efter valet till riksdag, region och kommun 2026? Hur ska vi tolka valresultatet? Vilka förändringar kan det innebära för funktionsrättspolitiken de kommande fyra åren? Hur kommer valresultatet i Region Stockholm påverka oss medborgare, patienter och resenärer i Stockholms län? &nbsp;</p>



<p class="wp-block-paragraph">Funktionsrätt Stockholms län har bjudit in en spännande panel på eftervalssnack! De ger sin syn på valresultatet och vad det innebär för funktionsrättspolitiken på nationell nivå och i Region Stockholm efter valet.</p>



<h3 class="wp-block-heading"><strong>Deltagare</strong></h3>



<ul class="wp-block-list">
<li><strong>Andreas Pettersson</strong>&nbsp;är lektor i juridik vid Södertörns högskola.</li>
</ul>



<ul class="wp-block-list">
<li><strong>Aron Schoug Öhman</strong>&nbsp;är doktor i pedagogik vid Stockholms universitet.</li>
</ul>



<ul class="wp-block-list">
<li><strong>Christine Bylund</strong>&nbsp;är doktor i etnologi och forskar vid Umeå universitet.</li>
</ul>



<ul class="wp-block-list">
<li><strong>Johan Wejryd</strong>&nbsp;är forskare i statsvetenskap vid Uppsala universitet.</li>
</ul>



<p class="wp-block-paragraph">Eftervalssnack leds av&nbsp;<strong>Gabriella Ahlström</strong>, journalist och författare.</p>



<h3 class="wp-block-heading"><strong>Tid och plats</strong></h3>



<p class="wp-block-paragraph">Digitalt möte via Teams. Den&nbsp;23 september, kl. 18.00 – 19.00. Länk till mötet skickas ut samma dag som mötet.</p>



<p class="wp-block-paragraph">Anmäl dig senast den 21 september:&nbsp;<br><a href="https://funktionsrattstockholmslan.se/moten/seminarier/anmal-dig/" target="_blank" rel="noreferrer noopener">https://funktionsrattstockholmslan.se/moten/seminarier/anmal-dig/</a></p>



<ul class="wp-block-list">
<li>Fotografering kommer att ske för publicering i våra olika kanaler.</li>



<li>Eventuell tolk eller ledsagare ordnar du själv.</li>
</ul>



<p class="wp-block-paragraph"><strong>Funktionsrätt Stockholms län</strong></p>

<!-- This site is optimized with the Yoast SEO plugin v28.1 - https://yoast.com/product/yoast-seo-wordpress/ -->
<title>Funktionsrätt Stockholms län bjuder in till eftervalssnack - DHR - Region Stockholm</title>
<meta name="robots" content="index, follow, max-snippet:-1, max-image-preview:large, max-video-preview:-1" />
<link rel="canonical" href="https://dhr.se/stockholmslan/blog/event/funktionsratt-stockholms-lan-bjuder-in-till-eftervalssnack/" />
<meta property="og:locale" content="sv_SE" />
<meta property="og:type" content="article" />
<meta property="og:title" content="Funktionsrätt Stockholms län bjuder in till eftervalssnack - DHR - Region Stockholm" />
<meta property="og:description" content="Här kommer en inbjudan från Funktionsrätt Stockholms län som vi vill tipsa om: Inbjudan: efter valet – vad händer nu? Vad händer efter valet till riksdag, region och kommun 2026? Hur ska vi tolka valresultatet? Vilka förändringar kan det innebära[&hellip;]" />
<meta property="og:url" content="https://dhr.se/stockholmslan/blog/event/funktionsratt-stockholms-lan-bjuder-in-till-eftervalssnack/" />
<meta property="og:site_name" content="DHR - Region Stockholm" />
<meta property="article:publisher" content="https://www.facebook.com/DHRStockholmsLan" />
<meta property="article:modified_time" content="2026-08-27T16:41:27+00:00" />
<meta name="twitter:card" content="summary_large_image" />
<meta name="twitter:label1" content="Beräknad lästid" />
	<meta name="twitter:data1" content="1 minut" />
<script type="application/ld+json" class="yoast-schema-graph">{"@context":"https:\/\/schema.org","@graph":[{"@type":"WebPage","@id":"https:\/\/dhr.se\/stockholmslan\/blog\/event\/funktionsratt-stockholms-lan-bjuder-in-till-eftervalssnack\/","url":"https:\/\/dhr.se\/stockholmslan\/blog\/event\/funktionsratt-stockholms-lan-bjuder-in-till-eftervalssnack\/","name":"Funktionsrätt Stockholms län bjuder in till eftervalssnack - DHR - Region Stockholm","isPartOf":{"@id":"https:\/\/dhr.se\/stockholmslan\/#website"},"datePublished":"2026-08-27T11:38:28+00:00","dateModified":"2026-08-27T16:41:27+00:00","breadcrumb":{"@id":"https:\/\/dhr.se\/stockholmslan\/blog\/event\/funktionsratt-stockholms-lan-bjuder-in-till-eftervalssnack\/#breadcrumb"},"inLanguage":"sv-SE","potentialAction":[{"@type":"ReadAction","target":["https:\/\/dhr.se\/stockholmslan\/blog\/event\/funktionsratt-stockholms-lan-bjuder-in-till-eftervalssnack\/"]}]},{"@type":"BreadcrumbList","@id":"https:\/\/dhr.se\/stockholmslan\/blog\/event\/funktionsratt-stockholms-lan-bjuder-in-till-eftervalssnack\/#breadcrumb","itemListElement":[{"@type":"ListItem","position":1,"name":"Hem","item":"https:\/\/dhr.se\/stockholmslan\/"},{"@type":"ListItem","position":2,"name":"Events","item":"https:\/\/dhr.se\/stockholmslan\/blog\/event\/"},{"@type":"ListItem","position":3,"name":"Funktionsrätt Stockholms län bjuder in till eftervalssnack"}]},{"@type":"WebSite","@id":"https:\/\/dhr.se\/stockholmslan\/#website","url":"https:\/\/dhr.se\/stockholmslan\/","name":"DHR - Region Stockholm","description":"Delaktighet - Handlingskraft - Rörelsefrihet","publisher":{"@id":"https:\/\/dhr.se\/stockholmslan\/#organization"},"potentialAction":[{"@type":"SearchAction","target":{"@type":"EntryPoint","urlTemplate":"https:\/\/dhr.se\/stockholmslan\/?s={search_term_string}"},"query-input":{"@type":"PropertyValueSpecification","valueRequired":true,"valueName":"search_term_string"}}],"inLanguage":"sv-SE"},{"@type":"Organization","@id":"https:\/\/dhr.se\/stockholmslan\/#organization","name":"DHR Region Stockholm","url":"https:\/\/dhr.se\/stockholmslan\/","logo":{"@type":"ImageObject","inLanguage":"sv-SE","@id":"https:\/\/dhr.se\/stockholmslan\/#\/schema\/logo\/image\/","url":"https:\/\/dhr.se\/stockholmslan\/wp-content\/uploads\/sites\/5\/2021\/12\/REGION-STOCKHOLM-orange-48-p.jpg","contentUrl":"https:\/\/dhr.se\/stockholmslan\/wp-content\/uploads\/sites\/5\/2021\/12\/REGION-STOCKHOLM-orange-48-p.jpg","width":891,"height":694,"caption":"DHR Region Stockholm"},"image":{"@id":"https:\/\/dhr.se\/stockholmslan\/#\/schema\/logo\/image\/"},"sameAs":["https:\/\/www.facebook.com\/DHRStockholmsLan","https:\/\/www.instagram.com\/dhr_sld\/"]}]}</script>
<!-- / Yoast SEO plugin. -->

Funktionsrätt Stockholms län bjuder in till eftervalssnack - DHR - Region Stockholm

Här kommer en inbjudan från Funktionsrätt Stockholms län som vi vill tipsa om: Inbjudan: efter valet – vad händer nu? Vad händer efter valet till riksdag, region och kommun 2026? Hur ska vi tolka valresultatet? Vilka förändringar kan det innebära[&hellip;]

Delaktighet - Handlingskraft - Rörelsefrihet
