{"id":2095,"date":"2020-05-11T16:45:20","date_gmt":"2020-05-11T14:45:20","guid":{"rendered":"http:\/\/dhr.se\/stockholmslan\/?page_id=2095"},"modified":"2023-05-17T09:25:09","modified_gmt":"2023-05-17T07:25:09","slug":"dhr-tabyavdelningen","status":"publish","type":"page","link":"https:\/\/dhr.se\/stockholmslan\/dhr-i-din-kommun\/dhr-tabyavdelningen\/","title":{"rendered":"DHR T\u00e4byavdelningen"},"content":{"rendered":"<section class=\"block-simple-text\">\n    <div class=\"main\">\n        <div class=\"main-inner\">\n            <div class=\"ingress text-darker\"><p>(T\u00e4by, Danderyd, Upplands-V\u00e4sby, Vallentuna, Vaxholm och \u00d6ster\u00e5kers kommun)<\/p>\n<p><strong>E-post:<\/strong> taby@dhr.se<br \/>\n<strong>Webbplats:<\/strong> <a href=\"http:\/\/www.dhr.se\/taby\">www.dhr.se\/taby<\/a><\/p>\n<p><strong>Kontaktperson:<\/strong> Anna Westerberg<\/p>\n<p>Representant i <strong><a href=\"https:\/\/www.taby.se\/kommun-och-politik\/politik-och-beslut\/kommunstyrelsen\/kommunala-radet-for-funktionshindersfragor\/\">T\u00e4by kommuns Kommunala r\u00e5d f\u00f6r funktionshinderfr\u00e5gor (KRF)<\/a><\/strong>: &#8211;<br \/>\nRepresentant i <a href=\"https:\/\/www.danderyd.se\/omsorg-och-socialt-stod\/funktionsnedsattning\/kommunala-funktionshinderradet\/\"><strong>Danderyds kommunala funktionshinderr\u00e5d<\/strong><\/a>: &#8211;<br \/>\nRepresentant i <a href=\"https:\/\/upplandsvasby.se\/kommun-och-politik\/kommunens-organisation\/radgivande-organ\/funktionsrattsradet.html\"><strong>Upplands-V\u00e4sby kommunala Funktionsr\u00e4ttsr\u00e5d<\/strong><\/a>: &#8211;<br \/>\nRepresentant i <a href=\"https:\/\/www.vallentuna.se\/kommun-och-politik\/kommunens-organisation\/radgivande-organ\/funktionshinderradet\/\"><strong>Vallentuna kommunala Funktionshinderr\u00e5d<\/strong><\/a>: &#8211;<br \/>\nRepresentant i <a href=\"http:\/\/Kommunala pension\u00e4rs- och funktionsnedsattas r\u00e5d (KPFR)\"><strong>Vaxholms Stads kommunala pension\u00e4rs- och funktionsnedsattas r\u00e5d (KPFR)<\/strong><\/a>: &#8211;<br \/>\nRepresentant i <a href=\"https:\/\/www.osteraker.se\/kommunpolitik\/kommunensorganisation\/radgivandeorgan\/tillganglighetsradet.4.592cfecd176fc0db87831d6.html\"><strong>\u00d6ster\u00e5kers kommunala tillg\u00e4nglighetsr\u00e5d<\/strong><\/a>: &#8211; Gunnel R\u00f6nn<\/p>\n<h1 id=\"h-KommunalapensionarsochfunktionsnedsattasradKPFR\" class=\"heading\"><\/h1>\n<p>&nbsp;<\/p>\n<p>&nbsp;<\/p>\n<\/div>\n            <div class=\"content\"><\/div>\n        <\/div>\n    <\/div>\n<\/section>","protected":false},"excerpt":{"rendered":"","protected":false},"author":9,"featured_media":0,"parent":2047,"menu_order":0,"comment_status":"closed","ping_status":"closed","template":"template-side-menu.php","meta":{"_acf_changed":false,"_monsterinsights_skip_tracking":false,"_monsterinsights_sitenote_active":false,"_monsterinsights_sitenote_note":"","_monsterinsights_sitenote_category":0,"footnotes":""},"class_list":["post-2095","page","type-page","status-publish","hentry"],"acf":[],"yoast_head":"<!-- This site is optimized with the Yoast SEO plugin v27.2 - https:\/\/yoast.com\/product\/yoast-seo-wordpress\/ -->\n<title>DHR T\u00e4byavdelningen - DHR - Region Stockholm<\/title>\n<meta name=\"robots\" content=\"index, follow, max-snippet:-1, max-image-preview:large, max-video-preview:-1\" \/>\n<link rel=\"canonical\" href=\"https:\/\/dhr.se\/stockholmslan\/dhr-i-din-kommun\/dhr-tabyavdelningen\/\" \/>\n<meta property=\"og:locale\" content=\"sv_SE\" \/>\n<meta property=\"og:type\" content=\"article\" \/>\n<meta property=\"og:title\" content=\"DHR T\u00e4byavdelningen - DHR - Region Stockholm\" \/>\n<meta property=\"og:url\" content=\"https:\/\/dhr.se\/stockholmslan\/dhr-i-din-kommun\/dhr-tabyavdelningen\/\" \/>\n<meta property=\"og:site_name\" content=\"DHR - Region Stockholm\" \/>\n<meta property=\"article:publisher\" content=\"https:\/\/www.facebook.com\/DHRStockholmsLan\" \/>\n<meta property=\"article:modified_time\" content=\"2023-05-17T07:25:09+00:00\" \/>\n<meta name=\"twitter:card\" content=\"summary_large_image\" \/>\n<script type=\"application\/ld+json\" class=\"yoast-schema-graph\">{\"@context\":\"https:\/\/schema.org\",\"@graph\":[{\"@type\":\"WebPage\",\"@id\":\"https:\/\/dhr.se\/stockholmslan\/dhr-i-din-kommun\/dhr-tabyavdelningen\/\",\"url\":\"https:\/\/dhr.se\/stockholmslan\/dhr-i-din-kommun\/dhr-tabyavdelningen\/\",\"name\":\"DHR T\u00e4byavdelningen - DHR - Region Stockholm\",\"isPartOf\":{\"@id\":\"https:\/\/dhr.se\/stockholmslan\/#website\"},\"datePublished\":\"2020-05-11T14:45:20+00:00\",\"dateModified\":\"2023-05-17T07:25:09+00:00\",\"breadcrumb\":{\"@id\":\"https:\/\/dhr.se\/stockholmslan\/dhr-i-din-kommun\/dhr-tabyavdelningen\/#breadcrumb\"},\"inLanguage\":\"sv-SE\",\"potentialAction\":[{\"@type\":\"ReadAction\",\"target\":[\"https:\/\/dhr.se\/stockholmslan\/dhr-i-din-kommun\/dhr-tabyavdelningen\/\"]}]},{\"@type\":\"BreadcrumbList\",\"@id\":\"https:\/\/dhr.se\/stockholmslan\/dhr-i-din-kommun\/dhr-tabyavdelningen\/#breadcrumb\",\"itemListElement\":[{\"@type\":\"ListItem\",\"position\":1,\"name\":\"Hem\",\"item\":\"https:\/\/dhr.se\/stockholmslan\/\"},{\"@type\":\"ListItem\",\"position\":2,\"name\":\"DHR i din kommun\",\"item\":\"https:\/\/dhr.se\/stockholmslan\/dhr-i-din-kommun\/\"},{\"@type\":\"ListItem\",\"position\":3,\"name\":\"DHR T\u00e4byavdelningen\"}]},{\"@type\":\"WebSite\",\"@id\":\"https:\/\/dhr.se\/stockholmslan\/#website\",\"url\":\"https:\/\/dhr.se\/stockholmslan\/\",\"name\":\"DHR - Region Stockholm\",\"description\":\"Delaktighet - Handlingskraft - R\u00f6relsefrihet\",\"publisher\":{\"@id\":\"https:\/\/dhr.se\/stockholmslan\/#organization\"},\"potentialAction\":[{\"@type\":\"SearchAction\",\"target\":{\"@type\":\"EntryPoint\",\"urlTemplate\":\"https:\/\/dhr.se\/stockholmslan\/?s={search_term_string}\"},\"query-input\":{\"@type\":\"PropertyValueSpecification\",\"valueRequired\":true,\"valueName\":\"search_term_string\"}}],\"inLanguage\":\"sv-SE\"},{\"@type\":\"Organization\",\"@id\":\"https:\/\/dhr.se\/stockholmslan\/#organization\",\"name\":\"DHR Region Stockholm\",\"url\":\"https:\/\/dhr.se\/stockholmslan\/\",\"logo\":{\"@type\":\"ImageObject\",\"inLanguage\":\"sv-SE\",\"@id\":\"https:\/\/dhr.se\/stockholmslan\/#\/schema\/logo\/image\/\",\"url\":\"https:\/\/dhr.se\/stockholmslan\/wp-content\/uploads\/sites\/5\/2021\/12\/REGION-STOCKHOLM-orange-48-p.jpg\",\"contentUrl\":\"https:\/\/dhr.se\/stockholmslan\/wp-content\/uploads\/sites\/5\/2021\/12\/REGION-STOCKHOLM-orange-48-p.jpg\",\"width\":891,\"height\":694,\"caption\":\"DHR Region Stockholm\"},\"image\":{\"@id\":\"https:\/\/dhr.se\/stockholmslan\/#\/schema\/logo\/image\/\"},\"sameAs\":[\"https:\/\/www.facebook.com\/DHRStockholmsLan\",\"https:\/\/www.instagram.com\/dhr_sld\/\"]}]}<\/script>\n<!-- \/ Yoast SEO plugin. -->","yoast_head_json":{"title":"DHR T\u00e4byavdelningen - DHR - Region Stockholm","robots":{"index":"index","follow":"follow","max-snippet":"max-snippet:-1","max-image-preview":"max-image-preview:large","max-video-preview":"max-video-preview:-1"},"canonical":"https:\/\/dhr.se\/stockholmslan\/dhr-i-din-kommun\/dhr-tabyavdelningen\/","og_locale":"sv_SE","og_type":"article","og_title":"DHR T\u00e4byavdelningen - DHR - Region Stockholm","og_url":"https:\/\/dhr.se\/stockholmslan\/dhr-i-din-kommun\/dhr-tabyavdelningen\/","og_site_name":"DHR - Region Stockholm","article_publisher":"https:\/\/www.facebook.com\/DHRStockholmsLan","article_modified_time":"2023-05-17T07:25:09+00:00","twitter_card":"summary_large_image","schema":{"@context":"https:\/\/schema.org","@graph":[{"@type":"WebPage","@id":"https:\/\/dhr.se\/stockholmslan\/dhr-i-din-kommun\/dhr-tabyavdelningen\/","url":"https:\/\/dhr.se\/stockholmslan\/dhr-i-din-kommun\/dhr-tabyavdelningen\/","name":"DHR T\u00e4byavdelningen - DHR - Region Stockholm","isPartOf":{"@id":"https:\/\/dhr.se\/stockholmslan\/#website"},"datePublished":"2020-05-11T14:45:20+00:00","dateModified":"2023-05-17T07:25:09+00:00","breadcrumb":{"@id":"https:\/\/dhr.se\/stockholmslan\/dhr-i-din-kommun\/dhr-tabyavdelningen\/#breadcrumb"},"inLanguage":"sv-SE","potentialAction":[{"@type":"ReadAction","target":["https:\/\/dhr.se\/stockholmslan\/dhr-i-din-kommun\/dhr-tabyavdelningen\/"]}]},{"@type":"BreadcrumbList","@id":"https:\/\/dhr.se\/stockholmslan\/dhr-i-din-kommun\/dhr-tabyavdelningen\/#breadcrumb","itemListElement":[{"@type":"ListItem","position":1,"name":"Hem","item":"https:\/\/dhr.se\/stockholmslan\/"},{"@type":"ListItem","position":2,"name":"DHR i din kommun","item":"https:\/\/dhr.se\/stockholmslan\/dhr-i-din-kommun\/"},{"@type":"ListItem","position":3,"name":"DHR T\u00e4byavdelningen"}]},{"@type":"WebSite","@id":"https:\/\/dhr.se\/stockholmslan\/#website","url":"https:\/\/dhr.se\/stockholmslan\/","name":"DHR - Region Stockholm","description":"Delaktighet - Handlingskraft - R\u00f6relsefrihet","publisher":{"@id":"https:\/\/dhr.se\/stockholmslan\/#organization"},"potentialAction":[{"@type":"SearchAction","target":{"@type":"EntryPoint","urlTemplate":"https:\/\/dhr.se\/stockholmslan\/?s={search_term_string}"},"query-input":{"@type":"PropertyValueSpecification","valueRequired":true,"valueName":"search_term_string"}}],"inLanguage":"sv-SE"},{"@type":"Organization","@id":"https:\/\/dhr.se\/stockholmslan\/#organization","name":"DHR Region Stockholm","url":"https:\/\/dhr.se\/stockholmslan\/","logo":{"@type":"ImageObject","inLanguage":"sv-SE","@id":"https:\/\/dhr.se\/stockholmslan\/#\/schema\/logo\/image\/","url":"https:\/\/dhr.se\/stockholmslan\/wp-content\/uploads\/sites\/5\/2021\/12\/REGION-STOCKHOLM-orange-48-p.jpg","contentUrl":"https:\/\/dhr.se\/stockholmslan\/wp-content\/uploads\/sites\/5\/2021\/12\/REGION-STOCKHOLM-orange-48-p.jpg","width":891,"height":694,"caption":"DHR Region Stockholm"},"image":{"@id":"https:\/\/dhr.se\/stockholmslan\/#\/schema\/logo\/image\/"},"sameAs":["https:\/\/www.facebook.com\/DHRStockholmsLan","https:\/\/www.instagram.com\/dhr_sld\/"]}]}},"publishpress_future_action":{"enabled":false,"date":"2026-04-28 12:49:46","action":"change-status","newStatus":"draft","terms":[],"taxonomy":"translation_priority","extraData":[]},"publishpress_future_workflow_manual_trigger":{"enabledWorkflows":[]},"_links":{"self":[{"href":"https:\/\/dhr.se\/stockholmslan\/wp-json\/wp\/v2\/pages\/2095","targetHints":{"allow":["GET"]}}],"collection":[{"href":"https:\/\/dhr.se\/stockholmslan\/wp-json\/wp\/v2\/pages"}],"about":[{"href":"https:\/\/dhr.se\/stockholmslan\/wp-json\/wp\/v2\/types\/page"}],"author":[{"embeddable":true,"href":"https:\/\/dhr.se\/stockholmslan\/wp-json\/wp\/v2\/users\/9"}],"replies":[{"embeddable":true,"href":"https:\/\/dhr.se\/stockholmslan\/wp-json\/wp\/v2\/comments?post=2095"}],"version-history":[{"count":0,"href":"https:\/\/dhr.se\/stockholmslan\/wp-json\/wp\/v2\/pages\/2095\/revisions"}],"up":[{"embeddable":true,"href":"https:\/\/dhr.se\/stockholmslan\/wp-json\/wp\/v2\/pages\/2047"}],"wp:attachment":[{"href":"https:\/\/dhr.se\/stockholmslan\/wp-json\/wp\/v2\/media?parent=2095"}],"curies":[{"name":"wp","href":"https:\/\/api.w.org\/{rel}","templated":true}]}}