{"id":4371,"date":"2022-03-24T18:40:45","date_gmt":"2022-03-24T17:40:45","guid":{"rendered":"https:\/\/dhr.se\/stockholmslan\/?page_id=4371"},"modified":"2022-06-28T15:30:04","modified_gmt":"2022-06-28T13:30:04","slug":"argumentationstext","status":"publish","type":"page","link":"https:\/\/dhr.se\/stockholmslan\/argumentationstext\/","title":{"rendered":"Argumentations-text till Valmanifestet"},"content":{"rendered":"\n<div class=\"wp-block-image is-style-default\"><figure class=\"aligncenter size-medium\"><img loading=\"lazy\" decoding=\"async\" width=\"215\" height=\"300\" src=\"https:\/\/dhr.se\/stockholmslan\/wp-content\/uploads\/sites\/5\/2022\/03\/Valmanifest-215x300.jpg\" alt=\"\" class=\"wp-image-4383\" srcset=\"https:\/\/dhr.se\/stockholmslan\/wp-content\/uploads\/sites\/5\/2022\/03\/Valmanifest-215x300.jpg 215w, https:\/\/dhr.se\/stockholmslan\/wp-content\/uploads\/sites\/5\/2022\/03\/Valmanifest.jpg 425w\" sizes=\"auto, (max-width: 215px) 100vw, 215px\" \/><\/figure><\/div>\n\n\n\n<div class=\"wp-block-columns is-layout-flex wp-container-core-columns-is-layout-9d6595d7 wp-block-columns-is-layout-flex\">\n<div class=\"wp-block-column is-layout-flow wp-block-column-is-layout-flow\"><section class=\"block-simple-text\">\n    <div class=\"main\">\n        <div class=\"main-inner\">\n            <div class=\"ingress text-darker\"><p>Denna argumentationstext har vi tagit fram som ett st\u00f6d f\u00f6r v\u00e5ra medlemmar, som vill diskutera fr\u00e5gor om f\u00e4rdtj\u00e4nst och hj\u00e4lpmedel med v\u00e5ra Regionpolitiker.<\/p>\n<p>F\u00e4rdtj\u00e4nst och hj\u00e4lpmedel \u00e4r fr\u00e5gor som vi i DHR region Stockholm valt att prioritera inf\u00f6r valet 2022. F\u00f6rutom denna argumentationstext finns \u00e4ven v\u00e5rt valmanifest.<\/p>\n<p>Om du \u00f6nskar att f\u00e5 material skickat hem till dig s\u00e5 kan du mejla oss p\u00e5: <a href=\"mailto:regionstockholm@dhr.se\">regionstockholm@dhr.se<\/a><\/p>\n<\/div>\n            <div class=\"content\"><h2><strong>R\u00e4ttighetsfokus beh\u00f6vs<\/strong><\/h2>\n<p>Vi menar att ett tydligt r\u00e4ttighetsfokus i Regionens samtliga styrdokument beh\u00f6vs. Det skulle bidra till en n\u00f6dv\u00e4ndig medvetandeh\u00f6jning i arbetet med Region Stockholms uppst\u00e4llda m\u00e5l. Vidare ska det finnas en tydlig definition av tillg\u00e4nglighet i regionens styrdokument samt en konsekvensanalysbeskrivning ur ett funktionshinderperspektiv.<\/p>\n<h2><strong><br \/>\nF\u00e4rdtj\u00e4nst<\/strong><\/h2>\n<p>F\u00e4rdtj\u00e4nsten ska, precis som kollektivtrafiken, bidra till \u00f6kad j\u00e4mlikhet och j\u00e4mst\u00e4lldhet genom arbete, utbildning, service, fritidsaktiviteter och tr\u00e4ning.<\/p>\n<p>Sverige har undertecknat FN:s Konvention om m\u00e4nskliga r\u00e4ttigheter f\u00f6r personer med funktionsneds\u00e4ttning. Det \u00e4r frivilligt att underteckna FN:s m\u00e4nniskor\u00e4ttskonventioner. Sverige valde att underteckna Funktionsr\u00e4ttskonventionen. Och i och med det s\u00e5 f\u00f6ljer \u00e5taganden och f\u00f6rpliktelser.<\/p>\n<p>Det inneb\u00e4r bland annat att staten har lovat att g\u00f6ra allt som st\u00e5r i dess makt f\u00f6r att m\u00e4nniskor med funktionsneds\u00e4ttning ska kunna f\u00e5 en fri r\u00f6rlighet, n\u00e4r, hur och p\u00e5 vilket s\u00e4tt man sj\u00e4lv \u00f6nskar.<\/p>\n<p>F\u00e4rdtj\u00e4nsten \u00e4r ingen tillf\u00e4llig l\u00f6sning utan den \u00e4r h\u00e4r f\u00f6r att stanna. Hur tillg\u00e4nglig kollektivtrafiken \u00e4n \u00e4r s\u00e5 kommer resor med F\u00e4rdtj\u00e4nst vara det enda alternativet f\u00f6r vissa av oss. Alltid.<\/p>\n<p>Regionen m\u00e5ste skapa f\u00f6ruts\u00e4ttningar f\u00f6r ett sj\u00e4lvbest\u00e4mt liv d\u00e4r varje medborgare kan leva ett aktivt och h\u00e4lsosamt liv. Regionen ska i sin Folkh\u00e4lsopolicy verka f\u00f6r god h\u00e4lsa och minskade h\u00e4lsoklyftor. F\u00f6r att vi ska kunna v\u00e4lja det h\u00e4lsofr\u00e4mjande valet m\u00e5ste en F\u00e4rdtj\u00e4nst finnas d\u00e4r f\u00f6r att underl\u00e4tta den fria r\u00f6rligheten.<\/p>\n<h2><strong><br \/>\nHj\u00e4lpmedel<\/strong><\/h2>\n<p>Hj\u00e4lpmedel \u00e4r en n\u00f6dv\u00e4ndig f\u00f6ruts\u00e4ttning f\u00f6r m\u00e5nga av oss f\u00f6r att vi ska kunna delta i samh\u00e4llet, i vardagen, i skolan, i arbetslivet och p\u00e5 fritiden, p\u00e5 lika villkor som andra. Detta g\u00e4ller i m\u00e5nga stycken \u00e4ven f\u00e4rdtj\u00e4nst, hemtj\u00e4nst och ledsagning. Allt m\u00e5ste fungera.<\/p>\n<p>F\u00f6r m\u00e5nga av oss \u00e4r hj\u00e4lpmedel ett m\u00e5ste f\u00f6r att kunna ta hand om v\u00e5r h\u00e4lsa och f\u00f6r att bibeh\u00e5lla den. Tillg\u00e5ngen till bra och s\u00e4kra hj\u00e4lpmedel f\u00e5r vi genom en fungerande f\u00f6rskrivning som utf\u00f6rs av professionen.<\/p>\n<p>M\u00e5nga som anv\u00e4nder hj\u00e4lpmedel lever p\u00e5 sjukers\u00e4ttning.<\/p>\n<p>F\u00f6rutom kostnader f\u00f6r hj\u00e4lpmedel har man oftast \u00e4ven kostnader f\u00f6r hemtj\u00e4nst, sjukv\u00e5rd och l\u00e4kemedel.<\/p>\n<p>Att tvinga m\u00e4nniskor att v\u00e4lja bort hj\u00e4lpmedel f\u00f6r att man inte har r\u00e5d att beh\u00e5lla dem \u00e4r inte acceptabelt.<\/p>\n<h2><strong><br \/>\nBOSSE \u2013 R\u00e5d, St\u00f6d och Kunskapscenter m\u00e5ste finnas kvar<\/strong><\/h2>\n<p>D\u00e4rf\u00f6r att:<\/p>\n<ul>\n<li>P\u00e5 BOSSE kan man f\u00e5 gratis r\u00e5dgivning och st\u00f6d om man exempelvis beh\u00f6ver \u00f6verklaga ett beslut, oavsett vad fr\u00e5gan g\u00e4ller.<\/li>\n<li>BOSSE erbjuder r\u00e5dgivande samtal som syftar till att verksamhetsdeltagaren sj\u00e4lv ska komma fram till vad som passar hen b\u00e4st. Empowerment.<\/li>\n<li>Personalen p\u00e5 BOSSE har egen erfarenhet av att leva med en nedsatt r\u00f6relsef\u00f6rm\u00e5ga. Det g\u00f6r att personalen har en djupare f\u00f6rst\u00e5else f\u00f6r hur det \u00e4r att tackla olika utmaningar i vardagen, om man har nedsatt r\u00f6relsef\u00f6rm\u00e5ga.<\/li>\n<li>P\u00e5 BOSSE finns en samlad kompetens som inte finns inom v\u00e5rden.<\/li>\n<\/ul>\n<h2><strong><br \/>\nR\u00e4tt till arbete och f\u00f6rs\u00f6rjning<\/strong><\/h2>\n<p>Arbete och f\u00f6rs\u00f6rjning \u00e4r en viktig pusselbit f\u00f6r att m\u00e4nniskor ska m\u00e5 bra.<br \/>\nPersoner med funktionsneds\u00e4ttning har m\u00e5nga g\u00e5nger sv\u00e5rare \u00e4n andra att komma in p\u00e5 arbetsmarknaden. Det som hindrar \u00e4r bland annat f\u00f6rdomar och en arbetsmarknad som inte \u00e4r tillr\u00e4ckligt flexibel.<br \/>\nDHR-regionen bidrar aktivt med v\u00e5r kompetens och med v\u00e5ra erfarenheter av att leva med en funktionsneds\u00e4ttning. Det g\u00f6r vi exempelvis i samverkan med Region Stockholms n\u00e4mnder, f\u00f6rvaltningar och bolag.<\/p>\n<p>I v\u00e5r dialog, i ins\u00e4ndare och debattartiklar, i v\u00e5ra sociala medier med mera ber\u00e4ttar vi om hur en arbetsgivare som t\u00e4nker m\u00e5ngfald vinner p\u00e5 att g\u00f6ra det. Ju st\u00f6rre m\u00e5ngfald det finns bland arbetsgivarna &#8211; desto fler infallsvinklar p\u00e5 produkter, tj\u00e4nster och f\u00f6retagskultur.<br \/>\nM\u00e5ngfald leder till en st\u00f6rre kundkrets.<\/p>\n<p>Den arbetsgivare som har ett brett m\u00e5ngfaldst\u00e4nk \u00e4r helt r\u00e4tt i tiden och l\u00e4mnar ingen utanf\u00f6r.<\/p>\n<p>F\u00f6r den som inte kan arbeta p\u00e5 den regulj\u00e4ra arbetsmarknaden ska det finnas f\u00f6ruts\u00e4ttningar till en ekonomi att leva av.<\/p>\n<p>D\u00e4rf\u00f6r vill DHR Region Stockholm:<\/p>\n<ul>\n<li>Att sjukers\u00e4ttningen ska f\u00f6lja allm\u00e4n l\u00f6neniv\u00e5 och h\u00f6jas med samma procentsats som det avtalats om i de \u00e5rliga kollektivavtalsf\u00f6rhandlingarna.<\/li>\n<li>Att sjukers\u00e4ttning inte ska beskattas h\u00e5rdare \u00e4n andra inkomster.<\/li>\n<li>Att gr\u00e4nserna f\u00f6r sjukers\u00e4ttning ska bli mer flexibla.<\/li>\n<\/ul>\n<\/div>\n        <\/div>\n    <\/div>\n<\/section><\/div>\n<\/div>\n","protected":false},"excerpt":{"rendered":"","protected":false},"author":9,"featured_media":0,"parent":0,"menu_order":0,"comment_status":"closed","ping_status":"closed","template":"template-side-menu.php","meta":{"_acf_changed":false,"_monsterinsights_skip_tracking":false,"_monsterinsights_sitenote_active":false,"_monsterinsights_sitenote_note":"","_monsterinsights_sitenote_category":0,"footnotes":""},"class_list":["post-4371","page","type-page","status-publish","hentry"],"acf":[],"yoast_head":"<!-- This site is optimized with the Yoast SEO plugin v27.2 - https:\/\/yoast.com\/product\/yoast-seo-wordpress\/ -->\n<title>Argumentations-text till Valmanifestet - DHR - Region Stockholm<\/title>\n<meta name=\"robots\" content=\"index, follow, max-snippet:-1, max-image-preview:large, max-video-preview:-1\" \/>\n<link rel=\"canonical\" href=\"https:\/\/dhr.se\/stockholmslan\/argumentationstext\/\" \/>\n<meta property=\"og:locale\" content=\"sv_SE\" \/>\n<meta property=\"og:type\" content=\"article\" \/>\n<meta property=\"og:title\" content=\"Argumentations-text till Valmanifestet - DHR - Region Stockholm\" \/>\n<meta property=\"og:url\" content=\"https:\/\/dhr.se\/stockholmslan\/argumentationstext\/\" \/>\n<meta property=\"og:site_name\" content=\"DHR - Region Stockholm\" \/>\n<meta property=\"article:publisher\" content=\"https:\/\/www.facebook.com\/DHRStockholmsLan\" \/>\n<meta property=\"article:modified_time\" content=\"2022-06-28T13:30:04+00:00\" \/>\n<meta property=\"og:image\" content=\"https:\/\/dhr.se\/stockholmslan\/wp-content\/uploads\/sites\/5\/2022\/03\/Valmanifest-215x300.jpg\" \/>\n<meta name=\"twitter:card\" content=\"summary_large_image\" \/>\n<meta name=\"twitter:label1\" content=\"Ber\u00e4knad l\u00e4stid\" \/>\n\t<meta name=\"twitter:data1\" content=\"1 minut\" \/>\n<script type=\"application\/ld+json\" class=\"yoast-schema-graph\">{\"@context\":\"https:\/\/schema.org\",\"@graph\":[{\"@type\":\"WebPage\",\"@id\":\"https:\/\/dhr.se\/stockholmslan\/argumentationstext\/\",\"url\":\"https:\/\/dhr.se\/stockholmslan\/argumentationstext\/\",\"name\":\"Argumentations-text till Valmanifestet - DHR - Region Stockholm\",\"isPartOf\":{\"@id\":\"https:\/\/dhr.se\/stockholmslan\/#website\"},\"primaryImageOfPage\":{\"@id\":\"https:\/\/dhr.se\/stockholmslan\/argumentationstext\/#primaryimage\"},\"image\":{\"@id\":\"https:\/\/dhr.se\/stockholmslan\/argumentationstext\/#primaryimage\"},\"thumbnailUrl\":\"https:\/\/dhr.se\/stockholmslan\/wp-content\/uploads\/sites\/5\/2022\/03\/Valmanifest-215x300.jpg\",\"datePublished\":\"2022-03-24T17:40:45+00:00\",\"dateModified\":\"2022-06-28T13:30:04+00:00\",\"breadcrumb\":{\"@id\":\"https:\/\/dhr.se\/stockholmslan\/argumentationstext\/#breadcrumb\"},\"inLanguage\":\"sv-SE\",\"potentialAction\":[{\"@type\":\"ReadAction\",\"target\":[\"https:\/\/dhr.se\/stockholmslan\/argumentationstext\/\"]}]},{\"@type\":\"ImageObject\",\"inLanguage\":\"sv-SE\",\"@id\":\"https:\/\/dhr.se\/stockholmslan\/argumentationstext\/#primaryimage\",\"url\":\"https:\/\/dhr.se\/stockholmslan\/wp-content\/uploads\/sites\/5\/2022\/03\/Valmanifest.jpg\",\"contentUrl\":\"https:\/\/dhr.se\/stockholmslan\/wp-content\/uploads\/sites\/5\/2022\/03\/Valmanifest.jpg\",\"width\":425,\"height\":593},{\"@type\":\"BreadcrumbList\",\"@id\":\"https:\/\/dhr.se\/stockholmslan\/argumentationstext\/#breadcrumb\",\"itemListElement\":[{\"@type\":\"ListItem\",\"position\":1,\"name\":\"Hem\",\"item\":\"https:\/\/dhr.se\/stockholmslan\/\"},{\"@type\":\"ListItem\",\"position\":2,\"name\":\"Argumentations-text till Valmanifestet\"}]},{\"@type\":\"WebSite\",\"@id\":\"https:\/\/dhr.se\/stockholmslan\/#website\",\"url\":\"https:\/\/dhr.se\/stockholmslan\/\",\"name\":\"DHR - Region Stockholm\",\"description\":\"Delaktighet - Handlingskraft - R\u00f6relsefrihet\",\"publisher\":{\"@id\":\"https:\/\/dhr.se\/stockholmslan\/#organization\"},\"potentialAction\":[{\"@type\":\"SearchAction\",\"target\":{\"@type\":\"EntryPoint\",\"urlTemplate\":\"https:\/\/dhr.se\/stockholmslan\/?s={search_term_string}\"},\"query-input\":{\"@type\":\"PropertyValueSpecification\",\"valueRequired\":true,\"valueName\":\"search_term_string\"}}],\"inLanguage\":\"sv-SE\"},{\"@type\":\"Organization\",\"@id\":\"https:\/\/dhr.se\/stockholmslan\/#organization\",\"name\":\"DHR Region Stockholm\",\"url\":\"https:\/\/dhr.se\/stockholmslan\/\",\"logo\":{\"@type\":\"ImageObject\",\"inLanguage\":\"sv-SE\",\"@id\":\"https:\/\/dhr.se\/stockholmslan\/#\/schema\/logo\/image\/\",\"url\":\"https:\/\/dhr.se\/stockholmslan\/wp-content\/uploads\/sites\/5\/2021\/12\/REGION-STOCKHOLM-orange-48-p.jpg\",\"contentUrl\":\"https:\/\/dhr.se\/stockholmslan\/wp-content\/uploads\/sites\/5\/2021\/12\/REGION-STOCKHOLM-orange-48-p.jpg\",\"width\":891,\"height\":694,\"caption\":\"DHR Region Stockholm\"},\"image\":{\"@id\":\"https:\/\/dhr.se\/stockholmslan\/#\/schema\/logo\/image\/\"},\"sameAs\":[\"https:\/\/www.facebook.com\/DHRStockholmsLan\",\"https:\/\/www.instagram.com\/dhr_sld\/\"]}]}<\/script>\n<!-- \/ Yoast SEO plugin. -->","yoast_head_json":{"title":"Argumentations-text till Valmanifestet - DHR - Region Stockholm","robots":{"index":"index","follow":"follow","max-snippet":"max-snippet:-1","max-image-preview":"max-image-preview:large","max-video-preview":"max-video-preview:-1"},"canonical":"https:\/\/dhr.se\/stockholmslan\/argumentationstext\/","og_locale":"sv_SE","og_type":"article","og_title":"Argumentations-text till Valmanifestet - DHR - Region Stockholm","og_url":"https:\/\/dhr.se\/stockholmslan\/argumentationstext\/","og_site_name":"DHR - Region Stockholm","article_publisher":"https:\/\/www.facebook.com\/DHRStockholmsLan","article_modified_time":"2022-06-28T13:30:04+00:00","og_image":[{"url":"https:\/\/dhr.se\/stockholmslan\/wp-content\/uploads\/sites\/5\/2022\/03\/Valmanifest-215x300.jpg","type":"","width":"","height":""}],"twitter_card":"summary_large_image","twitter_misc":{"Ber\u00e4knad l\u00e4stid":"1 minut"},"schema":{"@context":"https:\/\/schema.org","@graph":[{"@type":"WebPage","@id":"https:\/\/dhr.se\/stockholmslan\/argumentationstext\/","url":"https:\/\/dhr.se\/stockholmslan\/argumentationstext\/","name":"Argumentations-text till Valmanifestet - DHR - Region Stockholm","isPartOf":{"@id":"https:\/\/dhr.se\/stockholmslan\/#website"},"primaryImageOfPage":{"@id":"https:\/\/dhr.se\/stockholmslan\/argumentationstext\/#primaryimage"},"image":{"@id":"https:\/\/dhr.se\/stockholmslan\/argumentationstext\/#primaryimage"},"thumbnailUrl":"https:\/\/dhr.se\/stockholmslan\/wp-content\/uploads\/sites\/5\/2022\/03\/Valmanifest-215x300.jpg","datePublished":"2022-03-24T17:40:45+00:00","dateModified":"2022-06-28T13:30:04+00:00","breadcrumb":{"@id":"https:\/\/dhr.se\/stockholmslan\/argumentationstext\/#breadcrumb"},"inLanguage":"sv-SE","potentialAction":[{"@type":"ReadAction","target":["https:\/\/dhr.se\/stockholmslan\/argumentationstext\/"]}]},{"@type":"ImageObject","inLanguage":"sv-SE","@id":"https:\/\/dhr.se\/stockholmslan\/argumentationstext\/#primaryimage","url":"https:\/\/dhr.se\/stockholmslan\/wp-content\/uploads\/sites\/5\/2022\/03\/Valmanifest.jpg","contentUrl":"https:\/\/dhr.se\/stockholmslan\/wp-content\/uploads\/sites\/5\/2022\/03\/Valmanifest.jpg","width":425,"height":593},{"@type":"BreadcrumbList","@id":"https:\/\/dhr.se\/stockholmslan\/argumentationstext\/#breadcrumb","itemListElement":[{"@type":"ListItem","position":1,"name":"Hem","item":"https:\/\/dhr.se\/stockholmslan\/"},{"@type":"ListItem","position":2,"name":"Argumentations-text till Valmanifestet"}]},{"@type":"WebSite","@id":"https:\/\/dhr.se\/stockholmslan\/#website","url":"https:\/\/dhr.se\/stockholmslan\/","name":"DHR - Region Stockholm","description":"Delaktighet - Handlingskraft - R\u00f6relsefrihet","publisher":{"@id":"https:\/\/dhr.se\/stockholmslan\/#organization"},"potentialAction":[{"@type":"SearchAction","target":{"@type":"EntryPoint","urlTemplate":"https:\/\/dhr.se\/stockholmslan\/?s={search_term_string}"},"query-input":{"@type":"PropertyValueSpecification","valueRequired":true,"valueName":"search_term_string"}}],"inLanguage":"sv-SE"},{"@type":"Organization","@id":"https:\/\/dhr.se\/stockholmslan\/#organization","name":"DHR Region Stockholm","url":"https:\/\/dhr.se\/stockholmslan\/","logo":{"@type":"ImageObject","inLanguage":"sv-SE","@id":"https:\/\/dhr.se\/stockholmslan\/#\/schema\/logo\/image\/","url":"https:\/\/dhr.se\/stockholmslan\/wp-content\/uploads\/sites\/5\/2021\/12\/REGION-STOCKHOLM-orange-48-p.jpg","contentUrl":"https:\/\/dhr.se\/stockholmslan\/wp-content\/uploads\/sites\/5\/2021\/12\/REGION-STOCKHOLM-orange-48-p.jpg","width":891,"height":694,"caption":"DHR Region Stockholm"},"image":{"@id":"https:\/\/dhr.se\/stockholmslan\/#\/schema\/logo\/image\/"},"sameAs":["https:\/\/www.facebook.com\/DHRStockholmsLan","https:\/\/www.instagram.com\/dhr_sld\/"]}]}},"publishpress_future_action":{"enabled":false,"date":"2026-05-02 05:56:30","action":"change-status","newStatus":"draft","terms":[],"taxonomy":"translation_priority","extraData":[]},"publishpress_future_workflow_manual_trigger":{"enabledWorkflows":[]},"_links":{"self":[{"href":"https:\/\/dhr.se\/stockholmslan\/wp-json\/wp\/v2\/pages\/4371","targetHints":{"allow":["GET"]}}],"collection":[{"href":"https:\/\/dhr.se\/stockholmslan\/wp-json\/wp\/v2\/pages"}],"about":[{"href":"https:\/\/dhr.se\/stockholmslan\/wp-json\/wp\/v2\/types\/page"}],"author":[{"embeddable":true,"href":"https:\/\/dhr.se\/stockholmslan\/wp-json\/wp\/v2\/users\/9"}],"replies":[{"embeddable":true,"href":"https:\/\/dhr.se\/stockholmslan\/wp-json\/wp\/v2\/comments?post=4371"}],"version-history":[{"count":0,"href":"https:\/\/dhr.se\/stockholmslan\/wp-json\/wp\/v2\/pages\/4371\/revisions"}],"wp:attachment":[{"href":"https:\/\/dhr.se\/stockholmslan\/wp-json\/wp\/v2\/media?parent=4371"}],"curies":[{"name":"wp","href":"https:\/\/api.w.org\/{rel}","templated":true}]}}