{"id":4702,"date":"2022-05-30T20:36:05","date_gmt":"2022-05-30T18:36:05","guid":{"rendered":"https:\/\/dhr.se\/stockholmslan\/?page_id=4702"},"modified":"2022-06-30T14:25:50","modified_gmt":"2022-06-30T12:25:50","slug":"valmanifest","status":"publish","type":"page","link":"https:\/\/dhr.se\/stockholmslan\/valmanifest\/","title":{"rendered":"DHR Region Stockholms Valmanifest"},"content":{"rendered":"\n<div class=\"wp-block-image\"><figure class=\"aligncenter size-large\"><img loading=\"lazy\" decoding=\"async\" width=\"1024\" height=\"327\" src=\"https:\/\/dhr.se\/stockholmslan\/wp-content\/uploads\/sites\/5\/2022\/03\/Valmanifestet-1024x327.jpg\" alt=\"\" class=\"wp-image-4397\" srcset=\"https:\/\/dhr.se\/stockholmslan\/wp-content\/uploads\/sites\/5\/2022\/03\/Valmanifestet-1024x327.jpg 1024w, https:\/\/dhr.se\/stockholmslan\/wp-content\/uploads\/sites\/5\/2022\/03\/Valmanifestet-300x96.jpg 300w, https:\/\/dhr.se\/stockholmslan\/wp-content\/uploads\/sites\/5\/2022\/03\/Valmanifestet-768x245.jpg 768w, https:\/\/dhr.se\/stockholmslan\/wp-content\/uploads\/sites\/5\/2022\/03\/Valmanifestet.jpg 1192w\" sizes=\"auto, (max-width: 1024px) 100vw, 1024px\" \/><\/figure><\/div>\n\n\n\n<div data-wp-interactive=\"core\/file\" class=\"wp-block-file\"><object data-wp-bind--hidden=\"!state.hasPdfPreview\" hidden class=\"wp-block-file__embed\" data=\"https:\/\/dhr.se\/stockholmslan\/wp-content\/uploads\/sites\/5\/2022\/05\/Valmanifest.pdf\" type=\"application\/pdf\" style=\"width:100%;height:360px\" aria-label=\"Inb\u00e4ddning av PDF-inb\u00e4ddning.\"><\/object><a href=\"https:\/\/dhr.se\/stockholmslan\/wp-content\/uploads\/sites\/5\/2022\/05\/Valmanifest.pdf\" class=\"wp-block-file__button\" download>Ladda ner Valmanifestet (PDF)<\/a><\/div>\n\n\n\n<div class=\"wp-block-buttons is-layout-flex wp-block-buttons-is-layout-flex\">\n<div class=\"wp-block-button is-style-outline is-style-outline--1\"><a class=\"wp-block-button__link has-text-color has-background\" href=\"https:\/\/dhr.se\/stockholmslan\/vi-paverkar\/argumentationstext\/\" style=\"border-radius:2px;background-color:#FFFFFF;color:#000000\">Ladda ner tillh\u00f6rande argumentationstext<\/a><\/div>\n<\/div>\n\n\n<section class=\"block-simple-text\">\n    <div class=\"main\">\n        <div class=\"main-inner\">\n            <div class=\"ingress text-darker\"><h1><strong>Inledning<\/strong><\/h1>\n<h6>Att leva sj\u00e4lvst\u00e4ndigt och att delta i samh\u00e4llet, att leva sj\u00e4lvbest\u00e4mda liv med lika valm\u00f6jligheter som andra, oavsett funktionsf\u00f6rm\u00e5ga, \u00e4r vad DHR Region Stockholm str\u00e4var efter i allt arbete vi g\u00f6r. F\u00f6r att det offentliga ska respektera m\u00e4nskliga r\u00e4ttigheter i b\u00e5de ord och handling f\u00f6ruts\u00e4tter det ett m\u00e5ngfaldigt offentligt handlande som m\u00f6jligg\u00f6r och resulterar i ett fullt och faktiskt deltagande f\u00f6r personer med funktionsneds\u00e4ttning.<br \/>\nDet inneb\u00e4r bland annat att vi p\u00e5 lika villkor som andra ska ha tilltr\u00e4de till och tillg\u00e5ng till det kollektivtrafikn\u00e4t som Stockholms lokaltrafik ansvarar f\u00f6r. Det h\u00e4r kr\u00e4ver bland annat ett \u201dhela resan\u201d perspektiv.<\/h6>\n<\/div>\n            <div class=\"content\"><p>&nbsp;<\/p>\n<p><strong>F\u00e4rdtj\u00e4nst<\/strong><br \/>\nF\u00e4rdtj\u00e4nsten ska vara ett komplement till kollektivtrafiken och resor efter behov ska vara norm. F\u00e4rdtj\u00e4nsten ska, precis som kollektivtrafiken, bidra till \u00f6kad j\u00e4mlikhet och j\u00e4mst\u00e4lldhet genom att skapa tillg\u00e4nglighet till arbete, service och fritidsaktiviteter.<br \/>\nF\u00e4rdtj\u00e4nstchauff\u00f6rer ska f\u00e5 kontinuerlig utbildning i bem\u00f6tande, trygghet och s\u00e4kerhet. F\u00f6rb\u00e4ttrad tidspassning och uppf\u00f6ljning till kund i samband med l\u00e4mnat klagom\u00e5l beh\u00f6vs.<\/p>\n<p><strong>Folkh\u00e4lsa<\/strong><br \/>\nEnligt Regionens Policy om folkh\u00e4lsa m\u00e5ste Stockholmsregionen: \u201dprioritera insatser f\u00f6r att underl\u00e4tta f\u00f6r personer med funktionsneds\u00e4ttning att vara delaktiga i samh\u00e4llet utifr\u00e5n var och ens f\u00f6ruts\u00e4ttningar\u201d.<br \/>\nFysisk tillg\u00e4nglighet fr\u00e4mjar bland annat delaktighet och sj\u00e4lvst\u00e4ndighet &#8211; som i sin tur fr\u00e4mjar folkh\u00e4lsan. F\u00f6r att personer med funktionsneds\u00e4ttning ska kunna delta p\u00e5 lika villkor som andra och ha samma valm\u00f6jligheter som andra kr\u00e4vs f\u00f6rutom tillg\u00e4nglighet tillg\u00e5ng till hj\u00e4lpmedel.<br \/>\nF\u00f6r m\u00e5nga av oss \u00e4r hj\u00e4lpmedel ett m\u00e5ste f\u00f6r att kunna ta hand om v\u00e5r h\u00e4lsa och f\u00f6r att bibeh\u00e5lla den. Tillg\u00e5ngen till bra och s\u00e4kra hj\u00e4lpmedel f\u00e5r vi genom en fungerande f\u00f6rskrivning som utf\u00f6rs av professionen.<\/p>\n<p><strong>Ekonomi att leva av<\/strong><br \/>\nRegionen ska vara ett f\u00f6red\u00f6me i vilja och f\u00f6rm\u00e5ga att anst\u00e4lla personer med funktionsneds\u00e4ttning i sina egna verksamheter och bolag. St\u00e4rka ekonomin bland personer med funktionsneds\u00e4ttning och inte som nu f\u00f6rs\u00e4mra den genom att ta ut kostnader f\u00f6r hj\u00e4lpmedel med mera.<\/p>\n<p><strong>Kultur<\/strong><br \/>\nRegionen ska fr\u00e4mja allas m\u00f6jlighet till kulturupplevelser, bildning och att utveckla sina skapande f\u00f6rm\u00e5gor.<\/p>\n<p><strong>BOSSE \u2013 R\u00e5d, St\u00f6d &amp; Kunskapscenter<\/strong><br \/>\nBOSSE \u00e4r en verksamhet som ger r\u00e5d och st\u00f6d p\u00e5 ett h\u00e4lsofr\u00e4mjande s\u00e4tt till fr\u00e4mst personer med nedsatt r\u00f6relsef\u00f6rm\u00e5ga. HSF (H\u00e4lso- och sjukv\u00e5rdsf\u00f6rvaltningen) har fattat beslut om att avbryta upphandling f\u00f6r att ist\u00e4llet ge en tidsfrist f\u00f6r nedl\u00e4ggning av BOSSE. Psykosociala insatser splittras upp p\u00e5 olika v\u00e5rdgivare och samtliga v\u00e5rdcentraler.<br \/>\nBosse arbetar med att ge varje individ fler redskap Och m\u00f6jligheter till att sj\u00e4lv best\u00e4mma \u00f6ver sitt liv och sin framtid. Att f\u00e5 f\u00f6rm\u00e5ga att sj\u00e4lv f\u00f6r\u00e4ndra sin livssituation. P\u00e5 BOSSE finns en samlad kompetens utifr\u00e5n en m\u00e4nniskas hela livssituation som inte finns inom den vanliga v\u00e5rden f\u00f6r livet handlar inte bara om v\u00e5rd. BOSSE &#8211; R\u00e5d, St\u00f6d &amp; Kunskapscenter m\u00e5ste vara kvar om regionen ska kunna leva upp till folkh\u00e4lsopolicyn.<\/p>\n<p>Vi kr\u00e4ver inom &#8230;<\/p>\n<p><strong>f\u00e4rdtj\u00e4nst:<\/strong><\/p>\n<ul>\n<li>Resor efter behov med rullstolstaxi och f\u00e4rdtj\u00e4nsttaxi<\/li>\n<li>Tillr\u00e4ckligt med rullstolstaxi<\/li>\n<li>S\u00e4kert resande<\/li>\n<li>Att bli behandlad med respekt av kundtj\u00e4nst och chauff\u00f6rer<\/li>\n<\/ul>\n<p><strong>hj\u00e4lpmedel:<\/strong><\/p>\n<ul>\n<li>Kostnadsfria hj\u00e4lpmedel<\/li>\n<li>Hj\u00e4lpmedel efter behov<\/li>\n<li>H\u00f6gkostnadsskydd<\/li>\n<li>Individuellt utprovade hj\u00e4lpmedel av professionen<\/li>\n<li>F\u00f6rskrivaren ska f\u00f6lja upp vad den f\u00f6rskrivit<\/li>\n<li>\u00d6kad f\u00f6rskrivarkompetens och certifiering i olika niv\u00e5er<\/li>\n<\/ul>\n<p><strong>ekonomi att leva av:<\/strong><\/p>\n<ul>\n<li>Ej leva p\u00e5 existensminimum<\/li>\n<li>Flexibel sjukers\u00e4ttning efter individens behov<\/li>\n<li>Sjukers\u00e4ttningen ska f\u00f6lja allm\u00e4nna kollektivavtal<\/li>\n<li>Sjukers\u00e4ttningen ska inte straffbeskattas<\/li>\n<\/ul>\n<p><strong>kultur:<\/strong><\/p>\n<ul>\n<li>Fler rullstolsplatser till evenemang<\/li>\n<li>M\u00f6jlighet att boka rullstolsplatser via internet<\/li>\n<li>Tillg\u00e4nglighet som publik och som kulturarbetare p\u00e5 scen.<\/li>\n<\/ul>\n<p>&nbsp;<\/p>\n<p><a href=\"https:\/\/dhr.se\/stockholmslan\/argumentationstext\/\">H\u00e4r finner du tillh\u00f6rande argumentationstext.<\/a><\/p>\n<\/div>\n        <\/div>\n    <\/div>\n<\/section>\n\n\n<div class=\"wp-block-group\"><div class=\"wp-block-group__inner-container is-layout-flow wp-block-group-is-layout-flow\"><\/div><\/div>\n\n\n\n<p><\/p>\n","protected":false},"excerpt":{"rendered":"","protected":false},"author":9,"featured_media":0,"parent":0,"menu_order":0,"comment_status":"closed","ping_status":"closed","template":"template-side-menu.php","meta":{"_acf_changed":false,"_monsterinsights_skip_tracking":false,"_monsterinsights_sitenote_active":false,"_monsterinsights_sitenote_note":"","_monsterinsights_sitenote_category":0,"footnotes":""},"class_list":["post-4702","page","type-page","status-publish","hentry"],"acf":[],"yoast_head":"<!-- This site is optimized with the Yoast SEO plugin v27.2 - https:\/\/yoast.com\/product\/yoast-seo-wordpress\/ -->\n<title>DHR Region Stockholms Valmanifest - DHR - Region Stockholm<\/title>\n<meta name=\"robots\" content=\"index, follow, max-snippet:-1, max-image-preview:large, max-video-preview:-1\" \/>\n<link rel=\"canonical\" href=\"https:\/\/dhr.se\/stockholmslan\/valmanifest\/\" \/>\n<meta property=\"og:locale\" content=\"sv_SE\" \/>\n<meta property=\"og:type\" content=\"article\" \/>\n<meta property=\"og:title\" content=\"DHR Region Stockholms Valmanifest - DHR - Region Stockholm\" \/>\n<meta property=\"og:url\" content=\"https:\/\/dhr.se\/stockholmslan\/valmanifest\/\" \/>\n<meta property=\"og:site_name\" content=\"DHR - Region Stockholm\" \/>\n<meta property=\"article:publisher\" content=\"https:\/\/www.facebook.com\/DHRStockholmsLan\" \/>\n<meta property=\"article:modified_time\" content=\"2022-06-30T12:25:50+00:00\" \/>\n<meta property=\"og:image\" content=\"https:\/\/dhr.se\/stockholmslan\/wp-content\/uploads\/sites\/5\/2022\/03\/Valmanifestet-1024x327.jpg\" \/>\n<meta name=\"twitter:card\" content=\"summary_large_image\" \/>\n<meta name=\"twitter:label1\" content=\"Ber\u00e4knad l\u00e4stid\" \/>\n\t<meta name=\"twitter:data1\" content=\"1 minut\" \/>\n<script type=\"application\/ld+json\" class=\"yoast-schema-graph\">{\"@context\":\"https:\/\/schema.org\",\"@graph\":[{\"@type\":\"WebPage\",\"@id\":\"https:\/\/dhr.se\/stockholmslan\/valmanifest\/\",\"url\":\"https:\/\/dhr.se\/stockholmslan\/valmanifest\/\",\"name\":\"DHR Region Stockholms Valmanifest - DHR - Region Stockholm\",\"isPartOf\":{\"@id\":\"https:\/\/dhr.se\/stockholmslan\/#website\"},\"primaryImageOfPage\":{\"@id\":\"https:\/\/dhr.se\/stockholmslan\/valmanifest\/#primaryimage\"},\"image\":{\"@id\":\"https:\/\/dhr.se\/stockholmslan\/valmanifest\/#primaryimage\"},\"thumbnailUrl\":\"https:\/\/dhr.se\/stockholmslan\/wp-content\/uploads\/sites\/5\/2022\/03\/Valmanifestet-1024x327.jpg\",\"datePublished\":\"2022-05-30T18:36:05+00:00\",\"dateModified\":\"2022-06-30T12:25:50+00:00\",\"breadcrumb\":{\"@id\":\"https:\/\/dhr.se\/stockholmslan\/valmanifest\/#breadcrumb\"},\"inLanguage\":\"sv-SE\",\"potentialAction\":[{\"@type\":\"ReadAction\",\"target\":[\"https:\/\/dhr.se\/stockholmslan\/valmanifest\/\"]}]},{\"@type\":\"ImageObject\",\"inLanguage\":\"sv-SE\",\"@id\":\"https:\/\/dhr.se\/stockholmslan\/valmanifest\/#primaryimage\",\"url\":\"https:\/\/dhr.se\/stockholmslan\/wp-content\/uploads\/sites\/5\/2022\/03\/Valmanifestet.jpg\",\"contentUrl\":\"https:\/\/dhr.se\/stockholmslan\/wp-content\/uploads\/sites\/5\/2022\/03\/Valmanifestet.jpg\",\"width\":1192,\"height\":381},{\"@type\":\"BreadcrumbList\",\"@id\":\"https:\/\/dhr.se\/stockholmslan\/valmanifest\/#breadcrumb\",\"itemListElement\":[{\"@type\":\"ListItem\",\"position\":1,\"name\":\"Hem\",\"item\":\"https:\/\/dhr.se\/stockholmslan\/\"},{\"@type\":\"ListItem\",\"position\":2,\"name\":\"DHR Region Stockholms Valmanifest\"}]},{\"@type\":\"WebSite\",\"@id\":\"https:\/\/dhr.se\/stockholmslan\/#website\",\"url\":\"https:\/\/dhr.se\/stockholmslan\/\",\"name\":\"DHR - Region Stockholm\",\"description\":\"Delaktighet - Handlingskraft - R\u00f6relsefrihet\",\"publisher\":{\"@id\":\"https:\/\/dhr.se\/stockholmslan\/#organization\"},\"potentialAction\":[{\"@type\":\"SearchAction\",\"target\":{\"@type\":\"EntryPoint\",\"urlTemplate\":\"https:\/\/dhr.se\/stockholmslan\/?s={search_term_string}\"},\"query-input\":{\"@type\":\"PropertyValueSpecification\",\"valueRequired\":true,\"valueName\":\"search_term_string\"}}],\"inLanguage\":\"sv-SE\"},{\"@type\":\"Organization\",\"@id\":\"https:\/\/dhr.se\/stockholmslan\/#organization\",\"name\":\"DHR Region Stockholm\",\"url\":\"https:\/\/dhr.se\/stockholmslan\/\",\"logo\":{\"@type\":\"ImageObject\",\"inLanguage\":\"sv-SE\",\"@id\":\"https:\/\/dhr.se\/stockholmslan\/#\/schema\/logo\/image\/\",\"url\":\"https:\/\/dhr.se\/stockholmslan\/wp-content\/uploads\/sites\/5\/2021\/12\/REGION-STOCKHOLM-orange-48-p.jpg\",\"contentUrl\":\"https:\/\/dhr.se\/stockholmslan\/wp-content\/uploads\/sites\/5\/2021\/12\/REGION-STOCKHOLM-orange-48-p.jpg\",\"width\":891,\"height\":694,\"caption\":\"DHR Region Stockholm\"},\"image\":{\"@id\":\"https:\/\/dhr.se\/stockholmslan\/#\/schema\/logo\/image\/\"},\"sameAs\":[\"https:\/\/www.facebook.com\/DHRStockholmsLan\",\"https:\/\/www.instagram.com\/dhr_sld\/\"]}]}<\/script>\n<!-- \/ Yoast SEO plugin. -->","yoast_head_json":{"title":"DHR Region Stockholms Valmanifest - DHR - Region Stockholm","robots":{"index":"index","follow":"follow","max-snippet":"max-snippet:-1","max-image-preview":"max-image-preview:large","max-video-preview":"max-video-preview:-1"},"canonical":"https:\/\/dhr.se\/stockholmslan\/valmanifest\/","og_locale":"sv_SE","og_type":"article","og_title":"DHR Region Stockholms Valmanifest - DHR - Region Stockholm","og_url":"https:\/\/dhr.se\/stockholmslan\/valmanifest\/","og_site_name":"DHR - Region Stockholm","article_publisher":"https:\/\/www.facebook.com\/DHRStockholmsLan","article_modified_time":"2022-06-30T12:25:50+00:00","og_image":[{"url":"https:\/\/dhr.se\/stockholmslan\/wp-content\/uploads\/sites\/5\/2022\/03\/Valmanifestet-1024x327.jpg","type":"","width":"","height":""}],"twitter_card":"summary_large_image","twitter_misc":{"Ber\u00e4knad l\u00e4stid":"1 minut"},"schema":{"@context":"https:\/\/schema.org","@graph":[{"@type":"WebPage","@id":"https:\/\/dhr.se\/stockholmslan\/valmanifest\/","url":"https:\/\/dhr.se\/stockholmslan\/valmanifest\/","name":"DHR Region Stockholms Valmanifest - DHR - Region Stockholm","isPartOf":{"@id":"https:\/\/dhr.se\/stockholmslan\/#website"},"primaryImageOfPage":{"@id":"https:\/\/dhr.se\/stockholmslan\/valmanifest\/#primaryimage"},"image":{"@id":"https:\/\/dhr.se\/stockholmslan\/valmanifest\/#primaryimage"},"thumbnailUrl":"https:\/\/dhr.se\/stockholmslan\/wp-content\/uploads\/sites\/5\/2022\/03\/Valmanifestet-1024x327.jpg","datePublished":"2022-05-30T18:36:05+00:00","dateModified":"2022-06-30T12:25:50+00:00","breadcrumb":{"@id":"https:\/\/dhr.se\/stockholmslan\/valmanifest\/#breadcrumb"},"inLanguage":"sv-SE","potentialAction":[{"@type":"ReadAction","target":["https:\/\/dhr.se\/stockholmslan\/valmanifest\/"]}]},{"@type":"ImageObject","inLanguage":"sv-SE","@id":"https:\/\/dhr.se\/stockholmslan\/valmanifest\/#primaryimage","url":"https:\/\/dhr.se\/stockholmslan\/wp-content\/uploads\/sites\/5\/2022\/03\/Valmanifestet.jpg","contentUrl":"https:\/\/dhr.se\/stockholmslan\/wp-content\/uploads\/sites\/5\/2022\/03\/Valmanifestet.jpg","width":1192,"height":381},{"@type":"BreadcrumbList","@id":"https:\/\/dhr.se\/stockholmslan\/valmanifest\/#breadcrumb","itemListElement":[{"@type":"ListItem","position":1,"name":"Hem","item":"https:\/\/dhr.se\/stockholmslan\/"},{"@type":"ListItem","position":2,"name":"DHR Region Stockholms Valmanifest"}]},{"@type":"WebSite","@id":"https:\/\/dhr.se\/stockholmslan\/#website","url":"https:\/\/dhr.se\/stockholmslan\/","name":"DHR - Region Stockholm","description":"Delaktighet - Handlingskraft - R\u00f6relsefrihet","publisher":{"@id":"https:\/\/dhr.se\/stockholmslan\/#organization"},"potentialAction":[{"@type":"SearchAction","target":{"@type":"EntryPoint","urlTemplate":"https:\/\/dhr.se\/stockholmslan\/?s={search_term_string}"},"query-input":{"@type":"PropertyValueSpecification","valueRequired":true,"valueName":"search_term_string"}}],"inLanguage":"sv-SE"},{"@type":"Organization","@id":"https:\/\/dhr.se\/stockholmslan\/#organization","name":"DHR Region Stockholm","url":"https:\/\/dhr.se\/stockholmslan\/","logo":{"@type":"ImageObject","inLanguage":"sv-SE","@id":"https:\/\/dhr.se\/stockholmslan\/#\/schema\/logo\/image\/","url":"https:\/\/dhr.se\/stockholmslan\/wp-content\/uploads\/sites\/5\/2021\/12\/REGION-STOCKHOLM-orange-48-p.jpg","contentUrl":"https:\/\/dhr.se\/stockholmslan\/wp-content\/uploads\/sites\/5\/2021\/12\/REGION-STOCKHOLM-orange-48-p.jpg","width":891,"height":694,"caption":"DHR Region Stockholm"},"image":{"@id":"https:\/\/dhr.se\/stockholmslan\/#\/schema\/logo\/image\/"},"sameAs":["https:\/\/www.facebook.com\/DHRStockholmsLan","https:\/\/www.instagram.com\/dhr_sld\/"]}]}},"publishpress_future_action":{"enabled":false,"date":"2026-05-02 05:55:43","action":"change-status","newStatus":"draft","terms":[],"taxonomy":"translation_priority","extraData":[]},"publishpress_future_workflow_manual_trigger":{"enabledWorkflows":[]},"_links":{"self":[{"href":"https:\/\/dhr.se\/stockholmslan\/wp-json\/wp\/v2\/pages\/4702","targetHints":{"allow":["GET"]}}],"collection":[{"href":"https:\/\/dhr.se\/stockholmslan\/wp-json\/wp\/v2\/pages"}],"about":[{"href":"https:\/\/dhr.se\/stockholmslan\/wp-json\/wp\/v2\/types\/page"}],"author":[{"embeddable":true,"href":"https:\/\/dhr.se\/stockholmslan\/wp-json\/wp\/v2\/users\/9"}],"replies":[{"embeddable":true,"href":"https:\/\/dhr.se\/stockholmslan\/wp-json\/wp\/v2\/comments?post=4702"}],"version-history":[{"count":0,"href":"https:\/\/dhr.se\/stockholmslan\/wp-json\/wp\/v2\/pages\/4702\/revisions"}],"wp:attachment":[{"href":"https:\/\/dhr.se\/stockholmslan\/wp-json\/wp\/v2\/media?parent=4702"}],"curies":[{"name":"wp","href":"https:\/\/api.w.org\/{rel}","templated":true}]}}