{"id":5060,"date":"2022-08-16T12:49:23","date_gmt":"2022-08-16T10:49:23","guid":{"rendered":"https:\/\/dhr.se\/stockholmslan\/?page_id=5060"},"modified":"2025-10-14T13:11:45","modified_gmt":"2025-10-14T11:11:45","slug":"vi-paverkar","status":"publish","type":"page","link":"https:\/\/dhr.se\/stockholmslan\/vi-paverkar\/","title":{"rendered":"Vi p\u00e5verkar"},"content":{"rendered":"<section class=\"block-hero\" style=\"background-image:url(https:\/\/dhr.se\/stockholmslan\/wp-content\/uploads\/sites\/5\/2021\/04\/Manifestation-liten.jpg);\">\n\n<video autoplay loop playsinline muted loop>\n    <source src=\"\" type=\"video\/mp4\">\n    Your browser does not support HTML5 video.\n<\/video>\n\n<div class=\"overlay overlay-accent\"><\/div>\n    <div class=\"main\">\n        <div class=\"main-inner\">\n            <p class=\"small-title\"><\/p>\n            <h1><\/h1>\n            <p class=\"text\"><B>DHR Region Stockholm arbetar utifr\u00e5n din vardag.<br \/>\r\nDen blir v\u00e5rt r\u00e4ttighetspolitiska arbete.<\/B><\/p>\n\n\n            \n\n\n\n        <\/div>\n    <\/div>\n<\/section>\n\n<section class=\"block-simple-text\">\n    <div class=\"main\">\n        <div class=\"main-inner\">\n            <div class=\"ingress text-darker\"><p>&nbsp;<\/p>\n<p><strong>R\u00e4ttighets- och intressepolitisk verksamhet<\/strong><\/p>\n<p>P\u00e5 uppdrag av DHRs F\u00f6rbundsstyrelse och avdelningarna i l\u00e4net bedriver vi r\u00e4ttighets- och intressepolitisk verksamhet kring l\u00e4ns- och regions\u00f6vergripande fr\u00e5gor i Stockholms l\u00e4n.<\/p>\n<\/div>\n            <div class=\"content\"><p style=\"margin-top: 0cm;line-height: 18.0pt;background: white\"><span style=\"font-size: 13.5pt;font-family: Roboto;color: #3a3a3a\">Genom att skapa opinion och p\u00e5verka de politiska besluten arbetar DHR Region Stockholm f\u00f6r ett \u00f6ppet Sverige, d\u00e4r personer med nedsatt r\u00f6relsef\u00f6rm\u00e5ga inte blir utest\u00e4ngda.<br \/>En av utg\u00e5ngspunkterna i v\u00e5rt arbete \u00e4r FN:s konvention om r\u00e4ttigheter f\u00f6r personer med funktionsneds\u00e4ttning. Det \u00e4r utifr\u00e5n detta perspektiv vi arbetar.<\/span><\/p>\n<p style=\"margin-top: 0cm;line-height: 18.0pt;background: white\"><strong><span style=\"font-size: 13.5pt;font-family: Roboto;color: #3a3a3a\">Universell design<\/span><\/strong><span style=\"font-size: 13.5pt;font-family: Roboto;color: #3a3a3a\"><br \/>I v\u00e5rt arbete har universell design en central plats. Universell design inneb\u00e4r tillg\u00e4nglighet och anv\u00e4ndbarhet f\u00f6r alla. Med universell design menas att g\u00f6ra r\u00e4tt fr\u00e5n b\u00f6rjan och p\u00e5 s\u00e5 s\u00e4tt slippa dyra ombyggnationer i efterhand; f\u00f6r att uppn\u00e5 tillg\u00e4nglighet och anv\u00e4ndbarhet<br \/>f\u00f6r alla.<\/span><\/p>\n<p style=\"margin-top: 0cm;line-height: 18.0pt;background: white;margin-bottom: 1rem\"><strong><span style=\"font-size: 13.5pt;font-family: Roboto;color: #3a3a3a\">Samverkansr\u00e5d<\/span><\/strong><span style=\"font-size: 13.5pt;font-family: Roboto;color: #3a3a3a\"><br \/>V\u00e5rt praktiska arbete genomf\u00f6rs bland annat genom att vi har representanter<br \/>i olika Samverkansr\u00e5d inom Region Stockholm.<\/span><\/p>\n<p><a href=\"https:\/\/dhr.se\/stockholmslan\/wp-content\/uploads\/sites\/5\/2025\/10\/Utsedda-representanter-i-regionens-samverkansrad.pdf\"><span class=\"TextRun SCXW231899608 BCX0\" lang=\"SV-SE\" xml:lang=\"SV-SE\" data-contrast=\"none\"><span class=\"NormalTextRun SCXW231899608 BCX0\" data-ccp-parastyle=\"Title\">Utsedda<\/span><span class=\"NormalTextRun SCXW231899608 BCX0\" data-ccp-parastyle=\"Title\"> representante<\/span><span class=\"NormalTextRun SCXW231899608 BCX0\" data-ccp-parastyle=\"Title\">r i <\/span><span class=\"NormalTextRun SCXW231899608 BCX0\" data-ccp-parastyle=\"Title\">regionen<\/span><span class=\"NormalTextRun SCXW231899608 BCX0\" data-ccp-parastyle=\"Title\">s samverkansr\u00e5d:<\/span><\/span><span class=\"EOP SCXW231899608 BCX0\" data-ccp-props=\"{&quot;201341983&quot;:0,&quot;335559739&quot;:0,&quot;335559740&quot;:240}\">\u00a0<\/span><\/a><\/p>\n<p>&nbsp;<\/p>\n<\/div>\n        <\/div>\n    <\/div>\n<\/section>","protected":false},"excerpt":{"rendered":"","protected":false},"author":9,"featured_media":0,"parent":0,"menu_order":0,"comment_status":"closed","ping_status":"closed","template":"template-side-menu.php","meta":{"_acf_changed":false,"_monsterinsights_skip_tracking":false,"_monsterinsights_sitenote_active":false,"_monsterinsights_sitenote_note":"","_monsterinsights_sitenote_category":0,"footnotes":""},"class_list":["post-5060","page","type-page","status-publish","hentry"],"acf":[],"yoast_head":"<!-- This site is optimized with the Yoast SEO plugin v27.2 - https:\/\/yoast.com\/product\/yoast-seo-wordpress\/ -->\n<title>Vi p\u00e5verkar - DHR - Region Stockholm<\/title>\n<meta name=\"robots\" content=\"index, follow, max-snippet:-1, max-image-preview:large, max-video-preview:-1\" \/>\n<link rel=\"canonical\" href=\"https:\/\/dhr.se\/stockholmslan\/vi-paverkar\/\" \/>\n<meta property=\"og:locale\" content=\"sv_SE\" \/>\n<meta property=\"og:type\" content=\"article\" \/>\n<meta property=\"og:title\" content=\"Vi p\u00e5verkar - DHR - Region Stockholm\" \/>\n<meta property=\"og:url\" content=\"https:\/\/dhr.se\/stockholmslan\/vi-paverkar\/\" \/>\n<meta property=\"og:site_name\" content=\"DHR - Region Stockholm\" \/>\n<meta property=\"article:publisher\" content=\"https:\/\/www.facebook.com\/DHRStockholmsLan\" \/>\n<meta property=\"article:modified_time\" content=\"2025-10-14T11:11:45+00:00\" \/>\n<meta name=\"twitter:card\" content=\"summary_large_image\" \/>\n<script type=\"application\/ld+json\" class=\"yoast-schema-graph\">{\"@context\":\"https:\/\/schema.org\",\"@graph\":[{\"@type\":\"WebPage\",\"@id\":\"https:\/\/dhr.se\/stockholmslan\/vi-paverkar\/\",\"url\":\"https:\/\/dhr.se\/stockholmslan\/vi-paverkar\/\",\"name\":\"Vi p\u00e5verkar - DHR - Region Stockholm\",\"isPartOf\":{\"@id\":\"https:\/\/dhr.se\/stockholmslan\/#website\"},\"datePublished\":\"2022-08-16T10:49:23+00:00\",\"dateModified\":\"2025-10-14T11:11:45+00:00\",\"breadcrumb\":{\"@id\":\"https:\/\/dhr.se\/stockholmslan\/vi-paverkar\/#breadcrumb\"},\"inLanguage\":\"sv-SE\",\"potentialAction\":[{\"@type\":\"ReadAction\",\"target\":[\"https:\/\/dhr.se\/stockholmslan\/vi-paverkar\/\"]}]},{\"@type\":\"BreadcrumbList\",\"@id\":\"https:\/\/dhr.se\/stockholmslan\/vi-paverkar\/#breadcrumb\",\"itemListElement\":[{\"@type\":\"ListItem\",\"position\":1,\"name\":\"Hem\",\"item\":\"https:\/\/dhr.se\/stockholmslan\/\"},{\"@type\":\"ListItem\",\"position\":2,\"name\":\"Vi p\u00e5verkar\"}]},{\"@type\":\"WebSite\",\"@id\":\"https:\/\/dhr.se\/stockholmslan\/#website\",\"url\":\"https:\/\/dhr.se\/stockholmslan\/\",\"name\":\"DHR - Region Stockholm\",\"description\":\"Delaktighet - Handlingskraft - R\u00f6relsefrihet\",\"publisher\":{\"@id\":\"https:\/\/dhr.se\/stockholmslan\/#organization\"},\"potentialAction\":[{\"@type\":\"SearchAction\",\"target\":{\"@type\":\"EntryPoint\",\"urlTemplate\":\"https:\/\/dhr.se\/stockholmslan\/?s={search_term_string}\"},\"query-input\":{\"@type\":\"PropertyValueSpecification\",\"valueRequired\":true,\"valueName\":\"search_term_string\"}}],\"inLanguage\":\"sv-SE\"},{\"@type\":\"Organization\",\"@id\":\"https:\/\/dhr.se\/stockholmslan\/#organization\",\"name\":\"DHR Region Stockholm\",\"url\":\"https:\/\/dhr.se\/stockholmslan\/\",\"logo\":{\"@type\":\"ImageObject\",\"inLanguage\":\"sv-SE\",\"@id\":\"https:\/\/dhr.se\/stockholmslan\/#\/schema\/logo\/image\/\",\"url\":\"https:\/\/dhr.se\/stockholmslan\/wp-content\/uploads\/sites\/5\/2021\/12\/REGION-STOCKHOLM-orange-48-p.jpg\",\"contentUrl\":\"https:\/\/dhr.se\/stockholmslan\/wp-content\/uploads\/sites\/5\/2021\/12\/REGION-STOCKHOLM-orange-48-p.jpg\",\"width\":891,\"height\":694,\"caption\":\"DHR Region Stockholm\"},\"image\":{\"@id\":\"https:\/\/dhr.se\/stockholmslan\/#\/schema\/logo\/image\/\"},\"sameAs\":[\"https:\/\/www.facebook.com\/DHRStockholmsLan\",\"https:\/\/www.instagram.com\/dhr_sld\/\"]}]}<\/script>\n<!-- \/ Yoast SEO plugin. -->","yoast_head_json":{"title":"Vi p\u00e5verkar - DHR - Region Stockholm","robots":{"index":"index","follow":"follow","max-snippet":"max-snippet:-1","max-image-preview":"max-image-preview:large","max-video-preview":"max-video-preview:-1"},"canonical":"https:\/\/dhr.se\/stockholmslan\/vi-paverkar\/","og_locale":"sv_SE","og_type":"article","og_title":"Vi p\u00e5verkar - DHR - Region Stockholm","og_url":"https:\/\/dhr.se\/stockholmslan\/vi-paverkar\/","og_site_name":"DHR - Region Stockholm","article_publisher":"https:\/\/www.facebook.com\/DHRStockholmsLan","article_modified_time":"2025-10-14T11:11:45+00:00","twitter_card":"summary_large_image","schema":{"@context":"https:\/\/schema.org","@graph":[{"@type":"WebPage","@id":"https:\/\/dhr.se\/stockholmslan\/vi-paverkar\/","url":"https:\/\/dhr.se\/stockholmslan\/vi-paverkar\/","name":"Vi p\u00e5verkar - DHR - Region Stockholm","isPartOf":{"@id":"https:\/\/dhr.se\/stockholmslan\/#website"},"datePublished":"2022-08-16T10:49:23+00:00","dateModified":"2025-10-14T11:11:45+00:00","breadcrumb":{"@id":"https:\/\/dhr.se\/stockholmslan\/vi-paverkar\/#breadcrumb"},"inLanguage":"sv-SE","potentialAction":[{"@type":"ReadAction","target":["https:\/\/dhr.se\/stockholmslan\/vi-paverkar\/"]}]},{"@type":"BreadcrumbList","@id":"https:\/\/dhr.se\/stockholmslan\/vi-paverkar\/#breadcrumb","itemListElement":[{"@type":"ListItem","position":1,"name":"Hem","item":"https:\/\/dhr.se\/stockholmslan\/"},{"@type":"ListItem","position":2,"name":"Vi p\u00e5verkar"}]},{"@type":"WebSite","@id":"https:\/\/dhr.se\/stockholmslan\/#website","url":"https:\/\/dhr.se\/stockholmslan\/","name":"DHR - Region Stockholm","description":"Delaktighet - Handlingskraft - R\u00f6relsefrihet","publisher":{"@id":"https:\/\/dhr.se\/stockholmslan\/#organization"},"potentialAction":[{"@type":"SearchAction","target":{"@type":"EntryPoint","urlTemplate":"https:\/\/dhr.se\/stockholmslan\/?s={search_term_string}"},"query-input":{"@type":"PropertyValueSpecification","valueRequired":true,"valueName":"search_term_string"}}],"inLanguage":"sv-SE"},{"@type":"Organization","@id":"https:\/\/dhr.se\/stockholmslan\/#organization","name":"DHR Region Stockholm","url":"https:\/\/dhr.se\/stockholmslan\/","logo":{"@type":"ImageObject","inLanguage":"sv-SE","@id":"https:\/\/dhr.se\/stockholmslan\/#\/schema\/logo\/image\/","url":"https:\/\/dhr.se\/stockholmslan\/wp-content\/uploads\/sites\/5\/2021\/12\/REGION-STOCKHOLM-orange-48-p.jpg","contentUrl":"https:\/\/dhr.se\/stockholmslan\/wp-content\/uploads\/sites\/5\/2021\/12\/REGION-STOCKHOLM-orange-48-p.jpg","width":891,"height":694,"caption":"DHR Region Stockholm"},"image":{"@id":"https:\/\/dhr.se\/stockholmslan\/#\/schema\/logo\/image\/"},"sameAs":["https:\/\/www.facebook.com\/DHRStockholmsLan","https:\/\/www.instagram.com\/dhr_sld\/"]}]}},"publishpress_future_action":{"enabled":false,"date":"2026-04-30 22:04:11","action":"change-status","newStatus":"draft","terms":[],"taxonomy":"translation_priority","extraData":[]},"publishpress_future_workflow_manual_trigger":{"enabledWorkflows":[]},"_links":{"self":[{"href":"https:\/\/dhr.se\/stockholmslan\/wp-json\/wp\/v2\/pages\/5060","targetHints":{"allow":["GET"]}}],"collection":[{"href":"https:\/\/dhr.se\/stockholmslan\/wp-json\/wp\/v2\/pages"}],"about":[{"href":"https:\/\/dhr.se\/stockholmslan\/wp-json\/wp\/v2\/types\/page"}],"author":[{"embeddable":true,"href":"https:\/\/dhr.se\/stockholmslan\/wp-json\/wp\/v2\/users\/9"}],"replies":[{"embeddable":true,"href":"https:\/\/dhr.se\/stockholmslan\/wp-json\/wp\/v2\/comments?post=5060"}],"version-history":[{"count":0,"href":"https:\/\/dhr.se\/stockholmslan\/wp-json\/wp\/v2\/pages\/5060\/revisions"}],"wp:attachment":[{"href":"https:\/\/dhr.se\/stockholmslan\/wp-json\/wp\/v2\/media?parent=5060"}],"curies":[{"name":"wp","href":"https:\/\/api.w.org\/{rel}","templated":true}]}}