{"id":2029,"date":"2021-03-09T11:46:42","date_gmt":"2021-03-09T10:46:42","guid":{"rendered":"http:\/\/dhr.se\/vasteras\/?page_id=2029"},"modified":"2024-09-03T10:02:41","modified_gmt":"2024-09-03T08:02:41","slug":"lagersberg","status":"publish","type":"page","link":"https:\/\/dhr.se\/vasteras\/lagersberg\/","title":{"rendered":"Om Lagersberg"},"content":{"rendered":"<section class=\"block-simple-title\" >\n    <div class=\"main\">\n        <div class=\"main-inner\">\n            <h1><\/h1>\n        <\/div>\n    <\/div>\n<\/section>\n\n<section class=\"block-simple-text\">\n    <div class=\"main\">\n        <div class=\"main-inner\">\n            <div class=\"ingress text-darker\"><p>V\u00e5r kursg\u00e5rd Lagersberg ligger i en vacker milj\u00f6 vid sj\u00f6n Freden. Hela anl\u00e4ggningen \u00e4r tillg\u00e4nglig f\u00f6r personer med nedsatt r\u00f6relsef\u00f6rm\u00e5ga.<\/p>\n<\/div>\n            <div class=\"content\"><p><!-- wp:paragraph --><\/p>\n<p><img loading=\"lazy\" decoding=\"async\" class=\"alignnone size-full wp-image-2055\" src=\"http:\/\/dhr.se\/vasteras\/wp-content\/uploads\/sites\/47\/2021\/03\/S6300221_lagersberg_kursgard-scaled.jpg\" alt=\"En ung man st\u00e5r framf\u00f6r en r\u00f6d enplansbyggnad med omgivande gr\u00e4smattor.\" width=\"2560\" height=\"1457\" srcset=\"https:\/\/dhr.se\/vasteras\/wp-content\/uploads\/sites\/47\/2021\/03\/S6300221_lagersberg_kursgard-scaled.jpg 2560w, https:\/\/dhr.se\/vasteras\/wp-content\/uploads\/sites\/47\/2021\/03\/S6300221_lagersberg_kursgard-300x171.jpg 300w, https:\/\/dhr.se\/vasteras\/wp-content\/uploads\/sites\/47\/2021\/03\/S6300221_lagersberg_kursgard-1024x583.jpg 1024w, https:\/\/dhr.se\/vasteras\/wp-content\/uploads\/sites\/47\/2021\/03\/S6300221_lagersberg_kursgard-768x437.jpg 768w, https:\/\/dhr.se\/vasteras\/wp-content\/uploads\/sites\/47\/2021\/03\/S6300221_lagersberg_kursgard-1536x874.jpg 1536w, https:\/\/dhr.se\/vasteras\/wp-content\/uploads\/sites\/47\/2021\/03\/S6300221_lagersberg_kursgard-2048x1165.jpg 2048w, https:\/\/dhr.se\/vasteras\/wp-content\/uploads\/sites\/47\/2021\/03\/S6300221_lagersberg_kursgard-1600x910.jpg 1600w\" sizes=\"auto, (max-width: 2560px) 100vw, 2560px\" \/><\/p>\n<p>Hos oss kan du hyra logi per natt eller veckovis. Du kan \u00e4ven hyra v\u00e5r kursg\u00e5rd med plats f\u00f6r 50 personer.<\/p>\n<p>Som g\u00e4st hos oss har du tillg\u00e5ng till utomhusbad. Dessutom har vi grill, bollspel med mera.<\/p>\n<p><!-- \/wp:paragraph --><\/p>\n<p><a href=\"http:\/\/dhr.se\/vasteras\/lagersberg\/hitta-till-lagersberg\/\" target=\"_blank\" rel=\"noopener\">Hitta till Lagersberg.<\/a><\/p>\n<\/div>\n        <\/div>\n    <\/div>\n<\/section>","protected":false},"excerpt":{"rendered":"","protected":false},"author":8,"featured_media":0,"parent":0,"menu_order":0,"comment_status":"closed","ping_status":"closed","template":"template-side-menu.php","meta":{"_acf_changed":false,"_monsterinsights_skip_tracking":false,"_monsterinsights_sitenote_active":false,"_monsterinsights_sitenote_note":"","_monsterinsights_sitenote_category":0,"footnotes":""},"class_list":["post-2029","page","type-page","status-publish","hentry"],"acf":[],"yoast_head":"<!-- This site is optimized with the Yoast SEO plugin v27.2 - https:\/\/yoast.com\/product\/yoast-seo-wordpress\/ -->\n<title>Om Lagersberg - DHR - V\u00e4ster\u00e5s<\/title>\n<meta name=\"robots\" content=\"index, follow, max-snippet:-1, max-image-preview:large, max-video-preview:-1\" \/>\n<link rel=\"canonical\" href=\"https:\/\/dhr.se\/vasteras\/lagersberg\/\" \/>\n<meta property=\"og:locale\" content=\"sv_SE\" \/>\n<meta property=\"og:type\" content=\"article\" \/>\n<meta property=\"og:title\" content=\"Om Lagersberg - DHR - V\u00e4ster\u00e5s\" \/>\n<meta property=\"og:url\" content=\"https:\/\/dhr.se\/vasteras\/lagersberg\/\" \/>\n<meta property=\"og:site_name\" content=\"DHR - V\u00e4ster\u00e5s\" \/>\n<meta property=\"article:modified_time\" content=\"2024-09-03T08:02:41+00:00\" \/>\n<meta name=\"twitter:card\" content=\"summary_large_image\" \/>\n<script type=\"application\/ld+json\" class=\"yoast-schema-graph\">{\"@context\":\"https:\/\/schema.org\",\"@graph\":[{\"@type\":\"WebPage\",\"@id\":\"https:\/\/dhr.se\/vasteras\/lagersberg\/\",\"url\":\"https:\/\/dhr.se\/vasteras\/lagersberg\/\",\"name\":\"Om Lagersberg - DHR - V\u00e4ster\u00e5s\",\"isPartOf\":{\"@id\":\"https:\/\/dhr.se\/vasteras\/#website\"},\"datePublished\":\"2021-03-09T10:46:42+00:00\",\"dateModified\":\"2024-09-03T08:02:41+00:00\",\"breadcrumb\":{\"@id\":\"https:\/\/dhr.se\/vasteras\/lagersberg\/#breadcrumb\"},\"inLanguage\":\"sv-SE\",\"potentialAction\":[{\"@type\":\"ReadAction\",\"target\":[\"https:\/\/dhr.se\/vasteras\/lagersberg\/\"]}]},{\"@type\":\"BreadcrumbList\",\"@id\":\"https:\/\/dhr.se\/vasteras\/lagersberg\/#breadcrumb\",\"itemListElement\":[{\"@type\":\"ListItem\",\"position\":1,\"name\":\"Hem\",\"item\":\"https:\/\/dhr.se\/vasteras\/\"},{\"@type\":\"ListItem\",\"position\":2,\"name\":\"Om Lagersberg\"}]},{\"@type\":\"WebSite\",\"@id\":\"https:\/\/dhr.se\/vasteras\/#website\",\"url\":\"https:\/\/dhr.se\/vasteras\/\",\"name\":\"DHR - V\u00e4ster\u00e5s\",\"description\":\"Delaktighet, r\u00f6relsefrihet och handlingskraft\",\"potentialAction\":[{\"@type\":\"SearchAction\",\"target\":{\"@type\":\"EntryPoint\",\"urlTemplate\":\"https:\/\/dhr.se\/vasteras\/?s={search_term_string}\"},\"query-input\":{\"@type\":\"PropertyValueSpecification\",\"valueRequired\":true,\"valueName\":\"search_term_string\"}}],\"inLanguage\":\"sv-SE\"}]}<\/script>\n<!-- \/ Yoast SEO plugin. -->","yoast_head_json":{"title":"Om Lagersberg - DHR - V\u00e4ster\u00e5s","robots":{"index":"index","follow":"follow","max-snippet":"max-snippet:-1","max-image-preview":"max-image-preview:large","max-video-preview":"max-video-preview:-1"},"canonical":"https:\/\/dhr.se\/vasteras\/lagersberg\/","og_locale":"sv_SE","og_type":"article","og_title":"Om Lagersberg - DHR - V\u00e4ster\u00e5s","og_url":"https:\/\/dhr.se\/vasteras\/lagersberg\/","og_site_name":"DHR - V\u00e4ster\u00e5s","article_modified_time":"2024-09-03T08:02:41+00:00","twitter_card":"summary_large_image","schema":{"@context":"https:\/\/schema.org","@graph":[{"@type":"WebPage","@id":"https:\/\/dhr.se\/vasteras\/lagersberg\/","url":"https:\/\/dhr.se\/vasteras\/lagersberg\/","name":"Om Lagersberg - DHR - V\u00e4ster\u00e5s","isPartOf":{"@id":"https:\/\/dhr.se\/vasteras\/#website"},"datePublished":"2021-03-09T10:46:42+00:00","dateModified":"2024-09-03T08:02:41+00:00","breadcrumb":{"@id":"https:\/\/dhr.se\/vasteras\/lagersberg\/#breadcrumb"},"inLanguage":"sv-SE","potentialAction":[{"@type":"ReadAction","target":["https:\/\/dhr.se\/vasteras\/lagersberg\/"]}]},{"@type":"BreadcrumbList","@id":"https:\/\/dhr.se\/vasteras\/lagersberg\/#breadcrumb","itemListElement":[{"@type":"ListItem","position":1,"name":"Hem","item":"https:\/\/dhr.se\/vasteras\/"},{"@type":"ListItem","position":2,"name":"Om Lagersberg"}]},{"@type":"WebSite","@id":"https:\/\/dhr.se\/vasteras\/#website","url":"https:\/\/dhr.se\/vasteras\/","name":"DHR - V\u00e4ster\u00e5s","description":"Delaktighet, r\u00f6relsefrihet och handlingskraft","potentialAction":[{"@type":"SearchAction","target":{"@type":"EntryPoint","urlTemplate":"https:\/\/dhr.se\/vasteras\/?s={search_term_string}"},"query-input":{"@type":"PropertyValueSpecification","valueRequired":true,"valueName":"search_term_string"}}],"inLanguage":"sv-SE"}]}},"publishpress_future_action":{"enabled":false,"date":"2026-05-04 19:33:04","action":"change-status","newStatus":"draft","terms":[],"taxonomy":"translation_priority","extraData":[]},"publishpress_future_workflow_manual_trigger":{"enabledWorkflows":[]},"_links":{"self":[{"href":"https:\/\/dhr.se\/vasteras\/wp-json\/wp\/v2\/pages\/2029","targetHints":{"allow":["GET"]}}],"collection":[{"href":"https:\/\/dhr.se\/vasteras\/wp-json\/wp\/v2\/pages"}],"about":[{"href":"https:\/\/dhr.se\/vasteras\/wp-json\/wp\/v2\/types\/page"}],"author":[{"embeddable":true,"href":"https:\/\/dhr.se\/vasteras\/wp-json\/wp\/v2\/users\/8"}],"replies":[{"embeddable":true,"href":"https:\/\/dhr.se\/vasteras\/wp-json\/wp\/v2\/comments?post=2029"}],"version-history":[{"count":0,"href":"https:\/\/dhr.se\/vasteras\/wp-json\/wp\/v2\/pages\/2029\/revisions"}],"wp:attachment":[{"href":"https:\/\/dhr.se\/vasteras\/wp-json\/wp\/v2\/media?parent=2029"}],"curies":[{"name":"wp","href":"https:\/\/api.w.org\/{rel}","templated":true}]}}