{"id":2301,"date":"2021-08-17T15:40:21","date_gmt":"2021-08-17T13:40:21","guid":{"rendered":"https:\/\/dhr.se\/vasteras\/?page_id=2301"},"modified":"2026-02-12T13:41:23","modified_gmt":"2026-02-12T12:41:23","slug":"om-oss","status":"publish","type":"page","link":"https:\/\/dhr.se\/vasteras\/om-oss\/","title":{"rendered":"Om oss"},"content":{"rendered":"<section class=\"block-simple-title\" >\n    <div class=\"main\">\n        <div class=\"main-inner\">\n            <h1><\/h1>\n        <\/div>\n    <\/div>\n<\/section>\n\n<section class=\"block-simple-text\">\n    <div class=\"main\">\n        <div class=\"main-inner\">\n            <div class=\"ingress text-darker\"><p>Vi arbetar med p\u00e5verkansarbete f\u00f6r att samh\u00e4llet ska bli b\u00e4ttre och mer tillg\u00e4ngligt f\u00f6r alla. P\u00e5 v\u00e5r kursg\u00e5rd Lagersberg samlas vi kring sociala aktiviteter som middagar och underh\u00e5llning. Vi erbjuder \u00e4ven utomhusbad och m\u00f6jlighet att hyra kursg\u00e5rden, logi, samt b\u00e5tplatser.<\/p>\n<p>Vill du vara med och arbeta f\u00f6r ett samh\u00e4lle som \u00e4r tillg\u00e4ngligt f\u00f6r alla? Har du id\u00e9er om vad vi i DHR V\u00e4ster\u00e5s kan g\u00f6ra tillsammans? Vill du komma i kontakt med oss? Mejla till vasteras@dhr.se eller ring Mikael Ramqvist p\u00e5 telefon 073-426 24 31.<\/p>\n<\/div>\n            <div class=\"content\"><p><img loading=\"lazy\" decoding=\"async\" class=\"alignnone size-full wp-image-2018\" src=\"https:\/\/dhr.se\/vasteras\/wp-content\/uploads\/sites\/47\/2021\/03\/S6300409-2-002_beskuren-bild-vasteras-scaled.jpg\" alt=\"Kvinna och en man i rullstol p\u00e5 en brygga med ramp till sj\u00f6n.\" width=\"2560\" height=\"1727\" srcset=\"https:\/\/dhr.se\/vasteras\/wp-content\/uploads\/sites\/47\/2021\/03\/S6300409-2-002_beskuren-bild-vasteras-scaled.jpg 2560w, https:\/\/dhr.se\/vasteras\/wp-content\/uploads\/sites\/47\/2021\/03\/S6300409-2-002_beskuren-bild-vasteras-300x202.jpg 300w, https:\/\/dhr.se\/vasteras\/wp-content\/uploads\/sites\/47\/2021\/03\/S6300409-2-002_beskuren-bild-vasteras-1024x691.jpg 1024w, https:\/\/dhr.se\/vasteras\/wp-content\/uploads\/sites\/47\/2021\/03\/S6300409-2-002_beskuren-bild-vasteras-768x518.jpg 768w, https:\/\/dhr.se\/vasteras\/wp-content\/uploads\/sites\/47\/2021\/03\/S6300409-2-002_beskuren-bild-vasteras-1536x1036.jpg 1536w, https:\/\/dhr.se\/vasteras\/wp-content\/uploads\/sites\/47\/2021\/03\/S6300409-2-002_beskuren-bild-vasteras-2048x1381.jpg 2048w, https:\/\/dhr.se\/vasteras\/wp-content\/uploads\/sites\/47\/2021\/03\/S6300409-2-002_beskuren-bild-vasteras-1600x1079.jpg 1600w\" sizes=\"auto, (max-width: 2560px) 100vw, 2560px\" \/><\/p>\n<\/div>\n        <\/div>\n    <\/div>\n<\/section>\n\n<section class=\"block-simple-text\">\n    <div class=\"main\">\n        <div class=\"main-inner\">\n            <div class=\"ingress text-darker\"><\/div>\n            <div class=\"content\"><\/div>\n        <\/div>\n    <\/div>\n<\/section>","protected":false},"excerpt":{"rendered":"","protected":false},"author":8,"featured_media":0,"parent":0,"menu_order":0,"comment_status":"closed","ping_status":"closed","template":"template-side-menu.php","meta":{"_acf_changed":false,"_monsterinsights_skip_tracking":false,"_monsterinsights_sitenote_active":false,"_monsterinsights_sitenote_note":"","_monsterinsights_sitenote_category":0,"footnotes":""},"class_list":["post-2301","page","type-page","status-publish","hentry"],"acf":[],"yoast_head":"<!-- This site is optimized with the Yoast SEO plugin v27.2 - https:\/\/yoast.com\/product\/yoast-seo-wordpress\/ -->\n<title>Om oss - DHR - V\u00e4ster\u00e5s<\/title>\n<meta name=\"robots\" content=\"index, follow, max-snippet:-1, max-image-preview:large, max-video-preview:-1\" \/>\n<link rel=\"canonical\" href=\"https:\/\/dhr.se\/vasteras\/om-oss\/\" \/>\n<meta property=\"og:locale\" content=\"sv_SE\" \/>\n<meta property=\"og:type\" content=\"article\" \/>\n<meta property=\"og:title\" content=\"Om oss - DHR - V\u00e4ster\u00e5s\" \/>\n<meta property=\"og:url\" content=\"https:\/\/dhr.se\/vasteras\/om-oss\/\" \/>\n<meta property=\"og:site_name\" content=\"DHR - V\u00e4ster\u00e5s\" \/>\n<meta property=\"article:modified_time\" content=\"2026-02-12T12:41:23+00:00\" \/>\n<meta name=\"twitter:card\" content=\"summary_large_image\" \/>\n<script type=\"application\/ld+json\" class=\"yoast-schema-graph\">{\"@context\":\"https:\/\/schema.org\",\"@graph\":[{\"@type\":\"WebPage\",\"@id\":\"https:\/\/dhr.se\/vasteras\/om-oss\/\",\"url\":\"https:\/\/dhr.se\/vasteras\/om-oss\/\",\"name\":\"Om oss - DHR - V\u00e4ster\u00e5s\",\"isPartOf\":{\"@id\":\"https:\/\/dhr.se\/vasteras\/#website\"},\"datePublished\":\"2021-08-17T13:40:21+00:00\",\"dateModified\":\"2026-02-12T12:41:23+00:00\",\"breadcrumb\":{\"@id\":\"https:\/\/dhr.se\/vasteras\/om-oss\/#breadcrumb\"},\"inLanguage\":\"sv-SE\",\"potentialAction\":[{\"@type\":\"ReadAction\",\"target\":[\"https:\/\/dhr.se\/vasteras\/om-oss\/\"]}]},{\"@type\":\"BreadcrumbList\",\"@id\":\"https:\/\/dhr.se\/vasteras\/om-oss\/#breadcrumb\",\"itemListElement\":[{\"@type\":\"ListItem\",\"position\":1,\"name\":\"Hem\",\"item\":\"https:\/\/dhr.se\/vasteras\/\"},{\"@type\":\"ListItem\",\"position\":2,\"name\":\"Om oss\"}]},{\"@type\":\"WebSite\",\"@id\":\"https:\/\/dhr.se\/vasteras\/#website\",\"url\":\"https:\/\/dhr.se\/vasteras\/\",\"name\":\"DHR - V\u00e4ster\u00e5s\",\"description\":\"Delaktighet, r\u00f6relsefrihet och handlingskraft\",\"potentialAction\":[{\"@type\":\"SearchAction\",\"target\":{\"@type\":\"EntryPoint\",\"urlTemplate\":\"https:\/\/dhr.se\/vasteras\/?s={search_term_string}\"},\"query-input\":{\"@type\":\"PropertyValueSpecification\",\"valueRequired\":true,\"valueName\":\"search_term_string\"}}],\"inLanguage\":\"sv-SE\"}]}<\/script>\n<!-- \/ Yoast SEO plugin. -->","yoast_head_json":{"title":"Om oss - DHR - V\u00e4ster\u00e5s","robots":{"index":"index","follow":"follow","max-snippet":"max-snippet:-1","max-image-preview":"max-image-preview:large","max-video-preview":"max-video-preview:-1"},"canonical":"https:\/\/dhr.se\/vasteras\/om-oss\/","og_locale":"sv_SE","og_type":"article","og_title":"Om oss - DHR - V\u00e4ster\u00e5s","og_url":"https:\/\/dhr.se\/vasteras\/om-oss\/","og_site_name":"DHR - V\u00e4ster\u00e5s","article_modified_time":"2026-02-12T12:41:23+00:00","twitter_card":"summary_large_image","schema":{"@context":"https:\/\/schema.org","@graph":[{"@type":"WebPage","@id":"https:\/\/dhr.se\/vasteras\/om-oss\/","url":"https:\/\/dhr.se\/vasteras\/om-oss\/","name":"Om oss - DHR - V\u00e4ster\u00e5s","isPartOf":{"@id":"https:\/\/dhr.se\/vasteras\/#website"},"datePublished":"2021-08-17T13:40:21+00:00","dateModified":"2026-02-12T12:41:23+00:00","breadcrumb":{"@id":"https:\/\/dhr.se\/vasteras\/om-oss\/#breadcrumb"},"inLanguage":"sv-SE","potentialAction":[{"@type":"ReadAction","target":["https:\/\/dhr.se\/vasteras\/om-oss\/"]}]},{"@type":"BreadcrumbList","@id":"https:\/\/dhr.se\/vasteras\/om-oss\/#breadcrumb","itemListElement":[{"@type":"ListItem","position":1,"name":"Hem","item":"https:\/\/dhr.se\/vasteras\/"},{"@type":"ListItem","position":2,"name":"Om oss"}]},{"@type":"WebSite","@id":"https:\/\/dhr.se\/vasteras\/#website","url":"https:\/\/dhr.se\/vasteras\/","name":"DHR - V\u00e4ster\u00e5s","description":"Delaktighet, r\u00f6relsefrihet och handlingskraft","potentialAction":[{"@type":"SearchAction","target":{"@type":"EntryPoint","urlTemplate":"https:\/\/dhr.se\/vasteras\/?s={search_term_string}"},"query-input":{"@type":"PropertyValueSpecification","valueRequired":true,"valueName":"search_term_string"}}],"inLanguage":"sv-SE"}]}},"publishpress_future_action":{"enabled":false,"date":"2026-05-04 19:29:35","action":"change-status","newStatus":"draft","terms":[],"taxonomy":"translation_priority","extraData":[]},"publishpress_future_workflow_manual_trigger":{"enabledWorkflows":[]},"_links":{"self":[{"href":"https:\/\/dhr.se\/vasteras\/wp-json\/wp\/v2\/pages\/2301","targetHints":{"allow":["GET"]}}],"collection":[{"href":"https:\/\/dhr.se\/vasteras\/wp-json\/wp\/v2\/pages"}],"about":[{"href":"https:\/\/dhr.se\/vasteras\/wp-json\/wp\/v2\/types\/page"}],"author":[{"embeddable":true,"href":"https:\/\/dhr.se\/vasteras\/wp-json\/wp\/v2\/users\/8"}],"replies":[{"embeddable":true,"href":"https:\/\/dhr.se\/vasteras\/wp-json\/wp\/v2\/comments?post=2301"}],"version-history":[{"count":1,"href":"https:\/\/dhr.se\/vasteras\/wp-json\/wp\/v2\/pages\/2301\/revisions"}],"predecessor-version":[{"id":2800,"href":"https:\/\/dhr.se\/vasteras\/wp-json\/wp\/v2\/pages\/2301\/revisions\/2800"}],"wp:attachment":[{"href":"https:\/\/dhr.se\/vasteras\/wp-json\/wp\/v2\/media?parent=2301"}],"curies":[{"name":"wp","href":"https:\/\/api.w.org\/{rel}","templated":true}]}}