{"id":2372,"date":"2022-02-24T13:51:36","date_gmt":"2022-02-24T12:51:36","guid":{"rendered":"https:\/\/dhr.se\/vasteras\/?page_id=2372"},"modified":"2025-07-04T07:15:15","modified_gmt":"2025-07-04T05:15:15","slug":"uthyrning","status":"publish","type":"page","link":"https:\/\/dhr.se\/vasteras\/uthyrning\/","title":{"rendered":"Uthyrning"},"content":{"rendered":"<section class=\"block-one-two\">\n    <div class=\"main\">\n        <div class=\"main-inner\">\n        <h2><\/h2>\n\n            <div class=\"flex-container\">\n                <div class=\"col-small\">\n                    <div class=\"content\"><figure id=\"attachment_2055\" aria-describedby=\"caption-attachment-2055\" style=\"width: 640px\" class=\"wp-caption alignnone\"><img loading=\"lazy\" decoding=\"async\" class=\"wp-image-2055 size-large\" src=\"https:\/\/dhr.se\/vasteras\/wp-content\/uploads\/sites\/47\/2021\/03\/S6300221_lagersberg_kursgard-1024x583.jpg\" alt=\"En ung man st\u00e5r framf\u00f6r en r\u00f6d enplansbyggnad med omgivande gr\u00e4smattor.\" width=\"640\" height=\"364\" srcset=\"https:\/\/dhr.se\/vasteras\/wp-content\/uploads\/sites\/47\/2021\/03\/S6300221_lagersberg_kursgard-1024x583.jpg 1024w, https:\/\/dhr.se\/vasteras\/wp-content\/uploads\/sites\/47\/2021\/03\/S6300221_lagersberg_kursgard-300x171.jpg 300w, https:\/\/dhr.se\/vasteras\/wp-content\/uploads\/sites\/47\/2021\/03\/S6300221_lagersberg_kursgard-768x437.jpg 768w, https:\/\/dhr.se\/vasteras\/wp-content\/uploads\/sites\/47\/2021\/03\/S6300221_lagersberg_kursgard-1536x874.jpg 1536w, https:\/\/dhr.se\/vasteras\/wp-content\/uploads\/sites\/47\/2021\/03\/S6300221_lagersberg_kursgard-2048x1165.jpg 2048w, https:\/\/dhr.se\/vasteras\/wp-content\/uploads\/sites\/47\/2021\/03\/S6300221_lagersberg_kursgard-1600x910.jpg 1600w\" sizes=\"auto, (max-width: 640px) 100vw, 640px\" \/><figcaption id=\"caption-attachment-2055\" class=\"wp-caption-text\">Kursg\u00e5rden<\/figcaption><\/figure>\n<\/div>\n                <\/div>\n                <div class=\"col-big\">\n                    <div class=\"content\"><p><strong>Kursg\u00e5rden<\/strong><\/p>\n<p>Samlingssal och k\u00f6k<\/p>\n<p>Dygnshyra 2900kr<\/p>\n<p>&nbsp;<\/p>\n<\/div>\n                <\/div>\n            <\/div>\n            \n        <\/div>\n    <\/div>\n<\/section>\n\n<section class=\"block-one-two\">\n    <div class=\"main\">\n        <div class=\"main-inner\">\n        <h2><\/h2>\n\n            <div class=\"flex-container\">\n                <div class=\"col-small\">\n                    <div class=\"content\"><figure id=\"attachment_2127\" aria-describedby=\"caption-attachment-2127\" style=\"width: 657px\" class=\"wp-caption alignnone\"><img loading=\"lazy\" decoding=\"async\" class=\" wp-image-2127\" src=\"https:\/\/dhr.se\/vasteras\/wp-content\/uploads\/sites\/47\/2021\/03\/villan_mot_vatten_lagersberg-300x199.jpg\" alt=\"R\u00f6d liten stuga med en stor veranda.\" width=\"657\" height=\"436\" srcset=\"https:\/\/dhr.se\/vasteras\/wp-content\/uploads\/sites\/47\/2021\/03\/villan_mot_vatten_lagersberg-300x199.jpg 300w, https:\/\/dhr.se\/vasteras\/wp-content\/uploads\/sites\/47\/2021\/03\/villan_mot_vatten_lagersberg.jpg 500w\" sizes=\"auto, (max-width: 657px) 100vw, 657px\" \/><figcaption id=\"caption-attachment-2127\" class=\"wp-caption-text\">Villan<\/figcaption><\/figure>\n<\/div>\n                <\/div>\n                <div class=\"col-big\">\n                    <div class=\"content\"><p><strong>Villan 3 B\u00e4ddar (3 + 1 extra)<\/strong><\/p>\n<p>Hyrs ut mellan 1 maj och 30 september<\/p>\n<\/div>\n                <\/div>\n            <\/div>\n            \n        <\/div>\n    <\/div>\n<\/section>\n\n<section class=\"block-one-two\">\n    <div class=\"main\">\n        <div class=\"main-inner\">\n        <h2><\/h2>\n\n            <div class=\"flex-container\">\n                <div class=\"col-small\">\n                    <div class=\"content\"><figure id=\"attachment_2070\" aria-describedby=\"caption-attachment-2070\" style=\"width: 681px\" class=\"wp-caption alignnone\"><img loading=\"lazy\" decoding=\"async\" class=\" wp-image-2070\" src=\"https:\/\/dhr.se\/vasteras\/wp-content\/uploads\/sites\/47\/2021\/03\/holkenochlyan_lagersberg-300x199.jpg\" alt=\"En r\u00f6d enplansbyggnad med veranda i lummig milj\u00f6.\" width=\"681\" height=\"452\" srcset=\"https:\/\/dhr.se\/vasteras\/wp-content\/uploads\/sites\/47\/2021\/03\/holkenochlyan_lagersberg-300x199.jpg 300w, https:\/\/dhr.se\/vasteras\/wp-content\/uploads\/sites\/47\/2021\/03\/holkenochlyan_lagersberg.jpg 500w\" sizes=\"auto, (max-width: 681px) 100vw, 681px\" \/><figcaption id=\"caption-attachment-2070\" class=\"wp-caption-text\">Holken och Lyan<\/figcaption><\/figure>\n<\/div>\n                <\/div>\n                <div class=\"col-big\">\n                    <div class=\"content\"><p><strong>Holken och Lyan 2-b\u00e4ddstuga<\/strong><\/p>\n<p>Hyrs ut mellan 1 maj och 30 september<\/p>\n<\/div>\n                <\/div>\n            <\/div>\n            \n        <\/div>\n    <\/div>\n<\/section>\n\n<section class=\"block-one-two\">\n    <div class=\"main\">\n        <div class=\"main-inner\">\n        <h2><\/h2>\n\n            <div class=\"flex-container\">\n                <div class=\"col-small\">\n                    <div class=\"content\"><figure id=\"attachment_2034\" aria-describedby=\"caption-attachment-2034\" style=\"width: 683px\" class=\"wp-caption alignnone\"><img loading=\"lazy\" decoding=\"async\" class=\" wp-image-2034\" src=\"https:\/\/dhr.se\/vasteras\/wp-content\/uploads\/sites\/47\/2021\/03\/friggebod1_lagersberg-300x199.jpg\" alt=\"R\u00f6d friggebod med ramp till entr\u00e9d\u00f6rren.\" width=\"683\" height=\"453\" srcset=\"https:\/\/dhr.se\/vasteras\/wp-content\/uploads\/sites\/47\/2021\/03\/friggebod1_lagersberg-300x199.jpg 300w, https:\/\/dhr.se\/vasteras\/wp-content\/uploads\/sites\/47\/2021\/03\/friggebod1_lagersberg.jpg 500w\" sizes=\"auto, (max-width: 683px) 100vw, 683px\" \/><figcaption id=\"caption-attachment-2034\" class=\"wp-caption-text\">Friggeboden<\/figcaption><\/figure>\n<\/div>\n                <\/div>\n                <div class=\"col-big\">\n                    <div class=\"content\"><p><strong>Reserverad f\u00f6r medlemmar i DHR V\u00e4ster\u00e5s<\/strong><\/p>\n<p><strong>Friggeboden 2-b\u00e4ddsstuga<\/strong><\/p>\n<\/div>\n                <\/div>\n            <\/div>\n            \n        <\/div>\n    <\/div>\n<\/section>\n\n<section class=\"block-simple-text\">\n    <div class=\"main\">\n        <div class=\"main-inner\">\n            <div class=\"ingress text-darker\"><h2>PRISER \u00d6VRIGT<\/h2>\n<\/div>\n            <div class=\"content\"><p>B\u00e5tplatser\u00a0 \u00a0 \u00a0 \u00a0 \u00a0 \u00a0 \u00a0 \u00a0 \u00a0 \u00a0 \u00a0 Medlemmar 700 kr, \u00d6vriga 1200 kr<\/p>\n<p>&nbsp;<\/p>\n<p><strong>Rabatter<\/strong><\/p>\n<p>Medlemmar i DHR V\u00e4ster\u00e5savdelningen (minst ett \u00e5rs medlemskap kr\u00e4vs) 30%.<\/p>\n<p>Medlemmar i andra funktionshinderf\u00f6reningar 10%<\/p>\n<p>&nbsp;<\/p>\n<p><strong>F\u00f6r att alla skall trivas har vi n\u00e5gra regler som g\u00e4ller f\u00f6r alla<\/strong><\/p>\n<ul>\n<li>Hyresg\u00e4st diskar och t\u00f6mmer sopor.<\/li>\n<li>Medtag s\u00e4nglinne och handdukar.<\/li>\n<li>Mellan klockan 22.00-07.00 iakttas tystnad p\u00e5 anl\u00e4ggningen.<\/li>\n<li>Avbokning mindre \u00e4n 4 veckor f\u00f6re ankomstdag debiteras helt eller delvis.<\/li>\n<\/ul>\n<\/div>\n        <\/div>\n    <\/div>\n<\/section>\n\n<section class=\"block-simple-text\">\n    <div class=\"main\">\n        <div class=\"main-inner\">\n            <div class=\"ingress text-darker\"><h2>MER INFORMATION OCH BOKNING<\/h2>\n<\/div>\n            <div class=\"content\"><p>Kontakta Mikael Ramqvist p\u00e5 telefon: 073 426 2431 eller mejla till\u00a0vasteras@dhr.se<\/p>\n<p>&nbsp;<\/p>\n<p>V\u00e4lkomna!<\/p>\n<\/div>\n        <\/div>\n    <\/div>\n<\/section>","protected":false},"excerpt":{"rendered":"","protected":false},"author":47,"featured_media":0,"parent":0,"menu_order":0,"comment_status":"closed","ping_status":"closed","template":"","meta":{"_acf_changed":false,"_monsterinsights_skip_tracking":false,"_monsterinsights_sitenote_active":false,"_monsterinsights_sitenote_note":"","_monsterinsights_sitenote_category":0,"footnotes":""},"class_list":["post-2372","page","type-page","status-publish","hentry"],"acf":[],"yoast_head":"<!-- This site is optimized with the Yoast SEO plugin v27.2 - https:\/\/yoast.com\/product\/yoast-seo-wordpress\/ -->\n<title>Uthyrning - DHR - V\u00e4ster\u00e5s<\/title>\n<meta name=\"robots\" content=\"index, follow, max-snippet:-1, max-image-preview:large, max-video-preview:-1\" \/>\n<link rel=\"canonical\" href=\"https:\/\/dhr.se\/vasteras\/uthyrning\/\" \/>\n<meta property=\"og:locale\" content=\"sv_SE\" \/>\n<meta property=\"og:type\" content=\"article\" \/>\n<meta property=\"og:title\" content=\"Uthyrning - DHR - V\u00e4ster\u00e5s\" \/>\n<meta property=\"og:url\" content=\"https:\/\/dhr.se\/vasteras\/uthyrning\/\" \/>\n<meta property=\"og:site_name\" content=\"DHR - V\u00e4ster\u00e5s\" \/>\n<meta property=\"article:modified_time\" content=\"2025-07-04T05:15:15+00:00\" \/>\n<meta name=\"twitter:card\" content=\"summary_large_image\" \/>\n<script type=\"application\/ld+json\" class=\"yoast-schema-graph\">{\"@context\":\"https:\/\/schema.org\",\"@graph\":[{\"@type\":\"WebPage\",\"@id\":\"https:\/\/dhr.se\/vasteras\/uthyrning\/\",\"url\":\"https:\/\/dhr.se\/vasteras\/uthyrning\/\",\"name\":\"Uthyrning - DHR - V\u00e4ster\u00e5s\",\"isPartOf\":{\"@id\":\"https:\/\/dhr.se\/vasteras\/#website\"},\"datePublished\":\"2022-02-24T12:51:36+00:00\",\"dateModified\":\"2025-07-04T05:15:15+00:00\",\"breadcrumb\":{\"@id\":\"https:\/\/dhr.se\/vasteras\/uthyrning\/#breadcrumb\"},\"inLanguage\":\"sv-SE\",\"potentialAction\":[{\"@type\":\"ReadAction\",\"target\":[\"https:\/\/dhr.se\/vasteras\/uthyrning\/\"]}]},{\"@type\":\"BreadcrumbList\",\"@id\":\"https:\/\/dhr.se\/vasteras\/uthyrning\/#breadcrumb\",\"itemListElement\":[{\"@type\":\"ListItem\",\"position\":1,\"name\":\"Hem\",\"item\":\"https:\/\/dhr.se\/vasteras\/\"},{\"@type\":\"ListItem\",\"position\":2,\"name\":\"Uthyrning\"}]},{\"@type\":\"WebSite\",\"@id\":\"https:\/\/dhr.se\/vasteras\/#website\",\"url\":\"https:\/\/dhr.se\/vasteras\/\",\"name\":\"DHR - V\u00e4ster\u00e5s\",\"description\":\"Delaktighet, r\u00f6relsefrihet och handlingskraft\",\"potentialAction\":[{\"@type\":\"SearchAction\",\"target\":{\"@type\":\"EntryPoint\",\"urlTemplate\":\"https:\/\/dhr.se\/vasteras\/?s={search_term_string}\"},\"query-input\":{\"@type\":\"PropertyValueSpecification\",\"valueRequired\":true,\"valueName\":\"search_term_string\"}}],\"inLanguage\":\"sv-SE\"}]}<\/script>\n<!-- \/ Yoast SEO plugin. -->","yoast_head_json":{"title":"Uthyrning - DHR - V\u00e4ster\u00e5s","robots":{"index":"index","follow":"follow","max-snippet":"max-snippet:-1","max-image-preview":"max-image-preview:large","max-video-preview":"max-video-preview:-1"},"canonical":"https:\/\/dhr.se\/vasteras\/uthyrning\/","og_locale":"sv_SE","og_type":"article","og_title":"Uthyrning - DHR - V\u00e4ster\u00e5s","og_url":"https:\/\/dhr.se\/vasteras\/uthyrning\/","og_site_name":"DHR - V\u00e4ster\u00e5s","article_modified_time":"2025-07-04T05:15:15+00:00","twitter_card":"summary_large_image","schema":{"@context":"https:\/\/schema.org","@graph":[{"@type":"WebPage","@id":"https:\/\/dhr.se\/vasteras\/uthyrning\/","url":"https:\/\/dhr.se\/vasteras\/uthyrning\/","name":"Uthyrning - DHR - V\u00e4ster\u00e5s","isPartOf":{"@id":"https:\/\/dhr.se\/vasteras\/#website"},"datePublished":"2022-02-24T12:51:36+00:00","dateModified":"2025-07-04T05:15:15+00:00","breadcrumb":{"@id":"https:\/\/dhr.se\/vasteras\/uthyrning\/#breadcrumb"},"inLanguage":"sv-SE","potentialAction":[{"@type":"ReadAction","target":["https:\/\/dhr.se\/vasteras\/uthyrning\/"]}]},{"@type":"BreadcrumbList","@id":"https:\/\/dhr.se\/vasteras\/uthyrning\/#breadcrumb","itemListElement":[{"@type":"ListItem","position":1,"name":"Hem","item":"https:\/\/dhr.se\/vasteras\/"},{"@type":"ListItem","position":2,"name":"Uthyrning"}]},{"@type":"WebSite","@id":"https:\/\/dhr.se\/vasteras\/#website","url":"https:\/\/dhr.se\/vasteras\/","name":"DHR - V\u00e4ster\u00e5s","description":"Delaktighet, r\u00f6relsefrihet och handlingskraft","potentialAction":[{"@type":"SearchAction","target":{"@type":"EntryPoint","urlTemplate":"https:\/\/dhr.se\/vasteras\/?s={search_term_string}"},"query-input":{"@type":"PropertyValueSpecification","valueRequired":true,"valueName":"search_term_string"}}],"inLanguage":"sv-SE"}]}},"publishpress_future_action":{"enabled":false,"date":"2026-05-04 18:13:03","action":"change-status","newStatus":"draft","terms":[],"taxonomy":"translation_priority","extraData":[]},"publishpress_future_workflow_manual_trigger":{"enabledWorkflows":[]},"_links":{"self":[{"href":"https:\/\/dhr.se\/vasteras\/wp-json\/wp\/v2\/pages\/2372","targetHints":{"allow":["GET"]}}],"collection":[{"href":"https:\/\/dhr.se\/vasteras\/wp-json\/wp\/v2\/pages"}],"about":[{"href":"https:\/\/dhr.se\/vasteras\/wp-json\/wp\/v2\/types\/page"}],"author":[{"embeddable":true,"href":"https:\/\/dhr.se\/vasteras\/wp-json\/wp\/v2\/users\/47"}],"replies":[{"embeddable":true,"href":"https:\/\/dhr.se\/vasteras\/wp-json\/wp\/v2\/comments?post=2372"}],"version-history":[{"count":0,"href":"https:\/\/dhr.se\/vasteras\/wp-json\/wp\/v2\/pages\/2372\/revisions"}],"wp:attachment":[{"href":"https:\/\/dhr.se\/vasteras\/wp-json\/wp\/v2\/media?parent=2372"}],"curies":[{"name":"wp","href":"https:\/\/api.w.org\/{rel}","templated":true}]}}

<section class="block-one-two">
    <div class="main">
        <div class="main-inner">
        <h2></h2>

            <div class="flex-container">
                <div class="col-small">
                    <div class="content"><figure id="attachment_2055" aria-describedby="caption-attachment-2055" style="width: 640px" class="wp-caption alignnone"><img loading="lazy" decoding="async" class="wp-image-2055 size-large" src="https://dhr.se/vasteras/wp-content/uploads/sites/47/2021/03/S6300221_lagersberg_kursgard-1024x583.jpg" alt="En ung man står framför en röd enplansbyggnad med omgivande gräsmattor." width="640" height="364" srcset="https://dhr.se/vasteras/wp-content/uploads/sites/47/2021/03/S6300221_lagersberg_kursgard-1024x583.jpg 1024w, https://dhr.se/vasteras/wp-content/uploads/sites/47/2021/03/S6300221_lagersberg_kursgard-300x171.jpg 300w, https://dhr.se/vasteras/wp-content/uploads/sites/47/2021/03/S6300221_lagersberg_kursgard-768x437.jpg 768w, https://dhr.se/vasteras/wp-content/uploads/sites/47/2021/03/S6300221_lagersberg_kursgard-1536x874.jpg 1536w, https://dhr.se/vasteras/wp-content/uploads/sites/47/2021/03/S6300221_lagersberg_kursgard-2048x1165.jpg 2048w, https://dhr.se/vasteras/wp-content/uploads/sites/47/2021/03/S6300221_lagersberg_kursgard-1600x910.jpg 1600w" sizes="auto, (max-width: 640px) 100vw, 640px" /><figcaption id="caption-attachment-2055" class="wp-caption-text">Kursgården</figcaption></figure>
</div>
                </div>
                <div class="col-big">
                    <div class="content"><p><strong>Kursgården</strong></p>
<p>Samlingssal och kök</p>
<p>Dygnshyra 2900kr</p>
<p>&nbsp;</p>
</div>
                </div>
            </div>
            
        </div>
    </div>
</section>

<section class="block-one-two">
    <div class="main">
        <div class="main-inner">
        <h2></h2>

            <div class="flex-container">
                <div class="col-small">
                    <div class="content"><figure id="attachment_2127" aria-describedby="caption-attachment-2127" style="width: 657px" class="wp-caption alignnone"><img loading="lazy" decoding="async" class=" wp-image-2127" src="https://dhr.se/vasteras/wp-content/uploads/sites/47/2021/03/villan_mot_vatten_lagersberg-300x199.jpg" alt="Röd liten stuga med en stor veranda." width="657" height="436" srcset="https://dhr.se/vasteras/wp-content/uploads/sites/47/2021/03/villan_mot_vatten_lagersberg-300x199.jpg 300w, https://dhr.se/vasteras/wp-content/uploads/sites/47/2021/03/villan_mot_vatten_lagersberg.jpg 500w" sizes="auto, (max-width: 657px) 100vw, 657px" /><figcaption id="caption-attachment-2127" class="wp-caption-text">Villan</figcaption></figure>
</div>
                </div>
                <div class="col-big">
                    <div class="content"><p><strong>Villan 3 Bäddar (3 + 1 extra)</strong></p>
<p>Hyrs ut mellan 1 maj och 30 september</p>
</div>
                </div>
            </div>
            
        </div>
    </div>
</section>

<section class="block-one-two">
    <div class="main">
        <div class="main-inner">
        <h2></h2>

            <div class="flex-container">
                <div class="col-small">
                    <div class="content"><figure id="attachment_2070" aria-describedby="caption-attachment-2070" style="width: 681px" class="wp-caption alignnone"><img loading="lazy" decoding="async" class=" wp-image-2070" src="https://dhr.se/vasteras/wp-content/uploads/sites/47/2021/03/holkenochlyan_lagersberg-300x199.jpg" alt="En röd enplansbyggnad med veranda i lummig miljö." width="681" height="452" srcset="https://dhr.se/vasteras/wp-content/uploads/sites/47/2021/03/holkenochlyan_lagersberg-300x199.jpg 300w, https://dhr.se/vasteras/wp-content/uploads/sites/47/2021/03/holkenochlyan_lagersberg.jpg 500w" sizes="auto, (max-width: 681px) 100vw, 681px" /><figcaption id="caption-attachment-2070" class="wp-caption-text">Holken och Lyan</figcaption></figure>
</div>
                </div>
                <div class="col-big">
                    <div class="content"><p><strong>Holken och Lyan 2-bäddstuga</strong></p>
<p>Hyrs ut mellan 1 maj och 30 september</p>
</div>
                </div>
            </div>
            
        </div>
    </div>
</section>

<section class="block-one-two">
    <div class="main">
        <div class="main-inner">
        <h2></h2>

            <div class="flex-container">
                <div class="col-small">
                    <div class="content"><figure id="attachment_2034" aria-describedby="caption-attachment-2034" style="width: 683px" class="wp-caption alignnone"><img loading="lazy" decoding="async" class=" wp-image-2034" src="https://dhr.se/vasteras/wp-content/uploads/sites/47/2021/03/friggebod1_lagersberg-300x199.jpg" alt="Röd friggebod med ramp till entrédörren." width="683" height="453" srcset="https://dhr.se/vasteras/wp-content/uploads/sites/47/2021/03/friggebod1_lagersberg-300x199.jpg 300w, https://dhr.se/vasteras/wp-content/uploads/sites/47/2021/03/friggebod1_lagersberg.jpg 500w" sizes="auto, (max-width: 683px) 100vw, 683px" /><figcaption id="caption-attachment-2034" class="wp-caption-text">Friggeboden</figcaption></figure>
</div>
                </div>
                <div class="col-big">
                    <div class="content"><p><strong>Reserverad för medlemmar i DHR Västerås</strong></p>
<p><strong>Friggeboden 2-bäddsstuga</strong></p>
</div>
                </div>
            </div>
            
        </div>
    </div>
</section>

<section class="block-simple-text">
    <div class="main">
        <div class="main-inner">
            <div class="ingress text-darker"><h2>PRISER ÖVRIGT</h2>
</div>
            <div class="content"><p>Båtplatser                      Medlemmar 700 kr, Övriga 1200 kr</p>
<p>&nbsp;</p>
<p><strong>Rabatter</strong></p>
<p>Medlemmar i DHR Västeråsavdelningen (minst ett års medlemskap krävs) 30%.</p>
<p>Medlemmar i andra funktionshinderföreningar 10%</p>
<p>&nbsp;</p>
<p><strong>För att alla skall trivas har vi några regler som gäller för alla</strong></p>
<ul>
<li>Hyresgäst diskar och tömmer sopor.</li>
<li>Medtag sänglinne och handdukar.</li>
<li>Mellan klockan 22.00-07.00 iakttas tystnad på anläggningen.</li>
<li>Avbokning mindre än 4 veckor före ankomstdag debiteras helt eller delvis.</li>
</ul>
</div>
        </div>
    </div>
</section>

<section class="block-simple-text">
    <div class="main">
        <div class="main-inner">
            <div class="ingress text-darker"><h2>MER INFORMATION OCH BOKNING</h2>
</div>
            <div class="content"><p>Kontakta Mikael Ramqvist på telefon: 073 426 2431 eller mejla till vasteras@dhr.se</p>
<p>&nbsp;</p>
<p>Välkomna!</p>
</div>
        </div>
    </div>
</section>

<!-- This site is optimized with the Yoast SEO plugin v27.2 - https://yoast.com/product/yoast-seo-wordpress/ -->
<title>Uthyrning - DHR - Västerås</title>
<meta name="robots" content="index, follow, max-snippet:-1, max-image-preview:large, max-video-preview:-1" />
<link rel="canonical" href="https://dhr.se/vasteras/uthyrning/" />
<meta property="og:locale" content="sv_SE" />
<meta property="og:type" content="article" />
<meta property="og:title" content="Uthyrning - DHR - Västerås" />
<meta property="og:url" content="https://dhr.se/vasteras/uthyrning/" />
<meta property="og:site_name" content="DHR - Västerås" />
<meta property="article:modified_time" content="2025-07-04T05:15:15+00:00" />
<meta name="twitter:card" content="summary_large_image" />
<script type="application/ld+json" class="yoast-schema-graph">{"@context":"https://schema.org","@graph":[{"@type":"WebPage","@id":"https://dhr.se/vasteras/uthyrning/","url":"https://dhr.se/vasteras/uthyrning/","name":"Uthyrning - DHR - Västerås","isPartOf":{"@id":"https://dhr.se/vasteras/#website"},"datePublished":"2022-02-24T12:51:36+00:00","dateModified":"2025-07-04T05:15:15+00:00","breadcrumb":{"@id":"https://dhr.se/vasteras/uthyrning/#breadcrumb"},"inLanguage":"sv-SE","potentialAction":[{"@type":"ReadAction","target":["https://dhr.se/vasteras/uthyrning/"]}]},{"@type":"BreadcrumbList","@id":"https://dhr.se/vasteras/uthyrning/#breadcrumb","itemListElement":[{"@type":"ListItem","position":1,"name":"Hem","item":"https://dhr.se/vasteras/"},{"@type":"ListItem","position":2,"name":"Uthyrning"}]},{"@type":"WebSite","@id":"https://dhr.se/vasteras/#website","url":"https://dhr.se/vasteras/","name":"DHR - Västerås","description":"Delaktighet, rörelsefrihet och handlingskraft","potentialAction":[{"@type":"SearchAction","target":{"@type":"EntryPoint","urlTemplate":"https://dhr.se/vasteras/?s={search_term_string}"},"query-input":{"@type":"PropertyValueSpecification","valueRequired":true,"valueName":"search_term_string"}}],"inLanguage":"sv-SE"}]}</script>
<!-- / Yoast SEO plugin. -->

Uthyrning - DHR - Västerås

DHR - Västerås

Delaktighet, rörelsefrihet och handlingskraft
