{"id":1444,"date":"2019-10-10T19:53:29","date_gmt":"2019-10-10T17:53:29","guid":{"rendered":"http:\/\/dhr.se\/vastragotaland\/?page_id=1444"},"modified":"2024-06-20T12:02:49","modified_gmt":"2024-06-20T10:02:49","slug":"kontakt","status":"publish","type":"page","link":"https:\/\/dhr.se\/vastragotaland\/om-dhr-region-vastra-gotaland\/kontakt\/","title":{"rendered":"Kontakt"},"content":{"rendered":"<section class=\"block-hero\" style=\"background-image:url();\">\n\n<video autoplay loop playsinline muted loop>\n    <source src=\"\" type=\"video\/mp4\">\n    Your browser does not support HTML5 video.\n<\/video>\n\n<div class=\"overlay overlay-accent\"><\/div>\n    <div class=\"main\">\n        <div class=\"main-inner\">\n            <p class=\"small-title\"><\/p>\n            <h1>Kontakta oss<\/h1>\n            <p class=\"text\">Slottsskogsgatan 18<br \/>\r\n414 53  G\u00d6TEBORG<br \/>\r\nTelefon 031-45 20 00<br \/>\r\nE-post vastragotaland@dhr.se<\/p>\n\n\n            \n\n\n\n        <\/div>\n    <\/div>\n<\/section>\n\n<section class=\"block-one-two\">\n    <div class=\"main\">\n        <div class=\"main-inner\">\n        <h2><\/h2>\n\n            <div class=\"flex-container\">\n                <div class=\"col-small\">\n                    <div class=\"content\"><\/div>\n                <\/div>\n                <div class=\"col-big\">\n                    <div class=\"content\"><\/div>\n                <\/div>\n            <\/div>\n            \n        <\/div>\n    <\/div>\n<\/section>\n\n<section class=\"block-contact-info\">\n    <div class=\"main\">\n        <div class=\"main-inner\">\n            <h2><\/h2>\n\n            <div class=\"flex-container\">\n                <div class=\"col\">\n                    <p><strong>Robert Kindberg<br \/>\nOrdf\u00f6rande<\/strong><\/p>\n<p>tel: 0768-75 25 11<br \/>\n<a href=\"mailto:robert.kindberg@dhr.se\">robert.kindberg@dhr.se<\/a><\/p>\n<p>Kontors och Telefontid<br \/>\nHelgfria m\u00e5ndagar mellan 11:00-15:00<\/p>\n<p>&nbsp;<\/p>\n<p>&nbsp;<\/p>\n<p>&nbsp;<\/p>\n                <\/div>\n                <div class=\"col\">\n                    <p><strong>Marianne Enoksson<br \/>\n<\/strong><strong>Ekonomi<\/strong><\/p>\n<p>tel:070-536 76 63<br \/>\n<a href=\"mailto:marianne.enoksson@dhr.se\">marianne.enoksson@dhr.se<\/a><\/p>\n<p>Kontors och Telefontid<br \/>\nHelgfria m\u00e5ndagar mellan 11:00-15:00<\/p>\n                <\/div>\n                <div class=\"col\">\n                                    <\/div>\n                <div class=\"col\">\n                                    <\/div>\n            <\/div>\n        <\/div>\n    <\/div>\n<\/section>\n\n<section class=\"block-contact-info\">\n    <div class=\"main\">\n        <div class=\"main-inner\">\n            <h2>Styrelsen<\/h2>\n\n            <div class=\"flex-container\">\n                <div class=\"col\">\n                    <p><strong>Robert Kindberg<br \/>\nOrdf\u00f6rande<\/strong><\/p>\n<p>tel:0768-75 25 11<br \/>\n<a href=\"mailto:robert.kindberg@dhr.se\">robert.kindberg@dhr.se<\/a><\/p>\n<p>&nbsp;<\/p>\n                <\/div>\n                <div class=\"col\">\n                    <p><strong>Ledam\u00f6ter<\/strong><\/p>\n<p>Marianne Enoksson<br \/>\n<a href=\"mailto:marianne.enoksson@dhr.se\">marianne.enoksson@dhr.se<\/a><\/p>\n<p>Jan Ambecker<br \/>\n<a href=\"mailto:jan.ambecker@dhr.se\">jan.ambecker@dhr.se<\/a><\/p>\n<p style=\"text-align: left\">Max Forsstr\u00f6m<br \/>\n<a href=\"mailto:max.forsstrom@dhr.se\">max.forsstrom@dhr.se<\/a><\/p>\n<p>Mikael Hareg\u00e5rd<br \/>\n<a href=\"mailto:m.haregard@gmail.com\">m.haregard@gmail.com<\/a><\/p>\n<p>Anne-Marie Karlsson<br \/>\n<a href=\"mailto:ann-marie.karlsson@dhr.se\">ann-marie.karlsson@dhr.se<\/a><\/p>\n<p>Linus Edlundh<br \/>\n<a href=\"mailto:linus.edlundh@dhr.se\">linus.edlundh@dhr.se<\/a><\/p>\n<p>Karin S\u00f6ljemo<br \/>\n<a href=\"mailto:karin.soljemo@dhr.se\">karin.soljemo@dhr.se<\/a><\/p>\n<p>&nbsp;<\/p>\n<p>&nbsp;<\/p>\n                <\/div>\n                <div class=\"col\">\n                    <p><strong>Revisorer<\/strong><br \/>\nJoakim Berlin<br \/>\nLouise \u00c5senfors<\/p>\n<p>&nbsp;<\/p>\n                <\/div>\n                <div class=\"col\">\n                    <p><strong>Valberedning<\/strong><\/p>\n<p>Cecilia Solberg<br \/>\n<a href=\"mailto:cecilasolberg@hotmail.com\">cecilasolberg@hotmail.com<\/a><br \/>\nKrister Frank<br \/>\n<a href=\"mailto:krister.frank@dhr.se\">krister.frank@dhr.se<\/a><\/p>\n                <\/div>\n            <\/div>\n        <\/div>\n    <\/div>\n<\/section>","protected":false},"excerpt":{"rendered":"","protected":false},"author":5,"featured_media":0,"parent":936,"menu_order":0,"comment_status":"closed","ping_status":"closed","template":"","meta":{"_acf_changed":false,"_monsterinsights_skip_tracking":false,"_monsterinsights_sitenote_active":false,"_monsterinsights_sitenote_note":"","_monsterinsights_sitenote_category":0,"footnotes":""},"class_list":["post-1444","page","type-page","status-publish","hentry"],"acf":[],"yoast_head":"<!-- This site is optimized with the Yoast SEO plugin v27.2 - https:\/\/yoast.com\/product\/yoast-seo-wordpress\/ -->\n<title>Kontakt - DHR - V\u00e4stra G\u00f6taland<\/title>\n<meta name=\"description\" content=\"Telefontid \u00e4r m\u00e5ndagar 11:00 - 15:00Telefon: 031-45 20 00 Kansliet \u00e4r bemannat m\u00e5ndagar 10-16V\u00e5r adress \u00e4r: Slottsskogsgatan 12 414 53 G\u00f6teborg E-post vastragotaland@dhr.seVid br\u00e5dskande \u00e4renden, kontakta: Ordf\u00f6randen Mohammed Jaber Tel. 0733-14 51 45E-post: mohammed.jaber@dhr.se\" \/>\n<meta name=\"robots\" content=\"index, follow, max-snippet:-1, max-image-preview:large, max-video-preview:-1\" \/>\n<link rel=\"canonical\" href=\"https:\/\/dhr.se\/vastragotaland\/om-dhr-region-vastra-gotaland\/kontakt\/\" \/>\n<meta property=\"og:locale\" content=\"sv_SE\" \/>\n<meta property=\"og:type\" content=\"article\" \/>\n<meta property=\"og:title\" content=\"Kontakt - DHR - V\u00e4stra G\u00f6taland\" \/>\n<meta property=\"og:description\" content=\"Telefontid \u00e4r m\u00e5ndagar 11:00 - 15:00Telefon: 031-45 20 00 Kansliet \u00e4r bemannat m\u00e5ndagar 10-16V\u00e5r adress \u00e4r: Slottsskogsgatan 12 414 53 G\u00f6teborg E-post vastragotaland@dhr.seVid br\u00e5dskande \u00e4renden, kontakta: Ordf\u00f6randen Mohammed Jaber Tel. 0733-14 51 45E-post: mohammed.jaber@dhr.se\" \/>\n<meta property=\"og:url\" content=\"https:\/\/dhr.se\/vastragotaland\/om-dhr-region-vastra-gotaland\/kontakt\/\" \/>\n<meta property=\"og:site_name\" content=\"DHR - V\u00e4stra G\u00f6taland\" \/>\n<meta property=\"article:modified_time\" content=\"2024-06-20T10:02:49+00:00\" \/>\n<meta name=\"twitter:card\" content=\"summary_large_image\" \/>\n<script type=\"application\/ld+json\" class=\"yoast-schema-graph\">{\"@context\":\"https:\/\/schema.org\",\"@graph\":[{\"@type\":\"WebPage\",\"@id\":\"https:\/\/dhr.se\/vastragotaland\/om-dhr-region-vastra-gotaland\/kontakt\/\",\"url\":\"https:\/\/dhr.se\/vastragotaland\/om-dhr-region-vastra-gotaland\/kontakt\/\",\"name\":\"Kontakt - DHR - V\u00e4stra G\u00f6taland\",\"isPartOf\":{\"@id\":\"https:\/\/dhr.se\/vastragotaland\/#website\"},\"datePublished\":\"2019-10-10T17:53:29+00:00\",\"dateModified\":\"2024-06-20T10:02:49+00:00\",\"description\":\"Telefontid \u00e4r m\u00e5ndagar 11:00 - 15:00Telefon: 031-45 20 00 Kansliet \u00e4r bemannat m\u00e5ndagar 10-16V\u00e5r adress \u00e4r: Slottsskogsgatan 12 414 53 G\u00f6teborg E-post vastragotaland@dhr.seVid br\u00e5dskande \u00e4renden, kontakta: Ordf\u00f6randen Mohammed Jaber Tel. 0733-14 51 45E-post: mohammed.jaber@dhr.se\",\"breadcrumb\":{\"@id\":\"https:\/\/dhr.se\/vastragotaland\/om-dhr-region-vastra-gotaland\/kontakt\/#breadcrumb\"},\"inLanguage\":\"sv-SE\",\"potentialAction\":[{\"@type\":\"ReadAction\",\"target\":[\"https:\/\/dhr.se\/vastragotaland\/om-dhr-region-vastra-gotaland\/kontakt\/\"]}]},{\"@type\":\"BreadcrumbList\",\"@id\":\"https:\/\/dhr.se\/vastragotaland\/om-dhr-region-vastra-gotaland\/kontakt\/#breadcrumb\",\"itemListElement\":[{\"@type\":\"ListItem\",\"position\":1,\"name\":\"Hem\",\"item\":\"https:\/\/dhr.se\/vastragotaland\/\"},{\"@type\":\"ListItem\",\"position\":2,\"name\":\"Om DHR Region V\u00e4stra G\u00f6taland\",\"item\":\"https:\/\/dhr.se\/vastragotaland\/om-dhr-region-vastra-gotaland\/\"},{\"@type\":\"ListItem\",\"position\":3,\"name\":\"Kontakt\"}]},{\"@type\":\"WebSite\",\"@id\":\"https:\/\/dhr.se\/vastragotaland\/#website\",\"url\":\"https:\/\/dhr.se\/vastragotaland\/\",\"name\":\"DHR - V\u00e4stra G\u00f6taland\",\"description\":\"Delaktighet, r\u00f6relsefrihet och handlingskraft\",\"publisher\":{\"@id\":\"https:\/\/dhr.se\/vastragotaland\/#organization\"},\"potentialAction\":[{\"@type\":\"SearchAction\",\"target\":{\"@type\":\"EntryPoint\",\"urlTemplate\":\"https:\/\/dhr.se\/vastragotaland\/?s={search_term_string}\"},\"query-input\":{\"@type\":\"PropertyValueSpecification\",\"valueRequired\":true,\"valueName\":\"search_term_string\"}}],\"inLanguage\":\"sv-SE\"},{\"@type\":\"Organization\",\"@id\":\"https:\/\/dhr.se\/vastragotaland\/#organization\",\"name\":\"DHR - V\u00e4stra G\u00f6taland\",\"url\":\"https:\/\/dhr.se\/vastragotaland\/\",\"logo\":{\"@type\":\"ImageObject\",\"inLanguage\":\"sv-SE\",\"@id\":\"https:\/\/dhr.se\/vastragotaland\/#\/schema\/logo\/image\/\",\"url\":\"https:\/\/dhr.se\/vastragotaland\/wp-content\/uploads\/sites\/10\/2021\/01\/cropped-39948884_2680559575303589_6596788751240790016_n.jpg\",\"contentUrl\":\"https:\/\/dhr.se\/vastragotaland\/wp-content\/uploads\/sites\/10\/2021\/01\/cropped-39948884_2680559575303589_6596788751240790016_n.jpg\",\"width\":520,\"height\":408,\"caption\":\"DHR - V\u00e4stra G\u00f6taland\"},\"image\":{\"@id\":\"https:\/\/dhr.se\/vastragotaland\/#\/schema\/logo\/image\/\"}}]}<\/script>\n<!-- \/ Yoast SEO plugin. -->","yoast_head_json":{"title":"Kontakt - DHR - V\u00e4stra G\u00f6taland","description":"Telefontid \u00e4r m\u00e5ndagar 11:00 - 15:00Telefon: 031-45 20 00 Kansliet \u00e4r bemannat m\u00e5ndagar 10-16V\u00e5r adress \u00e4r: Slottsskogsgatan 12 414 53 G\u00f6teborg E-post vastragotaland@dhr.seVid br\u00e5dskande \u00e4renden, kontakta: Ordf\u00f6randen Mohammed Jaber Tel. 0733-14 51 45E-post: mohammed.jaber@dhr.se","robots":{"index":"index","follow":"follow","max-snippet":"max-snippet:-1","max-image-preview":"max-image-preview:large","max-video-preview":"max-video-preview:-1"},"canonical":"https:\/\/dhr.se\/vastragotaland\/om-dhr-region-vastra-gotaland\/kontakt\/","og_locale":"sv_SE","og_type":"article","og_title":"Kontakt - DHR - V\u00e4stra G\u00f6taland","og_description":"Telefontid \u00e4r m\u00e5ndagar 11:00 - 15:00Telefon: 031-45 20 00 Kansliet \u00e4r bemannat m\u00e5ndagar 10-16V\u00e5r adress \u00e4r: Slottsskogsgatan 12 414 53 G\u00f6teborg E-post vastragotaland@dhr.seVid br\u00e5dskande \u00e4renden, kontakta: Ordf\u00f6randen Mohammed Jaber Tel. 0733-14 51 45E-post: mohammed.jaber@dhr.se","og_url":"https:\/\/dhr.se\/vastragotaland\/om-dhr-region-vastra-gotaland\/kontakt\/","og_site_name":"DHR - V\u00e4stra G\u00f6taland","article_modified_time":"2024-06-20T10:02:49+00:00","twitter_card":"summary_large_image","schema":{"@context":"https:\/\/schema.org","@graph":[{"@type":"WebPage","@id":"https:\/\/dhr.se\/vastragotaland\/om-dhr-region-vastra-gotaland\/kontakt\/","url":"https:\/\/dhr.se\/vastragotaland\/om-dhr-region-vastra-gotaland\/kontakt\/","name":"Kontakt - DHR - V\u00e4stra G\u00f6taland","isPartOf":{"@id":"https:\/\/dhr.se\/vastragotaland\/#website"},"datePublished":"2019-10-10T17:53:29+00:00","dateModified":"2024-06-20T10:02:49+00:00","description":"Telefontid \u00e4r m\u00e5ndagar 11:00 - 15:00Telefon: 031-45 20 00 Kansliet \u00e4r bemannat m\u00e5ndagar 10-16V\u00e5r adress \u00e4r: Slottsskogsgatan 12 414 53 G\u00f6teborg E-post vastragotaland@dhr.seVid br\u00e5dskande \u00e4renden, kontakta: Ordf\u00f6randen Mohammed Jaber Tel. 0733-14 51 45E-post: mohammed.jaber@dhr.se","breadcrumb":{"@id":"https:\/\/dhr.se\/vastragotaland\/om-dhr-region-vastra-gotaland\/kontakt\/#breadcrumb"},"inLanguage":"sv-SE","potentialAction":[{"@type":"ReadAction","target":["https:\/\/dhr.se\/vastragotaland\/om-dhr-region-vastra-gotaland\/kontakt\/"]}]},{"@type":"BreadcrumbList","@id":"https:\/\/dhr.se\/vastragotaland\/om-dhr-region-vastra-gotaland\/kontakt\/#breadcrumb","itemListElement":[{"@type":"ListItem","position":1,"name":"Hem","item":"https:\/\/dhr.se\/vastragotaland\/"},{"@type":"ListItem","position":2,"name":"Om DHR Region V\u00e4stra G\u00f6taland","item":"https:\/\/dhr.se\/vastragotaland\/om-dhr-region-vastra-gotaland\/"},{"@type":"ListItem","position":3,"name":"Kontakt"}]},{"@type":"WebSite","@id":"https:\/\/dhr.se\/vastragotaland\/#website","url":"https:\/\/dhr.se\/vastragotaland\/","name":"DHR - V\u00e4stra G\u00f6taland","description":"Delaktighet, r\u00f6relsefrihet och handlingskraft","publisher":{"@id":"https:\/\/dhr.se\/vastragotaland\/#organization"},"potentialAction":[{"@type":"SearchAction","target":{"@type":"EntryPoint","urlTemplate":"https:\/\/dhr.se\/vastragotaland\/?s={search_term_string}"},"query-input":{"@type":"PropertyValueSpecification","valueRequired":true,"valueName":"search_term_string"}}],"inLanguage":"sv-SE"},{"@type":"Organization","@id":"https:\/\/dhr.se\/vastragotaland\/#organization","name":"DHR - V\u00e4stra G\u00f6taland","url":"https:\/\/dhr.se\/vastragotaland\/","logo":{"@type":"ImageObject","inLanguage":"sv-SE","@id":"https:\/\/dhr.se\/vastragotaland\/#\/schema\/logo\/image\/","url":"https:\/\/dhr.se\/vastragotaland\/wp-content\/uploads\/sites\/10\/2021\/01\/cropped-39948884_2680559575303589_6596788751240790016_n.jpg","contentUrl":"https:\/\/dhr.se\/vastragotaland\/wp-content\/uploads\/sites\/10\/2021\/01\/cropped-39948884_2680559575303589_6596788751240790016_n.jpg","width":520,"height":408,"caption":"DHR - V\u00e4stra G\u00f6taland"},"image":{"@id":"https:\/\/dhr.se\/vastragotaland\/#\/schema\/logo\/image\/"}}]}},"publishpress_future_workflow_manual_trigger":{"enabledWorkflows":[]},"_links":{"self":[{"href":"https:\/\/dhr.se\/vastragotaland\/wp-json\/wp\/v2\/pages\/1444","targetHints":{"allow":["GET"]}}],"collection":[{"href":"https:\/\/dhr.se\/vastragotaland\/wp-json\/wp\/v2\/pages"}],"about":[{"href":"https:\/\/dhr.se\/vastragotaland\/wp-json\/wp\/v2\/types\/page"}],"author":[{"embeddable":true,"href":"https:\/\/dhr.se\/vastragotaland\/wp-json\/wp\/v2\/users\/5"}],"replies":[{"embeddable":true,"href":"https:\/\/dhr.se\/vastragotaland\/wp-json\/wp\/v2\/comments?post=1444"}],"version-history":[{"count":0,"href":"https:\/\/dhr.se\/vastragotaland\/wp-json\/wp\/v2\/pages\/1444\/revisions"}],"up":[{"embeddable":true,"href":"https:\/\/dhr.se\/vastragotaland\/wp-json\/wp\/v2\/pages\/936"}],"wp:attachment":[{"href":"https:\/\/dhr.se\/vastragotaland\/wp-json\/wp\/v2\/media?parent=1444"}],"curies":[{"name":"wp","href":"https:\/\/api.w.org\/{rel}","templated":true}]}}